NOAA-style Climate Reports

- as reported from this site (LasCruces-Weather.com) beginning 04-03-07

2023: Jan | Feb | Mar | Apr | May | Jun | Jul | Aug | Sep | Oct | Nov | Dec 
2022: Jan | Feb | Mar | Apr | May | Jun | Jul | Aug | Sep | Oct | Nov | Dec 
2021: Jan | Feb | Mar | Apr | May | Jun | Jul | Aug | Sep | Oct | Nov | Dec 
2020: Jan | Feb | Mar | Apr | May | Jun | Jul | Aug | Sep | Oct | Nov | Dec 
2019: Jan | Feb | Mar | Apr | May | Jun | Jul | Aug | Sep | Oct | Nov | Dec 
2018: Jan | Feb | Mar | Apr | May | Jun | Jul | Aug | Sep | Oct | Nov | Dec 
2017: Jan | Feb | Mar | Apr | May | Jun | Jul | Aug | Sep | Oct | Nov | Dec 
2016: Jan | Feb | Mar | Apr | May | Jun | Jul | Aug | Sep | Oct | Nov | Dec 
2015: Jan | Feb | Mar | Apr | May | Jun | Jul | Aug | Sep | Oct | Nov | Dec 
2014: Jan | Feb | Mar | Apr | May | Jun | Jul | Aug | Sep | Oct | Nov | Dec 
2013: Jan | Feb | Mar | Apr | May | Jun | Jul | Aug | Sep | Oct | Nov | Dec 
2012: Jan | Feb | Mar | Apr | May | Jun | Jul | Aug | Sep | Oct | Nov | Dec 
2011: Jan | Feb | Mar | Apr | May | Jun | Jul | Aug | Sep | Oct | Nov | Dec 
2010: Jan | Feb | Mar | Apr | May | Jun | Jul | Aug | Sep | Oct | Nov | Dec 
2009: Jan | Feb | Mar | Apr | May | Jun | Jul | Aug | Sep | Oct | Nov | Dec 
2008: Jan | Feb | Mar | Apr | May | Jun | Jul | Aug | Sep | Oct | Nov | Dec 
2007: Jan | Feb | Mar | Apr | May | Jun | Jul | Aug | Sep | Oct | Nov | Dec 

Report for 2017 04
MONTHLY CLIMATOLOGICAL SUMMARY for APR. 2017 NAME: C32 CITY: Las Cruces|East Mesa STATE: NM ELEV: 4474 ft LAT: 32 24' 08" N LONG: 106 41' 01" W TEMPERATURE (F), RAIN (in), WIND SPEED (mph) HEAT COOL AVG MEAN DEG DEG WIND DOM DAY TEMP HIGH TIME LOW TIME DAYS DAYS RAIN SPEED HIGH TIME DIR ------------------------------------------------------------------------------------ 1 53.2 64.0 4:45p 44.6 3:50a 11.8 0.0 0.00 2.5 16.0 2:35p NNE 2 54.9 68.4 5:05p 37.2 7:20a 10.4 0.3 0.00 5.3 20.0 12:40p N 3 63.0 74.6 3:35p 48.8 7:00a 4.7 2.7 0.00 5.4 27.0 4:00p WSW 4 59.6 69.9 4:00p 47.6 11:35p 6.2 0.8 0.00 6.5 29.0 9:30a W 5 54.7 69.9 5:45p 37.4 7:20a 11.1 0.8 0.00 2.7 14.0 1:25a NE 6 60.5 78.8 3:55p 38.4 7:20a 8.6 4.0 0.00 1.5 27.0 1:15p ESE 7 68.1 85.5 4:05p 47.7 7:05a 4.3 7.4 0.00 3.1 21.0 2:40p WSW 8 70.0 83.8 5:10p 52.5 7:05a 2.2 7.3 0.00 4.5 30.0 3:15p WSW 9 65.8 76.6 2:20p 53.1 5:45a 2.7 3.5 0.00 6.0 30.0 11:55a WSW 10 63.1 78.5 5:20p 44.9 6:40a 5.9 4.0 0.00 1.5 14.0 2:55p E 11 67.0 83.9 3:50p 43.3 7:05a 5.3 7.3 0.00 2.2 20.0 4:35p E 12 72.8 86.4 3:45p 61.7 7:20a 0.2 8.0 0.00 4.5 25.0 8:00p E 13 67.8 83.9 3:45p 48.3 6:40a 3.8 6.6 0.00 2.2 29.0 5:20p SSW 14 72.2 85.8 4:25p 59.3 7:30a 0.9 8.1 0.00 3.7 24.0 4:35p SW 15 70.3 84.6 4:10p 53.3 6:35a 2.2 7.5 0.00 2.8 20.0 3:50p WSW 16 67.7 85.7 4:10p 47.3 5:55a 4.6 7.4 0.00 2.6 17.0 3:55p SE 17 69.2 87.3 3:50p 47.6 6:50a 3.8 8.0 0.00 2.0 16.0 4:25p SE 18 71.0 86.9 2:55p 52.1 6:50a 2.8 8.8 0.00 3.5 21.0 1:30p WSW 19 72.2 86.9 2:40p 52.2 6:25a 1.8 9.1 0.00 3.9 26.0 5:20p WSW 20 72.3 88.8 2:35p 55.1 6:20a 2.4 9.7 0.00 3.6 23.0 1:45p E 21 70.2 87.1 5:25p 48.8 6:40a 3.5 8.7 0.00 4.2 24.0 6:20p WSW 22 66.2 80.0 4:20p 51.3 7:10a 2.9 4.0 0.00 3.8 26.0 10:05p E 23 67.3 81.6 5:10p 49.6 7:00a 3.2 5.5 0.00 4.6 29.0 1:35a S 24 74.8 86.5 3:05p 60.6 6:15a 0.5 10.3 0.00 7.9 30.0 3:35p WSW 25 70.8 78.4 4:30p 59.4 12:00m 0.2 6.1 0.00 11.2 40.0 3:35p W 26 63.5 77.4 4:55p 47.9 6:45a 5.1 3.6 0.00 5.3 25.0 5:15p WSW 27 72.2 83.1 4:15p 59.5 5:45a 0.8 8.0 0.00 10.3 38.0 5:40p WSW 28 70.1 79.4 3:55p 50.6 12:00m 0.7 5.9 0.00 10.0 31.0 3:10p WSW 29 49.4 58.1 5:10p 42.2 12:00m 15.6 0.0 0.17 5.3 33.0 2:05p NE 30 56.5 74.8 6:00p 35.1 6:40a 10.6 2.2 0.00 3.6 24.0 1:45p WSW ------------------------------------------------------------------------------------- 65.9 88.8 20 35.1 30 138.8 165.6 0.17 4.5 40.0 25 WSW Max >= 90.0: 0 Max <= 32.0: 0 Min <= 32.0: 0 Min <= 0.0: 0 Max Rain: 0.17 ON 04/29/17 Days of Rain: 1 (>.01 in) 1 (>.1 in) 0 (>1 in) Heat Base: 65.0 Cool Base: 65.0 Method: Integration