NOAA-style Climate Reports

- as reported from this site (LasCruces-Weather.com) beginning 04-03-07

2023: Jan | Feb | Mar | Apr | May | Jun | Jul | Aug | Sep | Oct | Nov | Dec 
2022: Jan | Feb | Mar | Apr | May | Jun | Jul | Aug | Sep | Oct | Nov | Dec 
2021: Jan | Feb | Mar | Apr | May | Jun | Jul | Aug | Sep | Oct | Nov | Dec 
2020: Jan | Feb | Mar | Apr | May | Jun | Jul | Aug | Sep | Oct | Nov | Dec 
2019: Jan | Feb | Mar | Apr | May | Jun | Jul | Aug | Sep | Oct | Nov | Dec 
2018: Jan | Feb | Mar | Apr | May | Jun | Jul | Aug | Sep | Oct | Nov | Dec 
2017: Jan | Feb | Mar | Apr | May | Jun | Jul | Aug | Sep | Oct | Nov | Dec 
2016: Jan | Feb | Mar | Apr | May | Jun | Jul | Aug | Sep | Oct | Nov | Dec 
2015: Jan | Feb | Mar | Apr | May | Jun | Jul | Aug | Sep | Oct | Nov | Dec 
2014: Jan | Feb | Mar | Apr | May | Jun | Jul | Aug | Sep | Oct | Nov | Dec 
2013: Jan | Feb | Mar | Apr | May | Jun | Jul | Aug | Sep | Oct | Nov | Dec 
2012: Jan | Feb | Mar | Apr | May | Jun | Jul | Aug | Sep | Oct | Nov | Dec 
2011: Jan | Feb | Mar | Apr | May | Jun | Jul | Aug | Sep | Oct | Nov | Dec 
2010: Jan | Feb | Mar | Apr | May | Jun | Jul | Aug | Sep | Oct | Nov | Dec 
2009: Jan | Feb | Mar | Apr | May | Jun | Jul | Aug | Sep | Oct | Nov | Dec 
2008: Jan | Feb | Mar | Apr | May | Jun | Jul | Aug | Sep | Oct | Nov | Dec 
2007: Jan | Feb | Mar | Apr | May | Jun | Jul | Aug | Sep | Oct | Nov | Dec 

Report for 2017 03
MONTHLY CLIMATOLOGICAL SUMMARY for MAR. 2017 NAME: C32 CITY: Las Cruces|East Mesa STATE: NM ELEV: 4474 ft LAT: 32 24' 08" N LONG: 106 41' 01" W TEMPERATURE (F), RAIN (in), WIND SPEED (mph) HEAT COOL AVG MEAN DEG DEG WIND DOM DAY TEMP HIGH TIME LOW TIME DAYS DAYS RAIN SPEED HIGH TIME DIR ------------------------------------------------------------------------------------ 1 49.4 63.0 4:20p 34.9 7:05a 15.6 0.0 0.00 2.0 12.0 9:55a N 2 49.9 66.6 4:00p 32.6 6:45a 15.2 0.0 0.00 4.5 18.0 10:40a NE 3 51.1 60.5 4:05p 42.7 6:55a 13.9 0.0 0.00 1.0 15.0 12:45a ESE 4 56.6 72.5 3:00p 40.7 3:45a 10.0 1.5 0.00 2.4 16.0 3:00p WSW 5 61.8 72.2 1:55p 50.2 6:35a 5.1 1.9 0.00 4.7 24.0 12:50p SW 6 59.5 69.5 3:20p 51.1 11:15p 6.2 0.7 0.00 7.0 31.0 1:50p WSW 7 54.1 71.1 4:00p 36.2 6:50a 11.9 0.9 0.00 1.6 11.0 2:40p ESE 8 56.8 76.8 3:20p 36.3 4:15a 11.3 3.1 0.00 1.9 14.0 7:25a NNE 9 61.9 80.5 3:30p 42.8 5:15a 7.2 4.2 0.00 1.8 14.0 2:15p SE 10 64.2 82.0 1:35p 46.0 4:55a 6.0 5.1 0.00 2.3 18.0 4:05p NE 11 65.3 79.4 2:45p 46.3 6:00a 4.0 4.3 0.00 1.6 19.0 11:55p E 12 61.3 76.2 5:15p 42.0 7:55a 6.1 2.6 0.00 3.0 22.0 5:45p WSW 13 60.6 74.3 4:05p 46.9 7:55a 6.5 2.1 0.00 1.8 16.0 4:40p NE 14 64.4 82.1 4:35p 45.8 7:35a 5.8 5.1 0.00 1.7 18.0 1:35p E 15 65.2 83.6 4:15p 46.6 7:35a 5.4 5.5 0.00 2.2 14.0 3:05p WSW 16 66.8 82.7 4:00p 48.5 6:05a 3.6 5.4 0.00 2.3 19.0 3:05p WSW 17 66.3 84.1 3:55p 49.5 5:20a 4.7 6.0 0.00 1.6 14.0 5:05p ESE 18 69.4 86.3 4:25p 49.0 7:45a 3.0 7.3 0.00 1.9 15.0 1:50p ESE 19 70.0 86.8 4:15p 50.4 6:00a 3.3 8.2 0.00 1.3 13.0 11:15a SE 20 68.9 85.7 4:00p 49.9 7:20a 3.1 7.0 0.00 1.8 14.0 2:50p SW 21 70.1 86.8 3:30p 52.5 6:25a 2.9 8.0 0.00 1.9 21.0 2:35p SE 22 71.7 87.9 3:45p 55.0 6:30a 2.2 8.9 0.00 3.0 24.0 4:20p SE 23 61.5 74.6 1:45p 47.9 12:00m 4.7 1.2 0.00 8.5 43.0 5:05p W 24 57.3 73.7 4:10p 43.0 7:15a 9.2 1.5 0.00 6.4 24.0 6:25p WSW 25 61.6 78.1 5:10p 40.4 7:10a 7.2 3.8 0.00 3.3 22.0 12:35p SW 26 62.1 73.1 3:50p 47.2 6:50a 4.7 1.7 0.00 5.1 25.0 12:35p WSW 27 64.0 77.6 4:55p 49.2 6:45a 5.2 4.2 0.00 4.4 20.0 3:05p SW 28 56.2 66.4 12:05a 46.3 5:25p 8.9 0.0 0.01 5.8 32.0 6:30p WSW 29 54.8 67.6 5:25p 44.8 2:55a 10.3 0.1 0.00 3.5 23.0 7:35p NNE 30 60.8 77.7 5:05p 42.4 5:30a 7.9 3.7 0.00 4.3 23.0 4:30p SW 31 62.3 72.5 11:45a 47.3 11:55p 4.2 1.5 0.00 8.5 36.0 11:50a S ------------------------------------------------------------------------------------- 61.5 87.9 22 32.6 2 215.3 105.5 0.01 3.3 43.0 23 WSW Max >= 90.0: 0 Max <= 32.0: 0 Min <= 32.0: 0 Min <= 0.0: 0 Max Rain: 0.01 ON 03/28/17 Days of Rain: 0 (>.01 in) 0 (>.1 in) 0 (>1 in) Heat Base: 65.0 Cool Base: 65.0 Method: Integration