NOAA-style Climate Reports

- as reported from this site (LasCruces-Weather.com) beginning 04-03-07

2023: Jan | Feb | Mar | Apr | May | Jun | Jul | Aug | Sep | Oct | Nov | Dec 
2022: Jan | Feb | Mar | Apr | May | Jun | Jul | Aug | Sep | Oct | Nov | Dec 
2021: Jan | Feb | Mar | Apr | May | Jun | Jul | Aug | Sep | Oct | Nov | Dec 
2020: Jan | Feb | Mar | Apr | May | Jun | Jul | Aug | Sep | Oct | Nov | Dec 
2019: Jan | Feb | Mar | Apr | May | Jun | Jul | Aug | Sep | Oct | Nov | Dec 
2018: Jan | Feb | Mar | Apr | May | Jun | Jul | Aug | Sep | Oct | Nov | Dec 
2017: Jan | Feb | Mar | Apr | May | Jun | Jul | Aug | Sep | Oct | Nov | Dec 
2016: Jan | Feb | Mar | Apr | May | Jun | Jul | Aug | Sep | Oct | Nov | Dec 
2015: Jan | Feb | Mar | Apr | May | Jun | Jul | Aug | Sep | Oct | Nov | Dec 
2014: Jan | Feb | Mar | Apr | May | Jun | Jul | Aug | Sep | Oct | Nov | Dec 
2013: Jan | Feb | Mar | Apr | May | Jun | Jul | Aug | Sep | Oct | Nov | Dec 
2012: Jan | Feb | Mar | Apr | May | Jun | Jul | Aug | Sep | Oct | Nov | Dec 
2011: Jan | Feb | Mar | Apr | May | Jun | Jul | Aug | Sep | Oct | Nov | Dec 
2010: Jan | Feb | Mar | Apr | May | Jun | Jul | Aug | Sep | Oct | Nov | Dec 
2009: Jan | Feb | Mar | Apr | May | Jun | Jul | Aug | Sep | Oct | Nov | Dec 
2008: Jan | Feb | Mar | Apr | May | Jun | Jul | Aug | Sep | Oct | Nov | Dec 
2007: Jan | Feb | Mar | Apr | May | Jun | Jul | Aug | Sep | Oct | Nov | Dec 

Report for 2017 02
MONTHLY CLIMATOLOGICAL SUMMARY for FEB. 2017 NAME: C32 CITY: Las Cruces|East Mesa STATE: NM ELEV: 4474 ft LAT: 32 24' 08" N LONG: 106 41' 01" W TEMPERATURE (F), RAIN (in), WIND SPEED (mph) HEAT COOL AVG MEAN DEG DEG WIND DOM DAY TEMP HIGH TIME LOW TIME DAYS DAYS RAIN SPEED HIGH TIME DIR ------------------------------------------------------------------------------------ 1 50.9 69.2 4:30p 34.4 7:35a 14.6 0.5 0.00 1.4 11.0 10:05a SE 2 52.8 67.5 3:15p 35.2 7:40a 12.5 0.2 0.00 2.9 19.0 3:50p SE 3 53.5 70.2 2:55p 36.8 6:45a 12.1 0.6 0.00 1.7 15.0 2:40p SE 4 53.4 70.5 3:10p 39.4 6:40a 12.5 0.9 0.00 2.3 15.0 3:05p ESE 5 54.5 70.8 2:35p 36.8 7:25a 11.6 1.1 0.00 2.6 18.0 2:20p SE 6 56.0 64.8 2:05p 47.9 7:30a 9.0 0.0 0.00 4.5 25.0 2:55p S 7 56.1 66.1 1:40p 47.5 4:20a 9.0 0.1 0.00 6.1 31.0 4:00p SW 8 55.8 72.5 4:10p 43.4 7:25a 10.4 1.2 0.00 1.2 12.0 1:20p E 9 57.8 75.7 4:05p 42.1 7:00a 9.3 2.1 0.00 1.2 12.0 3:20p ESE 10 62.5 80.2 4:20p 42.5 5:35a 6.8 4.3 0.00 2.4 18.0 4:25p SW 11 65.9 79.0 3:50p 52.3 7:30a 3.5 4.4 0.00 3.8 21.0 4:45p WSW 12 56.1 66.0 11:55a 44.1 12:00m 8.9 0.0 0.21 6.9 40.0 4:10p ESE 13 43.1 46.4 2:00p 39.7 10:45a 21.9 0.0 0.15 3.8 20.0 12:35a N 14 43.8 51.3 2:30p 39.0 12:00m 21.2 0.0 0.00 2.6 13.0 11:30a N 15 43.4 55.3 3:40p 32.8 6:35a 21.6 0.0 0.00 0.8 10.0 1:55p SE 16 46.7 60.2 3:25p 33.4 7:25a 18.3 0.0 0.00 2.0 18.0 12:25p SE 17 52.5 64.4 12:55p 42.9 2:05a 12.5 0.0 0.00 4.6 23.0 1:45p S 18 53.7 63.8 4:15p 43.2 5:45a 11.3 0.0 0.00 2.4 32.0 9:00p E 19 48.1 55.1 1:05p 39.8 7:10a 16.9 0.0 0.07 4.9 19.0 12:40p WSW 20 50.7 64.0 3:40p 38.1 5:40a 14.3 0.0 0.00 2.1 14.0 12:00p SSE 21 56.2 72.5 3:35p 38.9 5:45a 10.1 1.3 0.00 1.9 11.0 2:10p N 22 60.7 76.5 3:00p 44.0 7:15a 7.2 2.9 0.00 2.3 17.0 2:15p SW 23 57.7 65.9 2:15p 48.3 12:00m 7.4 0.1 0.00 8.8 37.0 2:30p WSW 24 48.3 57.9 3:25p 37.7 5:10a 16.7 0.0 0.00 7.1 30.0 3:35p WSW 25 49.4 61.8 3:20p 37.2 6:40a 15.6 0.0 0.00 5.5 25.0 3:25p WSW 26 51.5 63.1 3:10p 42.2 12:50a 13.5 0.0 0.00 4.5 27.0 3:40p WSW 27 53.5 66.7 3:50p 40.2 1:20a 11.5 0.1 0.00 3.4 23.0 3:50p SW 28 57.2 67.0 11:50a 48.8 12:00m 7.9 0.1 0.00 9.1 42.0 1:25p S ------------------------------------------------------------------------------------- 53.3 80.2 10 32.8 15 348.1 19.9 0.43 3.7 42.0 28 WSW Max >= 90.0: 0 Max <= 32.0: 0 Min <= 32.0: 0 Min <= 0.0: 0 Max Rain: 0.21 ON 02/12/17 Days of Rain: 3 (>.01 in) 2 (>.1 in) 0 (>1 in) Heat Base: 65.0 Cool Base: 65.0 Method: Integration