NOAA-style Climate Reports

- as reported from this site (LasCruces-Weather.com) beginning 04-03-07

2023: Jan | Feb | Mar | Apr | May | Jun | Jul | Aug | Sep | Oct | Nov | Dec 
2022: Jan | Feb | Mar | Apr | May | Jun | Jul | Aug | Sep | Oct | Nov | Dec 
2021: Jan | Feb | Mar | Apr | May | Jun | Jul | Aug | Sep | Oct | Nov | Dec 
2020: Jan | Feb | Mar | Apr | May | Jun | Jul | Aug | Sep | Oct | Nov | Dec 
2019: Jan | Feb | Mar | Apr | May | Jun | Jul | Aug | Sep | Oct | Nov | Dec 
2018: Jan | Feb | Mar | Apr | May | Jun | Jul | Aug | Sep | Oct | Nov | Dec 
2017: Jan | Feb | Mar | Apr | May | Jun | Jul | Aug | Sep | Oct | Nov | Dec 
2016: Jan | Feb | Mar | Apr | May | Jun | Jul | Aug | Sep | Oct | Nov | Dec 
2015: Jan | Feb | Mar | Apr | May | Jun | Jul | Aug | Sep | Oct | Nov | Dec 
2014: Jan | Feb | Mar | Apr | May | Jun | Jul | Aug | Sep | Oct | Nov | Dec 
2013: Jan | Feb | Mar | Apr | May | Jun | Jul | Aug | Sep | Oct | Nov | Dec 
2012: Jan | Feb | Mar | Apr | May | Jun | Jul | Aug | Sep | Oct | Nov | Dec 
2011: Jan | Feb | Mar | Apr | May | Jun | Jul | Aug | Sep | Oct | Nov | Dec 
2010: Jan | Feb | Mar | Apr | May | Jun | Jul | Aug | Sep | Oct | Nov | Dec 
2009: Jan | Feb | Mar | Apr | May | Jun | Jul | Aug | Sep | Oct | Nov | Dec 
2008: Jan | Feb | Mar | Apr | May | Jun | Jul | Aug | Sep | Oct | Nov | Dec 
2007: Jan | Feb | Mar | Apr | May | Jun | Jul | Aug | Sep | Oct | Nov | Dec 

Report for 2017 01
MONTHLY CLIMATOLOGICAL SUMMARY for JAN. 2017 NAME: C32 CITY: Las Cruces|East Mesa STATE: NM ELEV: 4474 ft LAT: 32 24' 08" N LONG: 106 41' 01" W TEMPERATURE (F), RAIN (in), WIND SPEED (mph) HEAT COOL AVG MEAN DEG DEG WIND DOM DAY TEMP HIGH TIME LOW TIME DAYS DAYS RAIN SPEED HIGH TIME DIR ------------------------------------------------------------------------------------ 1 44.8 54.8 1:10p 40.6 11:45p 20.2 0.0 0.25 1.8 27.0 2:15p S 2 43.6 50.2 3:50p 35.4 6:50a 21.4 0.0 0.00 5.0 17.0 4:00a SSW 3 49.4 58.1 2:30p 39.6 5:30a 15.6 0.0 0.00 3.3 14.0 1:10p SSW 4 53.7 62.6 3:15p 44.1 7:40a 11.3 0.0 0.00 4.5 23.0 2:40p SW 5 51.8 60.7 3:15p 45.4 2:15a 13.2 0.0 0.00 6.3 25.0 1:20p S 6 46.6 53.3 2:50p 32.3 12:00m 18.4 0.0 0.00 5.1 17.0 4:00a SW 7 36.7 49.5 4:15p 24.9 5:45a 28.3 0.0 0.00 1.1 10.0 12:40p WSW 8 43.6 58.7 4:05p 29.7 6:00a 21.4 0.0 0.00 1.5 13.0 4:05p ESE 9 53.7 66.9 2:15p 38.0 7:35a 11.5 0.2 0.00 3.0 16.0 3:00p S 10 57.4 67.6 2:45p 51.1 10:05p 7.9 0.2 0.00 4.8 17.0 1:30p S 11 55.7 68.5 3:05p 46.1 3:00a 9.7 0.4 0.00 4.0 23.0 4:05p SE 12 54.7 66.7 2:25p 43.8 7:30a 10.4 0.1 0.00 1.9 13.0 11:35a SE 13 54.2 64.0 3:10p 45.2 7:00a 10.8 0.0 0.00 0.9 14.0 10:20p N 14 53.2 68.0 2:35p 44.6 6:45p 11.9 0.2 0.45 2.6 30.0 6:15p E 15 45.4 51.3 6:10a 42.0 9:50a 19.6 0.0 0.67 5.0 22.0 6:20a SW 16 44.6 53.9 3:00p 37.9 5:00a 20.4 0.0 0.00 2.9 14.0 12:55p S 17 41.7 52.7 12:00p 35.2 6:25a 23.3 0.0 0.08 1.6 12.0 12:15p N 18 43.6 52.8 2:50p 35.1 5:55a 21.4 0.0 0.02 2.9 18.0 4:25p SSW 19 45.2 52.8 1:20p 38.3 7:20a 19.8 0.0 0.00 5.7 21.0 12:55p S 20 46.2 53.7 1:55p 37.5 6:15a 18.8 0.0 0.01 6.8 29.0 10:20p WSW 21 42.9 49.0 12:45p 38.9 11:20p 22.1 0.0 0.22 10.3 38.0 2:30p W 22 42.1 52.3 4:35p 29.4 7:05a 22.9 0.0 0.00 2.8 14.0 5:00p S 23 51.4 64.0 4:15p 37.7 7:15a 13.6 0.0 0.00 5.2 24.0 10:05p SSW 24 45.8 52.1 12:05a 40.5 8:05a 19.2 0.0 0.00 8.9 28.0 9:00a WSW 25 38.5 48.5 3:00p 28.1 7:45a 26.5 0.0 0.00 4.5 31.0 3:00p WSW 26 35.5 48.5 3:50p 24.2 4:50a 29.5 0.0 0.00 2.1 12.0 11:50a NE 27 35.2 47.4 3:25p 26.1 4:40a 29.8 0.0 0.00 4.8 17.0 5:00a N 28 36.4 53.0 4:40p 23.3 7:25a 28.6 0.0 0.00 2.3 11.0 1:25a ENE 29 40.1 57.2 4:20p 24.3 6:30a 24.9 0.0 0.00 2.2 10.0 8:55a SE 30 43.1 60.8 4:10p 28.1 5:25a 21.9 0.0 0.00 1.8 10.0 8:40a NE 31 47.5 65.3 4:25p 31.5 3:25a 17.5 0.0 0.00 2.2 12.0 8:45a SSE ------------------------------------------------------------------------------------- 45.9 68.5 11 23.3 28 591.8 1.1 1.70 3.8 38.0 21 S Max >= 90.0: 0 Max <= 32.0: 0 Min <= 32.0: 10 Min <= 0.0: 0 Max Rain: 0.67 ON 01/15/17 Days of Rain: 6 (>.01 in) 4 (>.1 in) 0 (>1 in) Heat Base: 65.0 Cool Base: 65.0 Method: Integration