NOAA-style Climate Reports

- as reported from this site (LasCruces-Weather.com) beginning 04-03-07

2023: Jan | Feb | Mar | Apr | May | Jun | Jul | Aug | Sep | Oct | Nov | Dec 
2022: Jan | Feb | Mar | Apr | May | Jun | Jul | Aug | Sep | Oct | Nov | Dec 
2021: Jan | Feb | Mar | Apr | May | Jun | Jul | Aug | Sep | Oct | Nov | Dec 
2020: Jan | Feb | Mar | Apr | May | Jun | Jul | Aug | Sep | Oct | Nov | Dec 
2019: Jan | Feb | Mar | Apr | May | Jun | Jul | Aug | Sep | Oct | Nov | Dec 
2018: Jan | Feb | Mar | Apr | May | Jun | Jul | Aug | Sep | Oct | Nov | Dec 
2017: Jan | Feb | Mar | Apr | May | Jun | Jul | Aug | Sep | Oct | Nov | Dec 
2016: Jan | Feb | Mar | Apr | May | Jun | Jul | Aug | Sep | Oct | Nov | Dec 
2015: Jan | Feb | Mar | Apr | May | Jun | Jul | Aug | Sep | Oct | Nov | Dec 
2014: Jan | Feb | Mar | Apr | May | Jun | Jul | Aug | Sep | Oct | Nov | Dec 
2013: Jan | Feb | Mar | Apr | May | Jun | Jul | Aug | Sep | Oct | Nov | Dec 
2012: Jan | Feb | Mar | Apr | May | Jun | Jul | Aug | Sep | Oct | Nov | Dec 
2011: Jan | Feb | Mar | Apr | May | Jun | Jul | Aug | Sep | Oct | Nov | Dec 
2010: Jan | Feb | Mar | Apr | May | Jun | Jul | Aug | Sep | Oct | Nov | Dec 
2009: Jan | Feb | Mar | Apr | May | Jun | Jul | Aug | Sep | Oct | Nov | Dec 
2008: Jan | Feb | Mar | Apr | May | Jun | Jul | Aug | Sep | Oct | Nov | Dec 
2007: Jan | Feb | Mar | Apr | May | Jun | Jul | Aug | Sep | Oct | Nov | Dec 

Report for 2016 12
MONTHLY CLIMATOLOGICAL SUMMARY for DEC. 2016 NAME: C32 CITY: Las Cruces|East Mesa STATE: NM ELEV: 4474 ft LAT: 32 24' 08" N LONG: 106 41' 01" W TEMPERATURE (F), RAIN (in), WIND SPEED (mph) HEAT COOL AVG MEAN DEG DEG WIND DOM DAY TEMP HIGH TIME LOW TIME DAYS DAYS RAIN SPEED HIGH TIME DIR ------------------------------------------------------------------------------------ 1 41.6 57.5 2:45p 23.6 7:25a 23.4 0.0 0.00 1.8 10.0 8:45a SE 2 47.8 61.8 2:55p 32.2 6:55a 17.2 0.0 0.00 2.3 24.0 11:55p E 3 44.8 50.9 12:15a 38.2 8:00a 20.2 0.0 0.01 5.1 22.0 12:10a N 4 42.3 57.8 3:30p 29.3 6:55a 22.7 0.0 0.00 2.6 12.0 8:30a NNE 5 48.3 62.0 2:25p 33.4 2:30a 16.7 0.0 0.00 5.2 21.0 3:30p SE 6 49.4 58.0 3:50p 42.2 2:40a 15.6 0.0 0.00 3.8 21.0 2:45p S 7 51.4 58.1 2:25p 45.5 7:20a 13.6 0.0 0.00 3.4 19.0 2:55p SSW 8 41.2 49.8 12:05a 28.9 12:00m 23.8 0.0 0.00 1.9 11.0 12:40p NE 9 36.3 50.6 3:15p 24.6 6:20a 28.7 0.0 0.00 1.2 11.0 1:35p ESE 10 44.6 60.1 3:55p 29.0 5:30a 20.4 0.0 0.00 2.6 13.0 6:35p S 11 57.3 69.5 1:55p 46.4 1:30a 8.4 0.7 0.00 4.6 20.0 11:00a S 12 56.5 67.7 3:25p 44.7 7:35a 8.8 0.3 0.00 3.8 26.0 4:00p S 13 57.8 69.3 2:00p 45.9 6:50a 7.8 0.6 0.00 4.1 20.0 1:35p SW 14 57.1 70.5 2:30p 43.7 7:30a 8.7 0.8 0.00 0.9 9.0 2:50p SSE 15 59.5 72.4 3:30p 46.6 4:40a 7.0 1.5 0.00 3.5 16.0 8:30a SSW 16 60.4 71.1 2:30p 51.0 4:20a 5.6 1.0 0.00 7.2 33.0 12:50p S 17 48.6 59.0 8:45a 33.0 10:35p 16.4 0.0 0.00 8.9 44.0 9:05a W 18 36.9 49.0 2:55p 24.6 4:55a 28.1 0.0 0.00 2.7 12.0 10:05p ENE 19 40.4 54.9 3:55p 30.5 7:30a 24.6 0.0 0.00 1.9 13.0 12:55a N 20 43.0 59.9 3:10p 27.8 5:25a 22.0 0.0 0.00 1.6 10.0 9:55a N 21 49.7 57.8 3:45p 42.5 6:00a 15.3 0.0 0.06 0.7 9.0 10:15a SSW 22 48.7 56.0 11:20a 43.3 11:55p 16.3 0.0 0.73 1.8 16.0 12:25p NNW 23 49.2 60.0 2:25p 39.1 5:00a 15.8 0.0 0.00 2.3 21.0 1:35p WSW 24 53.9 65.2 3:05p 40.1 7:45a 11.1 0.0 0.00 5.3 27.0 7:00p S 25 40.6 49.6 12:05a 34.4 7:50a 24.4 0.0 0.00 6.2 31.0 1:10a WSW 26 38.6 51.2 3:15p 27.6 7:35a 26.4 0.0 0.00 2.7 12.0 9:10a NNE 27 41.7 57.1 3:10p 29.7 7:40a 23.3 0.0 0.00 2.4 12.0 9:35a NE 28 46.3 59.7 3:20p 34.4 6:10a 18.7 0.0 0.00 0.8 8.0 10:00a NNE 29 44.3 50.1 2:00p 38.7 7:20a 20.7 0.0 0.00 3.0 18.0 8:20a NNE 30 44.1 49.9 3:00p 40.4 1:15a 20.9 0.0 0.00 1.3 10.0 3:05p SSW 31 46.2 53.0 4:10p 41.4 11:55p 18.8 0.0 0.11 2.1 11.0 12:05p SSW ------------------------------------------------------------------------------------- 47.4 72.4 15 23.6 1 551.4 4.9 0.91 3.2 44.0 17 S Max >= 90.0: 0 Max <= 32.0: 0 Min <= 32.0: 10 Min <= 0.0: 0 Max Rain: 0.73 ON 12/22/16 Days of Rain: 3 (>.01 in) 2 (>.1 in) 0 (>1 in) Heat Base: 65.0 Cool Base: 65.0 Method: Integration