NOAA-style Climate Reports

- as reported from this site (LasCruces-Weather.com) beginning 04-03-07

2023: Jan | Feb | Mar | Apr | May | Jun | Jul | Aug | Sep | Oct | Nov | Dec 
2022: Jan | Feb | Mar | Apr | May | Jun | Jul | Aug | Sep | Oct | Nov | Dec 
2021: Jan | Feb | Mar | Apr | May | Jun | Jul | Aug | Sep | Oct | Nov | Dec 
2020: Jan | Feb | Mar | Apr | May | Jun | Jul | Aug | Sep | Oct | Nov | Dec 
2019: Jan | Feb | Mar | Apr | May | Jun | Jul | Aug | Sep | Oct | Nov | Dec 
2018: Jan | Feb | Mar | Apr | May | Jun | Jul | Aug | Sep | Oct | Nov | Dec 
2017: Jan | Feb | Mar | Apr | May | Jun | Jul | Aug | Sep | Oct | Nov | Dec 
2016: Jan | Feb | Mar | Apr | May | Jun | Jul | Aug | Sep | Oct | Nov | Dec 
2015: Jan | Feb | Mar | Apr | May | Jun | Jul | Aug | Sep | Oct | Nov | Dec 
2014: Jan | Feb | Mar | Apr | May | Jun | Jul | Aug | Sep | Oct | Nov | Dec 
2013: Jan | Feb | Mar | Apr | May | Jun | Jul | Aug | Sep | Oct | Nov | Dec 
2012: Jan | Feb | Mar | Apr | May | Jun | Jul | Aug | Sep | Oct | Nov | Dec 
2011: Jan | Feb | Mar | Apr | May | Jun | Jul | Aug | Sep | Oct | Nov | Dec 
2010: Jan | Feb | Mar | Apr | May | Jun | Jul | Aug | Sep | Oct | Nov | Dec 
2009: Jan | Feb | Mar | Apr | May | Jun | Jul | Aug | Sep | Oct | Nov | Dec 
2008: Jan | Feb | Mar | Apr | May | Jun | Jul | Aug | Sep | Oct | Nov | Dec 
2007: Jan | Feb | Mar | Apr | May | Jun | Jul | Aug | Sep | Oct | Nov | Dec 

Report for 2016 11
MONTHLY CLIMATOLOGICAL SUMMARY for NOV. 2016 NAME: C32 CITY: Las Cruces|East Mesa STATE: NM ELEV: 4474 ft LAT: 32 24' 08" N LONG: 106 41' 01" W TEMPERATURE (F), RAIN (in), WIND SPEED (mph) HEAT COOL AVG MEAN DEG DEG WIND DOM DAY TEMP HIGH TIME LOW TIME DAYS DAYS RAIN SPEED HIGH TIME DIR ------------------------------------------------------------------------------------ 1 67.2 77.6 2:55p 59.4 4:35a 1.5 3.6 0.00 1.6 15.0 2:25p S 2 65.1 75.3 1:35p 57.1 4:40a 2.3 2.4 0.01 3.1 19.0 3:05p NNE 3 61.6 71.9 2:10p 51.0 6:10a 4.7 1.3 0.00 11.2 40.0 11:50p E 4 64.1 73.5 3:25p 57.3 11:30p 2.5 1.6 0.18 13.5 41.0 3:00a E 5 62.1 70.6 5:35p 54.5 12:00m 3.7 0.8 0.00 0.6 11.0 12:10a NE 6 58.7 71.1 2:45p 49.8 5:35a 7.4 1.1 0.01 1.4 12.0 8:45a N 7 59.3 72.7 2:15p 47.6 7:05a 6.9 1.2 0.00 2.4 13.0 11:25a NE 8 59.8 70.7 2:25p 47.6 6:55a 6.0 0.8 0.00 1.9 19.0 3:55p N 9 54.5 65.1 3:35p 42.6 7:05a 10.5 0.0 0.00 2.8 19.0 2:50p E 10 51.7 61.6 3:05p 41.0 6:55a 13.3 0.0 0.00 0.9 11.0 2:30p E 11 53.9 66.1 2:35p 39.3 7:00a 11.1 0.0 0.00 1.1 12.0 11:00p NNE 12 54.3 66.1 2:10p 42.4 6:35a 10.7 0.0 0.00 1.1 14.0 4:05a N 13 53.5 68.1 3:05p 38.9 6:00a 11.8 0.3 0.00 0.9 10.0 11:55a E 14 54.6 71.0 2:30p 38.8 5:30a 11.6 1.2 0.00 1.9 13.0 1:20p NNE 15 56.6 74.8 3:40p 39.6 6:35a 10.3 1.9 0.00 1.1 8.0 8:35a SE 16 61.2 75.5 3:25p 48.3 7:25a 5.8 2.0 0.00 2.8 15.0 11:50a S 17 62.2 73.0 2:40p 47.8 12:00m 4.6 1.8 0.00 6.3 30.0 12:20p S 18 50.2 64.4 3:15p 34.3 7:00a 14.8 0.0 0.00 2.3 14.0 11:05p NE 19 48.5 62.6 2:55p 34.9 6:20a 16.5 0.0 0.00 1.3 13.0 12:20a SE 20 51.6 69.2 3:40p 36.3 3:55a 14.0 0.5 0.00 1.3 10.0 1:45p E 21 55.8 66.1 1:55p 46.0 1:05a 9.2 0.0 0.02 3.7 22.0 1:00p S 22 51.1 62.2 3:05p 42.8 6:35a 13.9 0.0 0.00 2.0 20.0 2:25p S 23 48.8 64.3 2:40p 35.7 7:00a 16.2 0.0 0.00 2.5 14.0 12:35p NE 24 47.3 64.3 3:00p 33.2 6:40a 17.7 0.0 0.00 4.8 16.0 10:40a N 25 48.2 60.7 1:55p 34.2 4:25a 16.8 0.0 0.00 2.8 15.0 3:25a NNE 26 51.5 62.1 2:15p 40.1 6:55a 13.5 0.0 0.00 0.4 8.0 1:30p E 27 55.1 60.7 1:10p 45.6 10:30p 9.9 0.0 0.00 8.0 27.0 11:25a WSW 28 45.6 50.0 12:40p 37.4 7:25a 19.4 0.0 0.00 9.3 32.0 2:00p WSW 29 43.6 51.9 1:05p 32.6 11:55p 21.4 0.0 0.00 5.9 23.0 1:10p N 30 37.5 50.6 3:40p 23.9 6:30a 27.5 0.0 0.00 2.0 10.0 1:05p SE ------------------------------------------------------------------------------------- 54.5 77.6 1 23.9 30 335.5 20.5 0.22 3.4 41.0 4 E Max >= 90.0: 0 Max <= 32.0: 0 Min <= 32.0: 1 Min <= 0.0: 0 Max Rain: 0.18 ON 11/04/16 Days of Rain: 2 (>.01 in) 1 (>.1 in) 0 (>1 in) Heat Base: 65.0 Cool Base: 65.0 Method: Integration