NOAA-style Climate Reports

- as reported from this site (LasCruces-Weather.com) beginning 04-03-07

2023: Jan | Feb | Mar | Apr | May | Jun | Jul | Aug | Sep | Oct | Nov | Dec 
2022: Jan | Feb | Mar | Apr | May | Jun | Jul | Aug | Sep | Oct | Nov | Dec 
2021: Jan | Feb | Mar | Apr | May | Jun | Jul | Aug | Sep | Oct | Nov | Dec 
2020: Jan | Feb | Mar | Apr | May | Jun | Jul | Aug | Sep | Oct | Nov | Dec 
2019: Jan | Feb | Mar | Apr | May | Jun | Jul | Aug | Sep | Oct | Nov | Dec 
2018: Jan | Feb | Mar | Apr | May | Jun | Jul | Aug | Sep | Oct | Nov | Dec 
2017: Jan | Feb | Mar | Apr | May | Jun | Jul | Aug | Sep | Oct | Nov | Dec 
2016: Jan | Feb | Mar | Apr | May | Jun | Jul | Aug | Sep | Oct | Nov | Dec 
2015: Jan | Feb | Mar | Apr | May | Jun | Jul | Aug | Sep | Oct | Nov | Dec 
2014: Jan | Feb | Mar | Apr | May | Jun | Jul | Aug | Sep | Oct | Nov | Dec 
2013: Jan | Feb | Mar | Apr | May | Jun | Jul | Aug | Sep | Oct | Nov | Dec 
2012: Jan | Feb | Mar | Apr | May | Jun | Jul | Aug | Sep | Oct | Nov | Dec 
2011: Jan | Feb | Mar | Apr | May | Jun | Jul | Aug | Sep | Oct | Nov | Dec 
2010: Jan | Feb | Mar | Apr | May | Jun | Jul | Aug | Sep | Oct | Nov | Dec 
2009: Jan | Feb | Mar | Apr | May | Jun | Jul | Aug | Sep | Oct | Nov | Dec 
2008: Jan | Feb | Mar | Apr | May | Jun | Jul | Aug | Sep | Oct | Nov | Dec 
2007: Jan | Feb | Mar | Apr | May | Jun | Jul | Aug | Sep | Oct | Nov | Dec 

Report for 2016 10
MONTHLY CLIMATOLOGICAL SUMMARY for OCT. 2016 NAME: C32 CITY: Las Cruces|East Mesa STATE: NM ELEV: 4474 ft LAT: 32 24' 08" N LONG: 106 41' 01" W TEMPERATURE (F), RAIN (in), WIND SPEED (mph) HEAT COOL AVG MEAN DEG DEG WIND DOM DAY TEMP HIGH TIME LOW TIME DAYS DAYS RAIN SPEED HIGH TIME DIR ------------------------------------------------------------------------------------ 1 69.9 84.7 4:50p 59.1 6:25a 1.3 6.2 0.00 1.6 14.0 5:15p SW 2 70.9 84.1 4:30p 57.3 7:35a 1.5 7.4 0.00 0.6 8.0 12:35p SE 3 73.0 82.7 3:55p 65.6 12:00m 0.0 8.0 0.00 3.6 23.0 2:00p WSW 4 67.5 78.3 3:35p 56.5 7:10a 1.9 4.3 0.00 4.5 22.0 4:40p WSW 5 67.3 80.9 4:55p 53.8 7:25a 3.0 5.3 0.00 2.2 17.0 2:30p S 6 69.1 82.3 3:35p 57.7 6:45a 1.9 6.0 0.00 2.2 16.0 2:00p SW 7 64.3 75.0 3:25p 53.2 7:05a 3.1 2.4 0.00 2.0 17.0 6:50p E 8 65.8 77.0 3:15p 57.0 7:45a 2.0 2.7 0.01 0.8 15.0 3:15p S 9 68.3 79.4 5:05p 59.6 7:40a 1.2 4.5 0.00 1.3 16.0 4:00p SSW 10 68.8 83.3 3:55p 55.6 7:30a 2.3 6.1 0.04 0.6 16.0 12:55a SE 11 72.8 86.8 3:35p 61.4 7:05a 0.6 8.4 0.00 2.1 18.0 3:40p SSW 12 71.1 86.3 4:45p 54.4 5:35a 2.1 8.2 0.00 0.9 11.0 1:30p ESE 13 71.3 82.8 4:35p 59.1 7:40a 0.6 6.8 0.00 1.1 12.0 12:05p SW 14 69.1 84.8 4:35p 51.6 7:20a 2.6 6.7 0.00 1.3 17.0 5:05p SE 15 72.3 88.1 3:30p 58.4 6:45a 1.1 8.4 0.00 2.4 23.0 2:45p SW 16 72.4 87.5 3:15p 60.3 11:30p 0.8 8.2 0.00 3.0 20.0 4:10p SW 17 72.7 86.8 3:15p 61.0 7:40a 0.8 8.4 0.00 4.1 22.0 5:35p S 18 72.6 87.5 3:00p 58.6 7:45a 1.0 8.6 0.00 3.2 21.0 3:05p S 19 70.9 85.2 5:20p 54.1 7:50a 1.7 7.6 0.00 1.3 15.0 1:55p E 20 62.3 74.7 3:20p 47.2 7:40a 5.0 2.3 0.00 3.9 25.0 12:35p E 21 61.5 77.3 4:05p 45.3 6:25a 6.5 3.1 0.00 0.7 10.0 4:05p ENE 22 65.1 80.2 4:20p 48.3 7:25a 4.2 4.3 0.00 0.3 9.0 11:40a SE 23 68.3 86.4 4:10p 51.7 7:50a 3.3 6.6 0.00 0.9 11.0 4:05p ESE 24 69.6 85.1 3:35p 54.2 6:50a 2.1 6.7 0.00 0.6 9.0 1:10p SE 25 70.5 83.7 4:30p 61.7 5:45a 0.6 6.1 0.00 1.0 12.0 1:20p SE 26 69.3 84.3 3:15p 53.7 6:50a 3.1 7.4 0.00 2.8 19.0 10:00p NE 27 68.0 82.6 3:15p 50.8 7:55a 2.7 5.7 0.00 0.8 12.0 12:20a ESE 28 68.3 79.8 3:45p 55.2 7:05a 2.1 5.3 0.00 1.3 17.0 9:55a S 29 69.1 84.8 4:55p 55.0 7:40a 2.1 6.2 0.00 0.6 10.0 11:15a SE 30 69.5 84.3 3:10p 54.5 7:35a 1.6 6.1 0.00 1.1 14.0 2:55p SE 31 69.4 82.2 3:15p 57.0 6:05a 1.3 5.8 0.00 2.4 23.0 2:25p SW ------------------------------------------------------------------------------------- 69.1 88.1 15 45.3 21 64.1 189.8 0.05 1.8 25.0 20 SW Max >= 90.0: 0 Max <= 32.0: 0 Min <= 32.0: 0 Min <= 0.0: 0 Max Rain: 0.04 ON 10/10/16 Days of Rain: 1 (>.01 in) 0 (>.1 in) 0 (>1 in) Heat Base: 65.0 Cool Base: 65.0 Method: Integration