NOAA-style Climate Reports

- as reported from this site (LasCruces-Weather.com) beginning 04-03-07

2023: Jan | Feb | Mar | Apr | May | Jun | Jul | Aug | Sep | Oct | Nov | Dec 
2022: Jan | Feb | Mar | Apr | May | Jun | Jul | Aug | Sep | Oct | Nov | Dec 
2021: Jan | Feb | Mar | Apr | May | Jun | Jul | Aug | Sep | Oct | Nov | Dec 
2020: Jan | Feb | Mar | Apr | May | Jun | Jul | Aug | Sep | Oct | Nov | Dec 
2019: Jan | Feb | Mar | Apr | May | Jun | Jul | Aug | Sep | Oct | Nov | Dec 
2018: Jan | Feb | Mar | Apr | May | Jun | Jul | Aug | Sep | Oct | Nov | Dec 
2017: Jan | Feb | Mar | Apr | May | Jun | Jul | Aug | Sep | Oct | Nov | Dec 
2016: Jan | Feb | Mar | Apr | May | Jun | Jul | Aug | Sep | Oct | Nov | Dec 
2015: Jan | Feb | Mar | Apr | May | Jun | Jul | Aug | Sep | Oct | Nov | Dec 
2014: Jan | Feb | Mar | Apr | May | Jun | Jul | Aug | Sep | Oct | Nov | Dec 
2013: Jan | Feb | Mar | Apr | May | Jun | Jul | Aug | Sep | Oct | Nov | Dec 
2012: Jan | Feb | Mar | Apr | May | Jun | Jul | Aug | Sep | Oct | Nov | Dec 
2011: Jan | Feb | Mar | Apr | May | Jun | Jul | Aug | Sep | Oct | Nov | Dec 
2010: Jan | Feb | Mar | Apr | May | Jun | Jul | Aug | Sep | Oct | Nov | Dec 
2009: Jan | Feb | Mar | Apr | May | Jun | Jul | Aug | Sep | Oct | Nov | Dec 
2008: Jan | Feb | Mar | Apr | May | Jun | Jul | Aug | Sep | Oct | Nov | Dec 
2007: Jan | Feb | Mar | Apr | May | Jun | Jul | Aug | Sep | Oct | Nov | Dec 

Report for 2016 09
MONTHLY CLIMATOLOGICAL SUMMARY for SEP. 2016 NAME: C32 CITY: Las Cruces|East Mesa STATE: NM ELEV: 4474 ft LAT: 32 24' 08" N LONG: 106 41' 01" W TEMPERATURE (F), RAIN (in), WIND SPEED (mph) HEAT COOL AVG MEAN DEG DEG WIND DOM DAY TEMP HIGH TIME LOW TIME DAYS DAYS RAIN SPEED HIGH TIME DIR ------------------------------------------------------------------------------------ 1 72.3 82.8 3:45p 65.0 5:00p 0.0 7.3 0.35 1.2 30.0 4:35p ESE 2 74.7 88.8 4:40p 62.6 6:40a 0.3 9.9 0.10 1.5 17.0 10:25p S 3 77.3 90.0 5:05p 65.9 7:05a 0.0 12.3 0.01 1.6 15.0 1:00p S 4 82.7 94.0 4:30p 71.9 5:20a 0.0 17.7 0.00 3.5 19.0 4:00p S 5 84.3 94.5 4:05p 76.3 7:10a 0.0 19.3 0.00 5.2 24.0 2:35p S 6 72.4 81.9 12:05a 65.5 2:25a 0.0 7.4 0.69 2.0 31.0 1:50a S 7 69.3 80.1 2:40p 65.3 5:40a 0.0 4.3 0.79 1.4 19.0 4:25p SSW 8 71.7 81.2 5:45p 66.2 6:50a 0.0 6.7 0.00 2.6 16.0 3:45p S 9 76.6 92.2 4:20p 61.6 7:05a 0.2 11.8 0.00 1.5 14.0 4:40p NNW 10 74.1 85.3 3:40p 62.5 5:15a 0.0 9.1 0.00 2.2 20.0 5:40a E 11 73.3 88.1 5:15p 59.5 6:35a 1.0 9.3 0.00 0.6 12.0 1:55p SW 12 76.7 89.0 4:10p 67.4 12:00m 0.0 11.7 0.00 3.5 25.0 9:05p S 13 74.3 87.9 4:10p 62.9 7:20a 0.2 9.5 0.00 1.0 13.0 4:35p SW 14 76.3 90.9 3:30p 61.0 6:10a 0.6 11.9 0.00 1.9 19.0 10:45p SSW 15 77.5 89.1 2:50p 63.1 7:25a 0.1 12.6 0.00 2.3 22.0 2:55p SSW 16 74.7 87.9 3:40p 60.9 7:25a 0.3 10.0 0.00 2.8 18.0 12:30p WSW 17 73.3 90.4 4:35p 54.8 7:25a 1.4 9.8 0.00 1.3 14.0 2:05p ESE 18 74.7 93.1 4:55p 55.1 7:05a 1.5 11.3 0.00 1.6 13.0 3:10p SE 19 76.4 95.3 4:40p 56.3 7:20a 0.9 12.4 0.00 1.4 14.0 3:10p ESE 20 79.5 93.5 3:50p 63.9 4:05a 0.0 14.5 0.00 1.8 17.0 3:40p SSW 21 82.9 94.2 3:20p 73.5 7:15a 0.0 17.9 0.01 2.2 19.0 4:30p SSW 22 82.0 92.7 3:30p 69.2 7:15a 0.0 17.0 0.00 3.9 24.0 4:35p S 23 75.2 86.9 2:10p 65.5 11:25p 0.0 10.2 0.00 4.0 27.0 1:50p SW 24 69.5 81.4 2:45p 59.6 5:50a 1.3 5.8 0.00 3.2 20.0 1:40p WSW 25 67.7 83.5 2:30p 57.3 4:25a 2.2 5.0 0.00 6.6 26.0 9:55p E 26 62.3 68.1 2:00p 52.7 11:40p 3.3 0.6 0.35 5.1 26.0 1:30a E 27 61.5 74.9 5:20p 52.2 5:25a 5.3 1.8 0.00 0.5 11.0 12:30p WSW 28 68.4 81.1 3:40p 55.4 5:55a 2.7 6.1 0.00 0.9 11.0 4:25p E 29 74.0 84.8 2:55p 61.5 5:55a 0.3 9.3 0.00 2.6 17.0 9:45p ESE 30 66.2 75.7 3:25p 57.9 5:25a 1.9 3.1 0.90 2.5 26.0 1:00a N ------------------------------------------------------------------------------------- 74.1 95.3 19 52.2 27 23.5 295.6 3.20 2.4 31.0 6 S Max >= 90.0: 11 Max <= 32.0: 0 Min <= 32.0: 0 Min <= 0.0: 0 Max Rain: 0.90 ON 09/30/16 Days of Rain: 6 (>.01 in) 5 (>.1 in) 0 (>1 in) Heat Base: 65.0 Cool Base: 65.0 Method: Integration