NOAA-style Climate Reports

- as reported from this site (LasCruces-Weather.com) beginning 04-03-07

2023: Jan | Feb | Mar | Apr | May | Jun | Jul | Aug | Sep | Oct | Nov | Dec 
2022: Jan | Feb | Mar | Apr | May | Jun | Jul | Aug | Sep | Oct | Nov | Dec 
2021: Jan | Feb | Mar | Apr | May | Jun | Jul | Aug | Sep | Oct | Nov | Dec 
2020: Jan | Feb | Mar | Apr | May | Jun | Jul | Aug | Sep | Oct | Nov | Dec 
2019: Jan | Feb | Mar | Apr | May | Jun | Jul | Aug | Sep | Oct | Nov | Dec 
2018: Jan | Feb | Mar | Apr | May | Jun | Jul | Aug | Sep | Oct | Nov | Dec 
2017: Jan | Feb | Mar | Apr | May | Jun | Jul | Aug | Sep | Oct | Nov | Dec 
2016: Jan | Feb | Mar | Apr | May | Jun | Jul | Aug | Sep | Oct | Nov | Dec 
2015: Jan | Feb | Mar | Apr | May | Jun | Jul | Aug | Sep | Oct | Nov | Dec 
2014: Jan | Feb | Mar | Apr | May | Jun | Jul | Aug | Sep | Oct | Nov | Dec 
2013: Jan | Feb | Mar | Apr | May | Jun | Jul | Aug | Sep | Oct | Nov | Dec 
2012: Jan | Feb | Mar | Apr | May | Jun | Jul | Aug | Sep | Oct | Nov | Dec 
2011: Jan | Feb | Mar | Apr | May | Jun | Jul | Aug | Sep | Oct | Nov | Dec 
2010: Jan | Feb | Mar | Apr | May | Jun | Jul | Aug | Sep | Oct | Nov | Dec 
2009: Jan | Feb | Mar | Apr | May | Jun | Jul | Aug | Sep | Oct | Nov | Dec 
2008: Jan | Feb | Mar | Apr | May | Jun | Jul | Aug | Sep | Oct | Nov | Dec 
2007: Jan | Feb | Mar | Apr | May | Jun | Jul | Aug | Sep | Oct | Nov | Dec 

Report for 2016 08
MONTHLY CLIMATOLOGICAL SUMMARY for AUG. 2016 NAME: C32 CITY: Las Cruces|East Mesa STATE: NM ELEV: 4474 ft LAT: 32 24' 08" N LONG: 106 41' 01" W TEMPERATURE (F), RAIN (in), WIND SPEED (mph) HEAT COOL AVG MEAN DEG DEG WIND DOM DAY TEMP HIGH TIME LOW TIME DAYS DAYS RAIN SPEED HIGH TIME DIR ------------------------------------------------------------------------------------ 1 79.9 95.8 4:00p 71.7 6:20a 0.0 14.9 0.10 3.0 20.0 6:20p S 2 79.2 94.5 5:45p 67.2 6:50a 0.0 14.2 0.02 3.3 23.0 9:25p SSW 3 79.8 91.2 5:20p 67.3 4:35a 0.0 14.8 0.10 3.6 20.0 3:35a S 4 81.2 94.1 3:55p 69.6 7:25a 0.0 16.2 0.00 4.4 28.0 4:35a S 5 84.9 99.5 4:45p 69.5 7:00a 0.0 19.9 0.00 3.7 23.0 2:05p SSW 6 84.6 99.9 5:35p 71.0 6:50a 0.0 19.6 0.00 4.1 25.0 7:30p NNW 7 83.0 100.1 3:20p 67.8 6:25a 0.0 18.0 0.00 4.0 19.0 4:40p NNE 8 82.3 101.2 4:20p 66.3 6:45a 0.0 17.3 0.09 3.2 21.0 6:30p N 9 80.5 91.5 3:30p 69.6 6:50a 0.0 15.5 0.00 2.8 21.0 4:00p SSW 10 79.0 90.0 3:55p 68.5 7:55a 0.0 14.0 0.02 3.9 24.0 4:10a S 11 79.1 94.2 4:30p 67.4 5:50a 0.0 14.1 0.16 2.1 18.0 7:25p NNE 12 82.7 98.7 3:10p 69.7 10:50p 0.0 17.7 0.13 3.3 24.0 11:25p NNW 13 75.6 90.6 1:50p 63.5 9:40p 0.1 10.7 0.26 5.0 29.0 7:15p E 14 74.1 87.2 2:25p 64.7 7:40a 0.0 9.1 0.03 1.8 23.0 4:40p ESE 15 76.7 91.6 5:00p 61.2 6:40a 0.4 12.1 0.00 1.2 13.0 4:40p S 16 80.8 93.9 4:15p 64.9 7:00a 0.0 15.8 0.00 1.8 18.0 2:25p E 17 81.5 94.1 5:05p 64.9 6:50a 0.0 16.5 0.00 1.6 18.0 1:45p S 18 81.7 95.1 3:45p 65.6 6:50a 0.0 16.7 0.00 2.2 25.0 3:45p S 19 79.3 93.7 3:50p 67.2 6:20a 0.0 14.3 0.01 2.3 25.0 5:40p WSW 20 76.2 86.8 2:45p 68.4 11:55p 0.0 11.2 0.00 3.3 23.0 4:00p S 21 73.4 84.5 4:10p 64.0 5:25a 0.0 8.5 0.00 2.7 17.0 2:30p E 22 72.5 87.0 4:55p 60.9 7:05a 0.9 8.4 0.86 2.6 21.0 5:55p NE 23 78.3 91.0 4:30p 65.8 7:05a 0.0 13.3 0.00 3.6 21.0 1:40p S 24 76.4 89.1 5:10p 64.0 6:50a 0.1 11.4 0.00 2.7 20.0 7:50p SW 25 76.1 90.2 4:55p 62.0 7:10a 0.2 11.3 0.00 2.5 22.0 5:25p S 26 75.5 89.6 5:05p 62.7 6:50a 0.2 10.7 0.01 2.6 18.0 6:20p NE 27 75.4 91.0 5:10p 66.0 7:00a 0.0 10.4 0.10 2.2 26.0 6:05p SW 28 74.9 87.3 3:55p 63.1 7:00a 0.1 10.0 0.00 1.9 20.0 6:05p E 29 74.7 86.5 1:55p 64.1 6:40a 0.0 9.7 0.01 2.9 23.0 10:10p E 30 72.9 82.0 5:05p 61.3 7:10a 0.3 8.2 0.00 2.6 20.0 9:50p E 31 73.1 84.1 3:45p 65.1 9:20a 0.0 8.1 0.02 2.3 20.0 6:55p E ------------------------------------------------------------------------------------- 78.2 101.2 8 60.9 22 2.3 412.6 1.92 2.9 29.0 13 S Max >= 90.0: 21 Max <= 32.0: 0 Min <= 32.0: 0 Min <= 0.0: 0 Max Rain: 0.86 ON 08/22/16 Days of Rain: 12 (>.01 in) 4 (>.1 in) 0 (>1 in) Heat Base: 65.0 Cool Base: 65.0 Method: Integration