NOAA-style Climate Reports

- as reported from this site (LasCruces-Weather.com) beginning 04-03-07

2023: Jan | Feb | Mar | Apr | May | Jun | Jul | Aug | Sep | Oct | Nov | Dec 
2022: Jan | Feb | Mar | Apr | May | Jun | Jul | Aug | Sep | Oct | Nov | Dec 
2021: Jan | Feb | Mar | Apr | May | Jun | Jul | Aug | Sep | Oct | Nov | Dec 
2020: Jan | Feb | Mar | Apr | May | Jun | Jul | Aug | Sep | Oct | Nov | Dec 
2019: Jan | Feb | Mar | Apr | May | Jun | Jul | Aug | Sep | Oct | Nov | Dec 
2018: Jan | Feb | Mar | Apr | May | Jun | Jul | Aug | Sep | Oct | Nov | Dec 
2017: Jan | Feb | Mar | Apr | May | Jun | Jul | Aug | Sep | Oct | Nov | Dec 
2016: Jan | Feb | Mar | Apr | May | Jun | Jul | Aug | Sep | Oct | Nov | Dec 
2015: Jan | Feb | Mar | Apr | May | Jun | Jul | Aug | Sep | Oct | Nov | Dec 
2014: Jan | Feb | Mar | Apr | May | Jun | Jul | Aug | Sep | Oct | Nov | Dec 
2013: Jan | Feb | Mar | Apr | May | Jun | Jul | Aug | Sep | Oct | Nov | Dec 
2012: Jan | Feb | Mar | Apr | May | Jun | Jul | Aug | Sep | Oct | Nov | Dec 
2011: Jan | Feb | Mar | Apr | May | Jun | Jul | Aug | Sep | Oct | Nov | Dec 
2010: Jan | Feb | Mar | Apr | May | Jun | Jul | Aug | Sep | Oct | Nov | Dec 
2009: Jan | Feb | Mar | Apr | May | Jun | Jul | Aug | Sep | Oct | Nov | Dec 
2008: Jan | Feb | Mar | Apr | May | Jun | Jul | Aug | Sep | Oct | Nov | Dec 
2007: Jan | Feb | Mar | Apr | May | Jun | Jul | Aug | Sep | Oct | Nov | Dec 

Report for 2016 07
MONTHLY CLIMATOLOGICAL SUMMARY for JUL. 2016 NAME: C32 CITY: Las Cruces|East Mesa STATE: NM ELEV: 4474 ft LAT: 32 24' 08" N LONG: 106 41' 01" W TEMPERATURE (F), RAIN (in), WIND SPEED (mph) HEAT COOL AVG MEAN DEG DEG WIND DOM DAY TEMP HIGH TIME LOW TIME DAYS DAYS RAIN SPEED HIGH TIME DIR ------------------------------------------------------------------------------------ 1 74.8 86.9 4:10p 68.3 12:00m 0.0 9.8 0.10 1.4 18.0 7:00p WSW 2 78.5 93.9 4:45p 65.1 6:15a 0.0 13.5 0.00 2.9 17.0 5:55p S 3 84.7 99.2 4:40p 67.1 5:55a 0.0 19.7 0.00 4.0 23.0 3:00p NNW 4 87.3 103.5 4:50p 67.9 6:30a 0.0 22.3 0.00 2.7 17.0 1:50p WSW 5 88.1 102.9 3:00p 69.2 5:50a 0.0 23.1 0.00 2.8 19.0 1:55p W 6 88.0 101.3 3:55p 74.5 6:30a 0.0 23.0 0.00 5.2 30.0 4:20p WSW 7 86.4 99.3 4:10p 75.2 4:30a 0.0 21.4 0.00 4.0 26.0 4:10p WSW 8 86.6 101.9 4:15p 74.6 6:40a 0.0 21.6 0.00 2.9 18.0 4:40p S 9 87.3 102.4 3:20p 75.4 5:35a 0.0 22.3 0.00 3.4 19.0 1:05a S 10 90.1 104.3 3:10p 75.9 6:40a 0.0 25.1 0.00 3.7 25.0 5:55p S 11 88.8 101.1 4:00p 73.0 6:25a 0.0 23.8 0.00 4.8 25.0 2:50p WSW 12 88.3 101.9 2:50p 69.8 6:20a 0.0 23.3 0.00 3.6 24.0 5:10p WSW 13 90.2 104.5 5:00p 71.3 6:05a 0.0 25.2 0.00 3.0 20.0 12:30p N 14 91.1 106.1 3:15p 70.7 6:15a 0.0 26.1 0.00 2.8 20.0 12:25p N 15 88.7 103.8 4:50p 78.0 5:00a 0.0 23.7 0.01 3.8 41.0 6:40p E 16 87.2 102.0 4:35p 74.5 2:15a 0.0 22.2 0.00 3.2 22.0 6:40p S 17 88.2 102.1 5:00p 75.1 6:35a 0.0 23.2 0.00 2.8 25.0 5:10p S 18 85.0 100.8 4:00p 68.7 6:35a 0.0 20.0 0.00 2.2 21.0 4:45p S 19 85.7 98.0 2:05p 71.5 6:10a 0.0 20.7 0.00 2.5 16.0 4:45p S 20 85.6 99.8 4:55p 70.4 6:40a 0.0 20.6 0.01 2.0 15.0 4:50p N 21 87.4 102.9 4:50p 72.6 5:55a 0.0 22.4 0.00 2.2 21.0 7:00p SSW 22 89.3 103.3 5:00p 73.2 6:50a 0.0 24.3 0.00 2.5 15.0 1:15p SSW 23 90.5 104.3 4:35p 71.5 6:50a 0.0 25.5 0.00 2.6 17.0 3:15p SW 24 89.2 106.4 4:45p 73.0 5:50a 0.0 24.2 0.00 2.7 26.0 2:45p NNE 25 88.6 101.6 3:10p 74.4 5:15a 0.0 23.6 0.00 2.6 18.0 5:10p E 26 84.1 96.2 6:20p 69.2 4:50a 0.0 19.1 0.26 3.1 19.0 7:05p ENE 27 80.8 94.4 4:10p 68.6 3:55a 0.0 15.8 0.25 1.4 13.0 2:25a E 28 84.8 99.0 5:05p 68.6 6:25a 0.0 19.8 0.00 2.5 18.0 3:00p E 29 86.4 99.4 4:35p 72.6 6:50a 0.0 21.4 0.00 2.7 24.0 2:15p E 30 85.3 96.3 4:50p 74.5 6:15a 0.0 20.3 0.00 2.3 17.0 12:50p SSW 31 83.0 94.7 2:00p 71.8 6:45a 0.0 18.0 0.00 2.8 26.0 4:55p S ------------------------------------------------------------------------------------- 86.5 106.4 24 65.1 2 0.0 665.0 0.63 2.9 41.0 15 S Max >= 90.0: 30 Max <= 32.0: 0 Min <= 32.0: 0 Min <= 0.0: 0 Max Rain: 0.26 ON 07/26/16 Days of Rain: 3 (>.01 in) 2 (>.1 in) 0 (>1 in) Heat Base: 65.0 Cool Base: 65.0 Method: Integration