NOAA-style Climate Reports

- as reported from this site (LasCruces-Weather.com) beginning 04-03-07

2023: Jan | Feb | Mar | Apr | May | Jun | Jul | Aug | Sep | Oct | Nov | Dec 
2022: Jan | Feb | Mar | Apr | May | Jun | Jul | Aug | Sep | Oct | Nov | Dec 
2021: Jan | Feb | Mar | Apr | May | Jun | Jul | Aug | Sep | Oct | Nov | Dec 
2020: Jan | Feb | Mar | Apr | May | Jun | Jul | Aug | Sep | Oct | Nov | Dec 
2019: Jan | Feb | Mar | Apr | May | Jun | Jul | Aug | Sep | Oct | Nov | Dec 
2018: Jan | Feb | Mar | Apr | May | Jun | Jul | Aug | Sep | Oct | Nov | Dec 
2017: Jan | Feb | Mar | Apr | May | Jun | Jul | Aug | Sep | Oct | Nov | Dec 
2016: Jan | Feb | Mar | Apr | May | Jun | Jul | Aug | Sep | Oct | Nov | Dec 
2015: Jan | Feb | Mar | Apr | May | Jun | Jul | Aug | Sep | Oct | Nov | Dec 
2014: Jan | Feb | Mar | Apr | May | Jun | Jul | Aug | Sep | Oct | Nov | Dec 
2013: Jan | Feb | Mar | Apr | May | Jun | Jul | Aug | Sep | Oct | Nov | Dec 
2012: Jan | Feb | Mar | Apr | May | Jun | Jul | Aug | Sep | Oct | Nov | Dec 
2011: Jan | Feb | Mar | Apr | May | Jun | Jul | Aug | Sep | Oct | Nov | Dec 
2010: Jan | Feb | Mar | Apr | May | Jun | Jul | Aug | Sep | Oct | Nov | Dec 
2009: Jan | Feb | Mar | Apr | May | Jun | Jul | Aug | Sep | Oct | Nov | Dec 
2008: Jan | Feb | Mar | Apr | May | Jun | Jul | Aug | Sep | Oct | Nov | Dec 
2007: Jan | Feb | Mar | Apr | May | Jun | Jul | Aug | Sep | Oct | Nov | Dec 

Report for 2016 06
MONTHLY CLIMATOLOGICAL SUMMARY for JUN. 2016 NAME: C32 CITY: Las Cruces|East Mesa STATE: NM ELEV: 4474 ft LAT: 32 24' 08" N LONG: 106 41' 01" W TEMPERATURE (F), RAIN (in), WIND SPEED (mph) HEAT COOL AVG MEAN DEG DEG WIND DOM DAY TEMP HIGH TIME LOW TIME DAYS DAYS RAIN SPEED HIGH TIME DIR ------------------------------------------------------------------------------------ 1 68.2 79.9 4:30p 60.0 12:00m 0.7 4.0 0.00 3.1 17.0 4:35p N 2 73.2 89.6 5:15p 56.6 2:25a 2.1 10.4 0.00 2.2 18.0 4:25p E 3 80.6 96.7 3:50p 60.8 5:20a 0.4 16.0 0.00 2.3 21.0 3:50p NE 4 82.9 96.0 4:05p 67.7 5:25a 0.0 17.9 0.00 4.2 27.0 9:45a ESE 5 82.7 95.2 4:30p 67.4 6:25a 0.0 17.7 0.01 3.2 40.0 9:15p S 6 85.3 97.6 3:25p 70.6 6:55a 0.0 20.3 0.00 4.5 30.0 3:25a E 7 85.5 98.5 4:30p 72.7 8:35p 0.0 20.5 0.34 5.7 34.0 8:50p E 8 84.0 99.4 6:00p 66.3 6:50a 0.0 19.0 0.00 4.3 24.0 1:55a S 9 83.7 99.3 3:25p 72.3 6:30a 0.0 18.7 0.00 4.4 24.0 5:40p S 10 85.0 101.8 3:50p 70.1 6:20a 0.0 20.0 0.00 2.8 20.0 5:15p S 11 81.0 93.8 2:50p 70.4 5:35a 0.0 16.0 0.00 3.6 22.0 4:30p S 12 83.3 97.6 4:10p 68.8 5:40a 0.0 18.3 0.00 3.2 19.0 3:45p WSW 13 84.1 94.9 2:50p 74.2 3:20a 0.0 19.1 0.00 4.6 25.0 2:50p WSW 14 80.6 94.5 4:35p 64.5 6:15a 0.0 15.6 0.00 2.6 20.0 12:35p SW 15 83.6 98.2 3:30p 67.7 2:55a 0.0 18.6 0.00 3.7 23.0 5:00p WSW 16 83.1 97.2 4:10p 67.4 5:10a 0.0 18.1 0.00 3.8 22.0 4:40p WSW 17 83.9 101.1 4:00p 60.4 6:20a 0.2 19.1 0.00 2.9 19.0 2:30p E 18 86.7 106.6 3:10p 61.6 6:10a 0.1 21.8 0.00 2.5 21.0 5:00p ESE 19 90.0 101.8 3:20p 71.0 6:25a 0.0 25.0 0.00 3.2 25.0 8:05p S 20 85.5 96.9 2:40p 71.3 5:45a 0.0 20.5 0.00 3.7 26.0 12:00m ESE 21 86.0 97.3 4:40p 71.6 6:20a 0.0 21.0 0.00 2.9 25.0 12:35a E 22 90.2 105.9 4:35p 72.9 6:30a 0.0 25.2 0.00 2.8 18.0 8:30a SSW 23 88.9 103.7 4:55p 72.1 6:15a 0.0 23.9 0.00 3.3 23.0 6:45p WSW 24 87.4 101.8 5:10p 74.1 11:20p 0.0 22.4 0.00 3.8 22.0 6:20p S 25 83.3 99.1 2:45p 72.4 3:20a 0.0 18.3 0.01 2.5 25.0 5:10p E 26 80.3 92.7 11:50a 70.7 5:15a 0.0 15.3 0.02 2.9 23.0 1:05p E 27 81.0 95.4 3:10p 66.3 6:30a 0.0 16.0 0.00 4.5 23.0 11:30p E 28 77.0 87.5 2:05p 72.2 5:40a 0.0 12.0 0.00 5.2 28.0 5:05p E 29 81.3 95.5 4:05p 64.5 6:30a 0.0 16.3 0.00 1.9 24.0 5:50p SE 30 84.8 96.2 2:50p 75.6 6:05a 0.0 19.8 0.00 3.7 20.0 4:05p S ------------------------------------------------------------------------------------- 83.1 106.6 18 56.6 2 3.5 546.8 0.38 3.5 40.0 5 S Max >= 90.0: 27 Max <= 32.0: 0 Min <= 32.0: 0 Min <= 0.0: 0 Max Rain: 0.34 ON 06/07/16 Days of Rain: 2 (>.01 in) 1 (>.1 in) 0 (>1 in) Heat Base: 65.0 Cool Base: 65.0 Method: Integration