NOAA-style Climate Reports

- as reported from this site (LasCruces-Weather.com) beginning 04-03-07

2023: Jan | Feb | Mar | Apr | May | Jun | Jul | Aug | Sep | Oct | Nov | Dec 
2022: Jan | Feb | Mar | Apr | May | Jun | Jul | Aug | Sep | Oct | Nov | Dec 
2021: Jan | Feb | Mar | Apr | May | Jun | Jul | Aug | Sep | Oct | Nov | Dec 
2020: Jan | Feb | Mar | Apr | May | Jun | Jul | Aug | Sep | Oct | Nov | Dec 
2019: Jan | Feb | Mar | Apr | May | Jun | Jul | Aug | Sep | Oct | Nov | Dec 
2018: Jan | Feb | Mar | Apr | May | Jun | Jul | Aug | Sep | Oct | Nov | Dec 
2017: Jan | Feb | Mar | Apr | May | Jun | Jul | Aug | Sep | Oct | Nov | Dec 
2016: Jan | Feb | Mar | Apr | May | Jun | Jul | Aug | Sep | Oct | Nov | Dec 
2015: Jan | Feb | Mar | Apr | May | Jun | Jul | Aug | Sep | Oct | Nov | Dec 
2014: Jan | Feb | Mar | Apr | May | Jun | Jul | Aug | Sep | Oct | Nov | Dec 
2013: Jan | Feb | Mar | Apr | May | Jun | Jul | Aug | Sep | Oct | Nov | Dec 
2012: Jan | Feb | Mar | Apr | May | Jun | Jul | Aug | Sep | Oct | Nov | Dec 
2011: Jan | Feb | Mar | Apr | May | Jun | Jul | Aug | Sep | Oct | Nov | Dec 
2010: Jan | Feb | Mar | Apr | May | Jun | Jul | Aug | Sep | Oct | Nov | Dec 
2009: Jan | Feb | Mar | Apr | May | Jun | Jul | Aug | Sep | Oct | Nov | Dec 
2008: Jan | Feb | Mar | Apr | May | Jun | Jul | Aug | Sep | Oct | Nov | Dec 
2007: Jan | Feb | Mar | Apr | May | Jun | Jul | Aug | Sep | Oct | Nov | Dec 

Report for 2016 05
MONTHLY CLIMATOLOGICAL SUMMARY for MAY. 2016 NAME: C32 CITY: Las Cruces|East Mesa STATE: NM ELEV: 4474 ft LAT: 32 24' 08" N LONG: 106 41' 01" W TEMPERATURE (F), RAIN (in), WIND SPEED (mph) HEAT COOL AVG MEAN DEG DEG WIND DOM DAY TEMP HIGH TIME LOW TIME DAYS DAYS RAIN SPEED HIGH TIME DIR ------------------------------------------------------------------------------------ 1 61.7 71.0 3:05p 49.7 12:00m 4.4 1.1 0.00 4.9 28.0 4:25p E 2 56.5 73.1 5:20p 39.0 6:15a 10.1 1.7 0.00 1.1 20.0 1:05p ESE 3 64.6 80.7 3:55p 45.0 6:50a 5.4 5.1 0.00 1.8 21.0 2:00p E 4 72.2 85.6 4:50p 58.4 7:05a 0.4 7.5 0.00 3.0 21.0 12:50a E 5 74.6 89.6 3:30p 52.4 6:30a 1.9 11.4 0.00 3.3 26.0 10:15p SE 6 78.6 91.3 3:35p 63.5 7:00a 0.0 13.6 0.00 6.2 29.0 3:25p SSW 7 66.7 78.5 4:25p 53.5 6:15a 2.8 4.5 0.00 3.4 22.0 1:20p WSW 8 64.6 75.9 4:10p 52.6 5:05a 3.6 3.2 0.00 5.9 31.0 4:50p WSW 9 65.8 78.8 3:40p 48.5 6:35a 3.8 4.6 0.00 6.5 27.0 10:30a WSW 10 70.5 84.7 4:05p 54.8 5:25a 2.2 7.8 0.00 4.6 23.0 3:35p WSW 11 72.2 88.3 3:15p 52.1 6:25a 2.3 9.5 0.00 2.0 18.0 3:55p WSW 12 73.3 88.8 4:30p 53.7 4:40a 2.1 10.4 0.00 2.9 28.0 3:55p NE 13 76.9 93.2 3:55p 56.8 6:35a 1.0 12.9 0.00 2.3 21.0 4:55p S 14 73.0 88.0 4:25p 63.5 7:45p 0.0 7.9 0.19 4.8 30.0 6:50p S 15 74.1 87.2 5:30p 61.1 6:35a 0.5 9.6 0.00 4.4 24.0 2:00p S 16 73.7 84.9 5:25p 57.9 6:15a 0.8 9.5 0.00 6.1 28.0 10:20a WSW 17 65.7 80.3 2:20p 56.8 11:45p 2.3 3.0 0.27 3.4 23.0 4:45p NE 18 58.8 71.1 12:40p 49.6 12:00m 6.8 0.6 0.08 3.4 24.0 4:20p E 19 62.1 78.4 5:20p 45.7 6:25a 6.5 3.6 0.00 1.4 16.0 2:55p SE 20 74.0 88.1 4:10p 58.7 3:20a 1.2 10.2 0.00 3.3 19.0 2:50p SSW 21 75.6 89.3 4:50p 59.2 5:50a 0.6 11.2 0.00 2.6 24.0 5:45p SE 22 74.7 87.9 3:55p 59.9 6:25a 0.6 10.4 0.00 4.4 24.0 2:00p WSW 23 75.4 89.2 5:25p 61.0 6:55a 0.3 10.8 0.00 4.2 25.0 2:45p SW 24 75.3 88.5 4:05p 60.1 6:30a 0.6 10.9 0.00 5.5 27.0 3:30p WSW 25 75.1 89.5 4:50p 58.0 5:05a 0.8 10.9 0.00 5.2 29.0 4:20p SW 26 70.0 81.0 3:35p 58.6 6:25a 1.0 6.0 0.00 5.6 28.0 12:10p WSW 27 68.6 82.8 4:35p 49.8 5:25a 3.0 6.6 0.00 3.2 43.0 12:10p WSW 28 73.4 89.2 4:45p 55.7 4:50a 1.8 10.1 0.00 2.5 25.0 3:20p ESE 29 78.6 91.6 2:50p 59.2 6:00a 0.4 14.0 0.00 2.6 20.0 5:25p SE 30 75.6 89.7 1:40p 62.4 6:30a 0.1 10.7 0.02 2.5 27.0 4:05p SE 31 73.6 87.7 2:50p 58.5 6:35a 0.6 9.2 0.00 3.4 19.0 4:45p SSW ------------------------------------------------------------------------------------- 70.8 93.2 13 39.0 2 67.9 248.5 0.56 3.8 43.0 27 WSW Max >= 90.0: 3 Max <= 32.0: 0 Min <= 32.0: 0 Min <= 0.0: 0 Max Rain: 0.27 ON 05/17/16 Days of Rain: 4 (>.01 in) 2 (>.1 in) 0 (>1 in) Heat Base: 65.0 Cool Base: 65.0 Method: Integration