NOAA-style Climate Reports

- as reported from this site (LasCruces-Weather.com) beginning 04-03-07

2023: Jan | Feb | Mar | Apr | May | Jun | Jul | Aug | Sep | Oct | Nov | Dec 
2022: Jan | Feb | Mar | Apr | May | Jun | Jul | Aug | Sep | Oct | Nov | Dec 
2021: Jan | Feb | Mar | Apr | May | Jun | Jul | Aug | Sep | Oct | Nov | Dec 
2020: Jan | Feb | Mar | Apr | May | Jun | Jul | Aug | Sep | Oct | Nov | Dec 
2019: Jan | Feb | Mar | Apr | May | Jun | Jul | Aug | Sep | Oct | Nov | Dec 
2018: Jan | Feb | Mar | Apr | May | Jun | Jul | Aug | Sep | Oct | Nov | Dec 
2017: Jan | Feb | Mar | Apr | May | Jun | Jul | Aug | Sep | Oct | Nov | Dec 
2016: Jan | Feb | Mar | Apr | May | Jun | Jul | Aug | Sep | Oct | Nov | Dec 
2015: Jan | Feb | Mar | Apr | May | Jun | Jul | Aug | Sep | Oct | Nov | Dec 
2014: Jan | Feb | Mar | Apr | May | Jun | Jul | Aug | Sep | Oct | Nov | Dec 
2013: Jan | Feb | Mar | Apr | May | Jun | Jul | Aug | Sep | Oct | Nov | Dec 
2012: Jan | Feb | Mar | Apr | May | Jun | Jul | Aug | Sep | Oct | Nov | Dec 
2011: Jan | Feb | Mar | Apr | May | Jun | Jul | Aug | Sep | Oct | Nov | Dec 
2010: Jan | Feb | Mar | Apr | May | Jun | Jul | Aug | Sep | Oct | Nov | Dec 
2009: Jan | Feb | Mar | Apr | May | Jun | Jul | Aug | Sep | Oct | Nov | Dec 
2008: Jan | Feb | Mar | Apr | May | Jun | Jul | Aug | Sep | Oct | Nov | Dec 
2007: Jan | Feb | Mar | Apr | May | Jun | Jul | Aug | Sep | Oct | Nov | Dec 

Report for 2016 04
MONTHLY CLIMATOLOGICAL SUMMARY for APR. 2016 NAME: C32 CITY: Las Cruces|East Mesa STATE: NM ELEV: 4474 ft LAT: 32 24' 08" N LONG: 106 41' 01" W TEMPERATURE (F), RAIN (in), WIND SPEED (mph) HEAT COOL AVG MEAN DEG DEG WIND DOM DAY TEMP HIGH TIME LOW TIME DAYS DAYS RAIN SPEED HIGH TIME DIR ------------------------------------------------------------------------------------ 1 50.0 62.0 3:50p 39.8 4:35a 15.0 0.0 0.00 2.7 19.0 4:10p E 2 50.1 66.7 2:55p 31.3 7:15a 15.0 0.1 0.00 1.2 14.0 1:30p SE 3 57.2 74.9 5:40p 35.9 7:05a 10.0 2.2 0.00 1.9 15.0 2:10p E 4 64.9 82.4 5:35p 45.3 6:40a 5.9 5.7 0.00 1.7 14.0 1:35p SE 5 69.9 86.4 3:15p 49.2 6:55a 3.4 8.4 0.00 4.0 25.0 6:35p WSW 6 65.5 81.8 6:05p 47.9 6:35a 4.4 4.9 0.00 1.7 12.0 9:00a NNE 7 63.2 75.4 1:30p 46.5 7:25a 5.4 3.6 0.00 1.9 18.0 9:30p SE 8 62.3 73.7 3:05p 53.4 6:40a 4.6 1.9 0.18 3.2 19.0 3:55a E 9 62.1 78.4 5:10p 46.6 6:50a 6.5 3.5 0.00 2.2 18.0 4:40p SW 10 63.4 75.8 3:50p 52.3 7:15a 4.4 2.8 0.00 5.9 29.0 4:30p WSW 11 59.8 73.1 3:50p 46.0 6:15a 7.1 1.8 0.00 1.9 15.0 10:55a SW 12 54.4 59.6 6:45p 46.6 2:05p 10.6 0.0 0.20 2.8 21.0 11:25a N 13 60.1 76.4 5:20p 43.2 7:00a 7.9 3.0 0.00 0.9 14.0 4:15p SE 14 68.6 83.8 4:45p 52.6 6:30a 3.3 6.9 0.00 2.7 21.0 2:10p SE 15 69.7 80.8 3:30p 57.1 6:55a 1.3 6.0 0.00 7.2 32.0 5:50p SW 16 57.1 64.3 2:30p 47.1 12:00m 7.9 0.0 0.00 8.3 28.0 12:30p WSW 17 55.8 70.1 4:35p 41.1 6:05a 10.0 0.9 0.00 1.9 19.0 2:10p E 18 62.3 74.9 4:25p 42.3 7:00a 5.7 3.0 0.00 3.1 24.0 2:00p S 19 61.4 77.3 4:40p 43.2 5:40a 7.0 3.4 0.00 2.6 16.0 2:30p N 20 66.9 83.4 3:45p 45.1 6:50a 5.0 6.9 0.00 3.1 22.0 6:05p WSW 21 69.8 86.1 4:05p 49.5 6:50a 3.4 8.1 0.00 2.4 24.0 11:55p NNE 22 70.3 87.0 3:35p 55.5 5:25a 1.7 7.0 0.02 3.8 30.0 6:40p S 23 70.4 84.4 5:45p 53.9 6:40a 2.4 7.8 0.00 4.6 24.0 5:50p SSW 24 69.0 80.6 4:15p 54.2 6:50a 1.7 5.7 0.00 5.4 28.0 2:45p WSW 25 69.5 84.1 3:40p 55.3 6:50a 2.2 6.7 0.00 6.8 31.0 4:00p SW 26 61.6 69.6 4:15p 50.8 6:30a 4.2 0.8 0.00 8.1 32.0 4:15p W 27 62.2 77.2 4:25p 42.7 6:30a 6.2 3.4 0.00 2.9 22.0 1:00p SW 28 67.9 80.3 5:05p 56.4 5:25a 2.3 5.2 0.00 6.0 27.0 3:55p SW 29 61.4 71.0 4:05p 48.3 6:45a 4.7 1.1 0.00 6.9 31.0 3:55p WSW 30 62.9 76.4 4:35p 47.2 4:00a 5.3 3.2 0.00 3.4 21.0 3:30p S ------------------------------------------------------------------------------------- 63.0 87.0 22 31.3 2 174.5 114.0 0.40 3.7 32.0 15 WSW Max >= 90.0: 0 Max <= 32.0: 0 Min <= 32.0: 1 Min <= 0.0: 0 Max Rain: 0.20 ON 04/12/16 Days of Rain: 3 (>.01 in) 2 (>.1 in) 0 (>1 in) Heat Base: 65.0 Cool Base: 65.0 Method: Integration