NOAA-style Climate Reports

- as reported from this site (LasCruces-Weather.com) beginning 04-03-07

2023: Jan | Feb | Mar | Apr | May | Jun | Jul | Aug | Sep | Oct | Nov | Dec 
2022: Jan | Feb | Mar | Apr | May | Jun | Jul | Aug | Sep | Oct | Nov | Dec 
2021: Jan | Feb | Mar | Apr | May | Jun | Jul | Aug | Sep | Oct | Nov | Dec 
2020: Jan | Feb | Mar | Apr | May | Jun | Jul | Aug | Sep | Oct | Nov | Dec 
2019: Jan | Feb | Mar | Apr | May | Jun | Jul | Aug | Sep | Oct | Nov | Dec 
2018: Jan | Feb | Mar | Apr | May | Jun | Jul | Aug | Sep | Oct | Nov | Dec 
2017: Jan | Feb | Mar | Apr | May | Jun | Jul | Aug | Sep | Oct | Nov | Dec 
2016: Jan | Feb | Mar | Apr | May | Jun | Jul | Aug | Sep | Oct | Nov | Dec 
2015: Jan | Feb | Mar | Apr | May | Jun | Jul | Aug | Sep | Oct | Nov | Dec 
2014: Jan | Feb | Mar | Apr | May | Jun | Jul | Aug | Sep | Oct | Nov | Dec 
2013: Jan | Feb | Mar | Apr | May | Jun | Jul | Aug | Sep | Oct | Nov | Dec 
2012: Jan | Feb | Mar | Apr | May | Jun | Jul | Aug | Sep | Oct | Nov | Dec 
2011: Jan | Feb | Mar | Apr | May | Jun | Jul | Aug | Sep | Oct | Nov | Dec 
2010: Jan | Feb | Mar | Apr | May | Jun | Jul | Aug | Sep | Oct | Nov | Dec 
2009: Jan | Feb | Mar | Apr | May | Jun | Jul | Aug | Sep | Oct | Nov | Dec 
2008: Jan | Feb | Mar | Apr | May | Jun | Jul | Aug | Sep | Oct | Nov | Dec 
2007: Jan | Feb | Mar | Apr | May | Jun | Jul | Aug | Sep | Oct | Nov | Dec 

Report for 2016 03
MONTHLY CLIMATOLOGICAL SUMMARY for MAR. 2016 NAME: C32 CITY: Las Cruces|East Mesa STATE: NM ELEV: 4474 ft LAT: 32 24' 08" N LONG: 106 41' 01" W TEMPERATURE (F), RAIN (in), WIND SPEED (mph) HEAT COOL AVG MEAN DEG DEG WIND DOM DAY TEMP HIGH TIME LOW TIME DAYS DAYS RAIN SPEED HIGH TIME DIR ------------------------------------------------------------------------------------ 1 61.8 78.4 3:20p 40.9 6:40a 6.8 3.7 0.00 2.0 17.0 3:30p SSE 2 65.2 82.1 3:45p 48.6 4:50a 4.9 5.1 0.00 5.0 25.0 3:45p SE 3 61.7 80.4 2:10p 44.9 6:10a 7.1 3.8 0.00 1.4 17.0 2:10p S 4 62.3 80.5 4:15p 45.2 6:45a 7.0 4.3 0.00 1.4 16.0 1:45p SW 5 60.1 75.1 4:45p 43.8 6:20a 6.9 2.0 0.00 1.3 11.0 9:35a S 6 64.7 76.2 2:35p 55.3 3:05a 3.2 2.9 0.00 4.2 26.0 1:50p SW 7 56.1 65.9 2:40p 45.9 12:00m 8.9 0.0 0.00 5.1 28.0 4:05p WSW 8 49.9 59.3 1:40p 43.4 12:00m 15.1 0.0 0.00 2.3 14.0 7:15p E 9 51.4 69.3 4:05p 33.9 7:00a 14.2 0.6 0.00 2.9 15.0 2:20p NE 10 55.0 74.0 3:00p 35.5 6:25a 11.9 1.9 0.00 2.0 15.0 11:45a ENE 11 57.4 73.6 3:40p 37.1 5:50a 9.3 1.7 0.00 1.5 14.0 2:40p S 12 59.5 69.5 12:20p 47.5 6:35a 6.3 0.7 0.00 8.7 35.0 2:05p WSW 13 56.5 74.0 3:55p 37.0 7:30a 9.7 1.5 0.00 3.7 25.0 5:35p WSW 14 63.0 75.7 3:00p 48.7 5:55a 5.0 3.0 0.00 7.9 28.0 3:05p WSW 15 62.8 74.9 4:55p 44.2 7:55a 4.7 2.5 0.00 2.7 19.0 10:30a N 16 60.9 78.2 4:25p 42.6 5:20a 7.7 3.6 0.00 2.3 18.0 1:40p SSW 17 61.3 78.5 4:10p 43.9 7:30a 7.3 3.7 0.00 4.3 23.0 5:05p WSW 18 63.1 79.8 3:45p 41.3 6:45a 6.4 4.4 0.00 2.3 22.0 12:50p S 19 55.2 68.9 4:45p 41.6 7:25a 10.2 0.4 0.00 2.2 17.0 1:05a S 20 53.8 68.5 5:25p 39.5 7:45a 11.4 0.3 0.00 2.8 21.0 2:30a ESE 21 59.4 79.4 4:05p 40.2 5:40a 9.4 3.8 0.00 2.1 18.0 3:05p SSW 22 67.4 80.9 3:25p 53.6 7:35a 2.9 5.3 0.00 7.3 34.0 5:45p SW 23 57.3 65.8 3:20p 43.2 10:10p 7.7 0.0 0.00 8.2 33.0 12:25p WSW 24 52.2 68.6 5:05p 33.6 7:35a 13.2 0.4 0.00 2.1 18.0 3:20p SW 25 59.6 74.0 3:50p 44.8 7:25a 7.4 2.0 0.00 4.6 24.0 2:50p S 26 61.4 76.3 3:15p 45.0 7:30a 6.8 3.2 0.00 6.9 34.0 5:55p WSW 27 55.5 72.0 4:20p 35.8 7:15a 10.7 1.3 0.00 2.7 13.0 12:15a NNE 28 62.5 76.8 4:45p 45.1 5:45a 6.0 3.6 0.00 4.7 24.0 2:50p SW 29 64.4 76.9 2:30p 53.8 4:10a 3.6 3.0 0.00 9.8 37.0 11:35a SW 30 55.3 65.2 4:40p 45.8 7:00a 9.7 0.0 0.00 5.5 28.0 12:40p WSW 31 51.9 65.4 2:55p 41.7 5:35a 13.1 0.0 0.00 4.6 23.0 5:05p WSW ------------------------------------------------------------------------------------- 59.0 82.1 2 33.6 24 254.5 68.7 0.00 4.0 37.0 29 WSW Max >= 90.0: 0 Max <= 32.0: 0 Min <= 32.0: 0 Min <= 0.0: 0 Max Rain: 0.00 ON 03/01/16 Days of Rain: 0 (>.01 in) 0 (>.1 in) 0 (>1 in) Heat Base: 65.0 Cool Base: 65.0 Method: Integration