NOAA-style Climate Reports

- as reported from this site (LasCruces-Weather.com) beginning 04-03-07

2023: Jan | Feb | Mar | Apr | May | Jun | Jul | Aug | Sep | Oct | Nov | Dec 
2022: Jan | Feb | Mar | Apr | May | Jun | Jul | Aug | Sep | Oct | Nov | Dec 
2021: Jan | Feb | Mar | Apr | May | Jun | Jul | Aug | Sep | Oct | Nov | Dec 
2020: Jan | Feb | Mar | Apr | May | Jun | Jul | Aug | Sep | Oct | Nov | Dec 
2019: Jan | Feb | Mar | Apr | May | Jun | Jul | Aug | Sep | Oct | Nov | Dec 
2018: Jan | Feb | Mar | Apr | May | Jun | Jul | Aug | Sep | Oct | Nov | Dec 
2017: Jan | Feb | Mar | Apr | May | Jun | Jul | Aug | Sep | Oct | Nov | Dec 
2016: Jan | Feb | Mar | Apr | May | Jun | Jul | Aug | Sep | Oct | Nov | Dec 
2015: Jan | Feb | Mar | Apr | May | Jun | Jul | Aug | Sep | Oct | Nov | Dec 
2014: Jan | Feb | Mar | Apr | May | Jun | Jul | Aug | Sep | Oct | Nov | Dec 
2013: Jan | Feb | Mar | Apr | May | Jun | Jul | Aug | Sep | Oct | Nov | Dec 
2012: Jan | Feb | Mar | Apr | May | Jun | Jul | Aug | Sep | Oct | Nov | Dec 
2011: Jan | Feb | Mar | Apr | May | Jun | Jul | Aug | Sep | Oct | Nov | Dec 
2010: Jan | Feb | Mar | Apr | May | Jun | Jul | Aug | Sep | Oct | Nov | Dec 
2009: Jan | Feb | Mar | Apr | May | Jun | Jul | Aug | Sep | Oct | Nov | Dec 
2008: Jan | Feb | Mar | Apr | May | Jun | Jul | Aug | Sep | Oct | Nov | Dec 
2007: Jan | Feb | Mar | Apr | May | Jun | Jul | Aug | Sep | Oct | Nov | Dec 

Report for 2016 02
MONTHLY CLIMATOLOGICAL SUMMARY for FEB. 2016 NAME: C32 CITY: Las Cruces|East Mesa STATE: NM ELEV: 4474 ft LAT: 32 24' 08" N LONG: 106 41' 01" W TEMPERATURE (F), RAIN (in), WIND SPEED (mph) HEAT COOL AVG MEAN DEG DEG WIND DOM DAY TEMP HIGH TIME LOW TIME DAYS DAYS RAIN SPEED HIGH TIME DIR ------------------------------------------------------------------------------------ 1 43.6 53.5 5:25a 33.6 11:55p 21.4 0.0 0.04 11.5 38.0 2:25p WSW 2 36.1 44.1 2:15p 27.8 11:20p 28.9 0.0 0.00 7.5 24.0 2:40a WSW 3 31.6 43.6 4:00p 21.4 4:45a 33.4 0.0 0.00 3.2 20.0 12:30p NE 4 31.4 48.3 4:05p 16.4 7:00a 33.6 0.0 0.00 2.9 16.0 1:15p NNE 5 35.4 51.6 3:20p 20.6 3:55a 29.6 0.0 0.00 6.3 27.0 1:25p N 6 37.6 56.9 5:15p 21.8 5:05a 27.4 0.0 0.00 2.4 13.0 8:10a NE 7 43.7 65.1 3:20p 23.5 5:10a 21.3 0.0 0.00 2.6 12.0 7:35a NNE 8 45.7 62.7 3:15p 30.8 7:20a 19.3 0.0 0.00 2.1 16.0 5:25a NE 9 47.1 66.0 4:30p 30.1 5:45a 18.0 0.0 0.00 1.1 10.0 12:35p E 10 50.3 69.7 3:55p 32.0 6:15a 15.5 0.8 0.00 1.6 11.0 2:10p SE 11 52.9 74.8 5:10p 31.9 6:45a 13.9 1.8 0.00 2.1 14.0 12:00p SE 12 53.4 73.9 3:15p 34.4 4:00a 13.5 1.9 0.00 2.0 11.0 9:35a NE 13 54.8 74.5 4:00p 37.8 6:10a 12.1 1.9 0.00 2.0 16.0 12:35p E 14 56.0 74.2 2:15p 40.0 4:35a 11.1 2.0 0.00 2.4 13.0 2:30p NE 15 53.8 70.8 3:10p 39.5 7:20a 12.1 1.0 0.00 2.8 15.0 12:25p NE 16 54.4 73.3 3:05p 37.4 7:20a 12.2 1.7 0.00 2.0 13.0 6:15a ESE 17 57.8 78.4 3:10p 37.1 5:55a 10.3 3.1 0.00 1.4 15.0 3:55p E 18 65.7 80.8 3:10p 50.1 5:30a 3.9 4.7 0.00 3.8 25.0 5:10p S 19 64.9 77.0 1:30p 52.3 6:30a 3.5 3.4 0.00 1.4 15.0 1:20p SE 20 62.2 78.2 2:05p 42.6 6:55a 6.2 3.4 0.00 1.0 11.0 1:10p SE 21 62.7 79.9 2:45p 51.2 5:55a 5.7 3.4 0.00 2.4 18.0 3:15p E 22 55.3 71.7 2:30p 39.8 5:45a 10.7 1.0 0.00 4.3 34.0 3:50p WSW 23 45.9 56.6 12:55p 37.3 6:30a 19.1 0.0 0.00 6.3 26.0 11:45a NNE 24 42.4 58.5 4:45p 26.5 6:45a 22.6 0.0 0.00 1.5 11.0 1:45p N 25 47.3 66.9 3:30p 28.1 4:35a 17.7 0.1 0.00 1.9 12.0 8:35a NE 26 50.2 69.9 4:10p 31.6 4:55a 15.5 0.7 0.00 0.9 9.0 2:30p ESE 27 56.7 75.3 3:45p 35.3 5:50a 10.6 2.3 0.00 2.1 17.0 4:20p S 28 60.3 77.2 3:35p 39.5 6:45a 7.8 3.1 0.00 1.3 11.0 2:35p SE 29 61.0 79.0 3:00p 42.5 5:45a 7.2 3.2 0.00 3.0 23.0 4:35p SW ------------------------------------------------------------------------------------- 50.4 80.8 18 16.4 4 464.1 39.5 0.04 3.0 38.0 1 NE Max >= 90.0: 0 Max <= 32.0: 0 Min <= 32.0: 13 Min <= 0.0: 0 Max Rain: 0.04 ON 02/01/16 Days of Rain: 1 (>.01 in) 0 (>.1 in) 0 (>1 in) Heat Base: 65.0 Cool Base: 65.0 Method: Integration