NOAA-style Climate Reports

- as reported from this site (LasCruces-Weather.com) beginning 04-03-07

2023: Jan | Feb | Mar | Apr | May | Jun | Jul | Aug | Sep | Oct | Nov | Dec 
2022: Jan | Feb | Mar | Apr | May | Jun | Jul | Aug | Sep | Oct | Nov | Dec 
2021: Jan | Feb | Mar | Apr | May | Jun | Jul | Aug | Sep | Oct | Nov | Dec 
2020: Jan | Feb | Mar | Apr | May | Jun | Jul | Aug | Sep | Oct | Nov | Dec 
2019: Jan | Feb | Mar | Apr | May | Jun | Jul | Aug | Sep | Oct | Nov | Dec 
2018: Jan | Feb | Mar | Apr | May | Jun | Jul | Aug | Sep | Oct | Nov | Dec 
2017: Jan | Feb | Mar | Apr | May | Jun | Jul | Aug | Sep | Oct | Nov | Dec 
2016: Jan | Feb | Mar | Apr | May | Jun | Jul | Aug | Sep | Oct | Nov | Dec 
2015: Jan | Feb | Mar | Apr | May | Jun | Jul | Aug | Sep | Oct | Nov | Dec 
2014: Jan | Feb | Mar | Apr | May | Jun | Jul | Aug | Sep | Oct | Nov | Dec 
2013: Jan | Feb | Mar | Apr | May | Jun | Jul | Aug | Sep | Oct | Nov | Dec 
2012: Jan | Feb | Mar | Apr | May | Jun | Jul | Aug | Sep | Oct | Nov | Dec 
2011: Jan | Feb | Mar | Apr | May | Jun | Jul | Aug | Sep | Oct | Nov | Dec 
2010: Jan | Feb | Mar | Apr | May | Jun | Jul | Aug | Sep | Oct | Nov | Dec 
2009: Jan | Feb | Mar | Apr | May | Jun | Jul | Aug | Sep | Oct | Nov | Dec 
2008: Jan | Feb | Mar | Apr | May | Jun | Jul | Aug | Sep | Oct | Nov | Dec 
2007: Jan | Feb | Mar | Apr | May | Jun | Jul | Aug | Sep | Oct | Nov | Dec 

Report for 2016 01
MONTHLY CLIMATOLOGICAL SUMMARY for JAN. 2016 NAME: C32 CITY: Las Cruces|East Mesa STATE: NM ELEV: 4474 ft LAT: 32 24' 08" N LONG: 106 41' 01" W TEMPERATURE (F), RAIN (in), WIND SPEED (mph) HEAT COOL AVG MEAN DEG DEG WIND DOM DAY TEMP HIGH TIME LOW TIME DAYS DAYS RAIN SPEED HIGH TIME DIR ------------------------------------------------------------------------------------ 1 37.2 40.7 12:30p 33.7 4:50a 27.8 0.0 0.00 1.3 10.0 12:05p E 2 36.1 44.6 3:45p 29.0 11:30p 28.9 0.0 0.00 1.4 11.0 3:25p N 3 35.6 52.5 4:20p 22.9 6:35a 29.4 0.0 0.00 0.8 10.0 1:20p NE 4 37.8 47.4 2:20p 27.8 4:15a 27.2 0.0 0.01 1.7 12.0 9:00p E 5 41.7 48.3 4:05p 37.0 6:40a 23.3 0.0 0.17 0.8 9.0 5:35a SSW 6 44.0 52.6 2:40p 38.9 12:25a 21.0 0.0 0.09 3.7 23.0 2:25p WSW 7 43.0 53.4 3:20p 36.2 3:05a 22.0 0.0 0.01 5.0 30.0 8:40p SSW 8 38.5 44.8 12:15p 32.1 11:50p 26.5 0.0 0.00 6.4 25.0 3:20p SSW 9 36.5 47.6 4:05p 25.8 7:10a 28.5 0.0 0.00 1.8 12.0 1:20p SSE 10 35.0 44.3 3:25p 25.2 7:35a 30.0 0.0 0.00 1.4 12.0 12:00p S 11 36.1 46.1 3:00p 26.5 7:40a 28.9 0.0 0.00 3.2 17.0 1:40p NNE 12 35.2 52.4 4:35p 22.3 7:45a 29.8 0.0 0.00 1.9 10.0 9:10a NE 13 37.5 55.7 4:15p 24.9 6:45a 27.5 0.0 0.00 2.8 12.0 9:45a NE 14 43.2 61.7 3:40p 23.6 5:10a 21.8 0.0 0.00 3.6 21.0 5:00p WSW 15 43.8 55.5 1:35p 29.9 6:45a 21.2 0.0 0.00 6.3 28.0 1:10p WNW 16 40.8 53.0 3:30p 28.2 5:20a 24.2 0.0 0.00 1.4 10.0 12:10a NE 17 45.9 63.6 4:00p 32.3 7:50a 19.1 0.0 0.00 2.2 18.0 5:00p NNE 18 46.5 61.4 3:55p 29.7 7:00a 18.5 0.0 0.00 2.9 15.0 2:05p S 19 50.8 63.2 3:10p 42.1 6:45a 14.2 0.0 0.00 1.8 17.0 11:40a S 20 53.3 65.5 2:55p 42.9 7:25a 11.7 0.0 0.00 4.1 25.0 4:30p S 21 42.6 55.2 4:05p 32.6 11:35p 22.4 0.0 0.00 3.8 20.0 1:40a N 22 41.0 58.5 3:20p 27.9 1:55a 24.0 0.0 0.00 1.9 11.0 8:25a ESE 23 44.8 62.5 4:45p 28.2 6:00a 20.2 0.0 0.00 1.4 9.0 2:15p SSW 24 52.9 65.9 2:25p 41.2 8:15a 12.1 0.1 0.00 5.7 30.0 1:50p S 25 44.6 57.6 3:50p 30.1 7:20a 20.4 0.0 0.00 2.0 14.0 1:40p NE 26 39.0 52.7 3:50p 26.7 7:20a 26.0 0.0 0.00 4.9 16.0 9:15a N 27 36.7 52.6 3:35p 22.6 5:40a 28.3 0.0 0.00 1.3 9.0 1:05p ESE 28 42.0 59.6 3:40p 26.2 4:20a 23.0 0.0 0.00 1.5 8.0 8:55a SE 29 49.5 67.4 3:55p 31.8 5:25a 15.6 0.1 0.00 2.8 16.0 2:15p S 30 56.0 68.8 2:55p 43.8 1:05a 9.5 0.5 0.00 6.0 26.0 2:10p S 31 57.0 68.1 2:40p 47.5 5:20a 8.4 0.4 0.00 7.3 27.0 12:40p S ------------------------------------------------------------------------------------- 42.7 68.8 30 22.3 12 691.4 1.1 0.28 3.0 30.0 7 S Max >= 90.0: 0 Max <= 32.0: 0 Min <= 32.0: 19 Min <= 0.0: 0 Max Rain: 0.17 ON 01/05/16 Days of Rain: 2 (>.01 in) 1 (>.1 in) 0 (>1 in) Heat Base: 65.0 Cool Base: 65.0 Method: Integration