NOAA-style Climate Reports

- as reported from this site (LasCruces-Weather.com) beginning 04-03-07

2023: Jan | Feb | Mar | Apr | May | Jun | Jul | Aug | Sep | Oct | Nov | Dec 
2022: Jan | Feb | Mar | Apr | May | Jun | Jul | Aug | Sep | Oct | Nov | Dec 
2021: Jan | Feb | Mar | Apr | May | Jun | Jul | Aug | Sep | Oct | Nov | Dec 
2020: Jan | Feb | Mar | Apr | May | Jun | Jul | Aug | Sep | Oct | Nov | Dec 
2019: Jan | Feb | Mar | Apr | May | Jun | Jul | Aug | Sep | Oct | Nov | Dec 
2018: Jan | Feb | Mar | Apr | May | Jun | Jul | Aug | Sep | Oct | Nov | Dec 
2017: Jan | Feb | Mar | Apr | May | Jun | Jul | Aug | Sep | Oct | Nov | Dec 
2016: Jan | Feb | Mar | Apr | May | Jun | Jul | Aug | Sep | Oct | Nov | Dec 
2015: Jan | Feb | Mar | Apr | May | Jun | Jul | Aug | Sep | Oct | Nov | Dec 
2014: Jan | Feb | Mar | Apr | May | Jun | Jul | Aug | Sep | Oct | Nov | Dec 
2013: Jan | Feb | Mar | Apr | May | Jun | Jul | Aug | Sep | Oct | Nov | Dec 
2012: Jan | Feb | Mar | Apr | May | Jun | Jul | Aug | Sep | Oct | Nov | Dec 
2011: Jan | Feb | Mar | Apr | May | Jun | Jul | Aug | Sep | Oct | Nov | Dec 
2010: Jan | Feb | Mar | Apr | May | Jun | Jul | Aug | Sep | Oct | Nov | Dec 
2009: Jan | Feb | Mar | Apr | May | Jun | Jul | Aug | Sep | Oct | Nov | Dec 
2008: Jan | Feb | Mar | Apr | May | Jun | Jul | Aug | Sep | Oct | Nov | Dec 
2007: Jan | Feb | Mar | Apr | May | Jun | Jul | Aug | Sep | Oct | Nov | Dec 

Report for 2015 12
MONTHLY CLIMATOLOGICAL SUMMARY for DEC. 2015 NAME: C32 CITY: Las Cruces|East Mesa STATE: NM ELEV: 4474 ft LAT: 32 24' 08" N LONG: 106 41' 01" W TEMPERATURE (F), RAIN (in), WIND SPEED (mph) HEAT COOL AVG MEAN DEG DEG WIND DOM DAY TEMP HIGH TIME LOW TIME DAYS DAYS RAIN SPEED HIGH TIME DIR ------------------------------------------------------------------------------------ 1 40.6 55.9 3:40p 28.4 6:55a 24.4 0.0 0.00 2.7 12.0 8:30a ENE 2 39.3 56.3 3:25p 26.9 5:55a 25.7 0.0 0.00 2.4 12.0 3:10a NNE 3 41.4 59.7 3:35p 28.3 6:15a 23.6 0.0 0.00 1.4 10.0 8:15a NE 4 44.8 62.0 2:30p 30.4 2:30a 20.2 0.0 0.00 1.8 14.0 1:40p NE 5 48.0 64.2 4:20p 38.0 11:40p 17.0 0.0 0.00 1.3 12.0 11:40p ESE 6 43.9 59.7 4:15p 31.2 6:45a 21.1 0.0 0.00 2.4 15.0 1:20a E 7 42.7 61.2 2:35p 31.0 7:00a 22.3 0.0 0.00 1.9 9.0 8:10a E 8 43.7 61.6 3:55p 28.1 6:25a 21.3 0.0 0.00 1.2 8.0 3:45a E 9 51.0 67.3 2:45p 34.6 7:45a 14.3 0.2 0.00 1.4 12.0 11:15p N 10 55.9 70.4 2:05p 38.7 7:45a 9.9 0.8 0.00 2.7 15.0 2:05p S 11 59.0 71.2 1:20p 43.9 6:50a 7.0 1.0 0.00 4.7 22.0 1:20p SSW 12 45.6 56.8 12:05a 37.4 9:00p 19.4 0.0 0.13 6.8 27.0 4:35p WSW 13 43.2 54.1 3:30p 34.0 7:35a 21.8 0.0 0.00 5.0 20.0 12:35a WSW 14 46.6 61.3 3:35p 36.4 7:30a 18.4 0.0 0.00 7.1 30.0 7:05p S 15 38.2 44.7 1:20p 28.3 12:00m 26.8 0.0 0.00 6.8 29.0 3:00p WSW 16 34.2 46.4 3:45p 22.3 7:25a 30.8 0.0 0.00 2.8 13.0 4:00p NE 17 36.6 51.4 3:35p 27.1 6:55a 28.4 0.0 0.00 2.2 10.0 12:15a S 18 37.8 57.2 4:40p 23.4 5:20a 27.2 0.0 0.00 1.8 11.0 8:15a NNE 19 43.3 60.2 3:50p 25.0 5:50a 21.7 0.0 0.00 2.6 14.0 8:50p NE 20 50.3 61.9 1:25p 40.6 12:00m 14.7 0.0 0.00 4.6 29.0 1:30p S 21 46.7 58.7 2:50p 38.7 5:25a 18.3 0.0 0.00 2.3 14.0 10:55a S 22 47.8 54.1 4:35p 40.4 5:25a 17.2 0.0 0.00 6.5 26.0 4:10p WSW 23 51.2 58.4 12:55p 44.9 1:30a 13.8 0.0 0.00 7.5 29.0 2:10p WSW 24 51.1 60.4 2:10p 43.3 9:45p 13.9 0.0 0.00 3.3 23.0 1:40p WSW 25 52.4 63.0 3:25p 42.3 2:50a 12.6 0.0 0.00 5.5 21.0 1:50p S 26 35.5 45.4 12:20a 28.8 11:40p 29.5 0.0 0.00 2.1 15.0 8:45a N 27 29.8 37.4 4:20p 22.8 11:15p 35.2 0.0 0.15 4.4 19.0 2:25p NNE 28 27.0 40.6 1:55p 16.4 3:00a 38.0 0.0 0.22 1.4 9.0 7:55a ESE 29 32.6 43.6 2:45p 22.0 2:45a 32.4 0.0 0.05 2.6 14.0 1:40p S 30 35.6 47.6 4:10p 27.3 7:40a 29.4 0.0 0.00 1.7 8.0 10:10a SE 31 35.4 45.7 4:00p 28.1 5:50a 29.6 0.0 0.00 3.5 13.0 7:40p N ------------------------------------------------------------------------------------- 42.9 71.2 11 16.4 28 685.9 2.0 0.55 3.4 30.0 14 S Max >= 90.0: 0 Max <= 32.0: 0 Min <= 32.0: 18 Min <= 0.0: 0 Max Rain: 0.22 ON 12/28/15 Days of Rain: 4 (>.01 in) 3 (>.1 in) 0 (>1 in) Heat Base: 65.0 Cool Base: 65.0 Method: Integration