NOAA-style Climate Reports

- as reported from this site (LasCruces-Weather.com) beginning 04-03-07

2023: Jan | Feb | Mar | Apr | May | Jun | Jul | Aug | Sep | Oct | Nov | Dec 
2022: Jan | Feb | Mar | Apr | May | Jun | Jul | Aug | Sep | Oct | Nov | Dec 
2021: Jan | Feb | Mar | Apr | May | Jun | Jul | Aug | Sep | Oct | Nov | Dec 
2020: Jan | Feb | Mar | Apr | May | Jun | Jul | Aug | Sep | Oct | Nov | Dec 
2019: Jan | Feb | Mar | Apr | May | Jun | Jul | Aug | Sep | Oct | Nov | Dec 
2018: Jan | Feb | Mar | Apr | May | Jun | Jul | Aug | Sep | Oct | Nov | Dec 
2017: Jan | Feb | Mar | Apr | May | Jun | Jul | Aug | Sep | Oct | Nov | Dec 
2016: Jan | Feb | Mar | Apr | May | Jun | Jul | Aug | Sep | Oct | Nov | Dec 
2015: Jan | Feb | Mar | Apr | May | Jun | Jul | Aug | Sep | Oct | Nov | Dec 
2014: Jan | Feb | Mar | Apr | May | Jun | Jul | Aug | Sep | Oct | Nov | Dec 
2013: Jan | Feb | Mar | Apr | May | Jun | Jul | Aug | Sep | Oct | Nov | Dec 
2012: Jan | Feb | Mar | Apr | May | Jun | Jul | Aug | Sep | Oct | Nov | Dec 
2011: Jan | Feb | Mar | Apr | May | Jun | Jul | Aug | Sep | Oct | Nov | Dec 
2010: Jan | Feb | Mar | Apr | May | Jun | Jul | Aug | Sep | Oct | Nov | Dec 
2009: Jan | Feb | Mar | Apr | May | Jun | Jul | Aug | Sep | Oct | Nov | Dec 
2008: Jan | Feb | Mar | Apr | May | Jun | Jul | Aug | Sep | Oct | Nov | Dec 
2007: Jan | Feb | Mar | Apr | May | Jun | Jul | Aug | Sep | Oct | Nov | Dec 

Report for 2015 11
MONTHLY CLIMATOLOGICAL SUMMARY for NOV. 2015 NAME: C32 CITY: Las Cruces|East Mesa STATE: NM ELEV: 4474 ft LAT: 32 24' 08" N LONG: 106 41' 01" W TEMPERATURE (F), RAIN (in), WIND SPEED (mph) HEAT COOL AVG MEAN DEG DEG WIND DOM DAY TEMP HIGH TIME LOW TIME DAYS DAYS RAIN SPEED HIGH TIME DIR ------------------------------------------------------------------------------------ 1 56.7 71.3 3:30p 42.3 6:05a 9.3 1.0 0.00 1.0 10.0 12:50p SE 2 59.6 73.7 3:10p 44.1 6:45a 7.2 1.8 0.00 1.1 12.0 3:20p SSW 3 63.1 74.5 1:40p 49.6 5:00a 4.4 2.5 0.00 2.5 21.0 2:10p S 4 59.1 66.7 4:00p 46.5 12:00m 6.1 0.1 0.03 4.5 27.0 1:55p SSW 5 50.5 62.4 3:15p 40.1 12:00m 14.5 0.0 0.00 2.9 24.0 9:50a W 6 48.6 65.5 4:00p 33.7 6:50a 16.4 0.0 0.00 2.1 11.0 8:25a NNE 7 51.2 64.8 2:15p 39.2 6:30a 13.8 0.0 0.00 6.4 22.0 7:40p E 8 52.2 64.8 3:40p 39.0 7:00a 12.8 0.0 0.00 0.8 11.0 2:55a ESE 9 55.7 70.9 3:05p 41.7 6:45a 10.2 0.9 0.00 2.0 17.0 4:15p SSW 10 59.6 72.2 3:35p 47.2 5:25a 6.8 1.4 0.00 5.1 25.0 12:45p SW 11 49.6 59.5 2:55p 36.0 12:00m 15.4 0.0 0.00 3.4 18.0 2:15a NNW 12 46.1 61.9 4:05p 30.1 7:05a 18.9 0.0 0.00 1.9 11.0 9:45p NE 13 49.3 66.3 2:25p 33.3 5:40a 15.8 0.1 0.00 1.3 12.0 7:25a NNE 14 54.4 70.6 2:55p 38.0 7:00a 11.4 0.8 0.00 1.8 16.0 10:00p NNE 15 59.0 62.4 11:55a 55.4 7:25p 6.0 0.0 0.02 6.8 27.0 12:20p S 16 51.7 66.5 1:05p 36.7 12:00m 13.3 0.0 0.00 10.4 41.0 12:45p S 17 44.1 56.9 3:40p 34.6 6:35a 20.9 0.0 0.00 5.9 19.0 10:35a SSW 18 46.1 62.3 4:00p 31.7 6:40a 18.9 0.0 0.00 1.8 10.0 8:40a ESE 19 48.1 65.5 3:30p 35.0 7:15a 16.9 0.0 0.00 1.7 10.0 3:45p E 20 50.3 68.0 3:30p 34.7 7:20a 15.0 0.3 0.00 1.1 9.0 9:25a ENE 21 46.8 58.2 1:45p 34.5 12:00m 18.2 0.0 0.00 2.8 17.0 10:40a E 22 42.2 60.2 3:45p 28.5 6:25a 22.8 0.0 0.00 1.0 9.0 2:30p ENE 23 44.2 60.5 3:50p 31.9 5:20a 20.8 0.0 0.00 1.3 9.0 8:05a NNE 24 52.2 68.9 2:45p 33.5 7:00a 13.2 0.4 0.00 2.6 15.0 2:10p SSW 25 59.1 72.5 4:05p 42.9 7:30a 7.5 1.6 0.12 3.1 18.0 7:10p S 26 55.4 60.1 12:55p 52.4 8:10a 9.6 0.0 0.52 1.5 18.0 1:05a S 27 53.2 64.9 11:10a 43.7 10:30p 11.8 0.0 0.25 1.3 20.0 11:35a NNW 28 45.8 53.6 3:10p 42.3 7:20a 19.2 0.0 0.00 0.6 9.0 2:55p W 29 49.7 58.8 3:15p 42.9 11:40p 15.3 0.0 0.00 1.6 18.0 3:15p SSW 30 45.1 55.4 1:45p 36.6 7:00a 19.9 0.0 0.00 2.4 12.0 6:05a S ------------------------------------------------------------------------------------- 51.6 74.5 3 28.5 22 412.3 10.9 0.94 2.8 41.0 16 S Max >= 90.0: 0 Max <= 32.0: 0 Min <= 32.0: 4 Min <= 0.0: 0 Max Rain: 0.52 ON 11/26/15 Days of Rain: 5 (>.01 in) 3 (>.1 in) 0 (>1 in) Heat Base: 65.0 Cool Base: 65.0 Method: Integration