NOAA-style Climate Reports

- as reported from this site (LasCruces-Weather.com) beginning 04-03-07

2023: Jan | Feb | Mar | Apr | May | Jun | Jul | Aug | Sep | Oct | Nov | Dec 
2022: Jan | Feb | Mar | Apr | May | Jun | Jul | Aug | Sep | Oct | Nov | Dec 
2021: Jan | Feb | Mar | Apr | May | Jun | Jul | Aug | Sep | Oct | Nov | Dec 
2020: Jan | Feb | Mar | Apr | May | Jun | Jul | Aug | Sep | Oct | Nov | Dec 
2019: Jan | Feb | Mar | Apr | May | Jun | Jul | Aug | Sep | Oct | Nov | Dec 
2018: Jan | Feb | Mar | Apr | May | Jun | Jul | Aug | Sep | Oct | Nov | Dec 
2017: Jan | Feb | Mar | Apr | May | Jun | Jul | Aug | Sep | Oct | Nov | Dec 
2016: Jan | Feb | Mar | Apr | May | Jun | Jul | Aug | Sep | Oct | Nov | Dec 
2015: Jan | Feb | Mar | Apr | May | Jun | Jul | Aug | Sep | Oct | Nov | Dec 
2014: Jan | Feb | Mar | Apr | May | Jun | Jul | Aug | Sep | Oct | Nov | Dec 
2013: Jan | Feb | Mar | Apr | May | Jun | Jul | Aug | Sep | Oct | Nov | Dec 
2012: Jan | Feb | Mar | Apr | May | Jun | Jul | Aug | Sep | Oct | Nov | Dec 
2011: Jan | Feb | Mar | Apr | May | Jun | Jul | Aug | Sep | Oct | Nov | Dec 
2010: Jan | Feb | Mar | Apr | May | Jun | Jul | Aug | Sep | Oct | Nov | Dec 
2009: Jan | Feb | Mar | Apr | May | Jun | Jul | Aug | Sep | Oct | Nov | Dec 
2008: Jan | Feb | Mar | Apr | May | Jun | Jul | Aug | Sep | Oct | Nov | Dec 
2007: Jan | Feb | Mar | Apr | May | Jun | Jul | Aug | Sep | Oct | Nov | Dec 

Report for 2015 10
MONTHLY CLIMATOLOGICAL SUMMARY for OCT. 2015 NAME: C32 CITY: Las Cruces|East Mesa STATE: NM ELEV: 4474 ft LAT: 32 24' 08" N LONG: 106 41' 01" W TEMPERATURE (F), RAIN (in), WIND SPEED (mph) HEAT COOL AVG MEAN DEG DEG WIND DOM DAY TEMP HIGH TIME LOW TIME DAYS DAYS RAIN SPEED HIGH TIME DIR ------------------------------------------------------------------------------------ 1 79.0 94.0 4:05p 61.5 7:25a 0.3 14.3 0.00 1.4 15.0 3:15p SW 2 79.9 94.3 3:20p 64.7 7:20a 0.0 14.9 0.00 3.1 22.0 2:55p SSW 3 71.1 82.9 12:00p 64.1 11:30p 0.0 6.1 0.53 2.0 20.0 4:40p S 4 62.9 68.4 4:20p 60.3 11:35p 2.5 0.4 0.50 1.8 16.0 9:45p E 5 64.6 76.2 4:55p 57.4 7:25a 2.7 2.4 0.00 0.8 13.0 3:20p E 6 67.3 80.2 4:05p 56.4 6:25a 2.6 4.9 0.00 0.9 13.0 10:10p S 7 62.6 70.6 4:35p 56.7 4:50a 3.4 0.9 0.00 2.2 15.0 10:05a N 8 62.4 73.5 4:10p 51.4 7:25a 4.4 1.9 0.00 2.3 17.0 8:35p E 9 66.3 73.2 4:00p 59.3 7:55a 1.3 2.7 0.00 2.5 23.0 9:30a E 10 66.3 78.5 3:15p 56.2 7:30a 2.6 3.9 0.00 0.6 10.0 3:20p N 11 72.1 86.6 4:15p 58.4 6:00a 1.5 8.6 0.00 0.9 13.0 3:15p SE 12 72.9 88.7 2:45p 58.8 7:45a 1.0 8.9 0.00 1.3 13.0 9:35a NNE 13 71.7 88.4 5:00p 56.4 6:30a 1.7 8.4 0.00 0.8 9.0 11:40a SE 14 72.9 89.3 3:20p 56.8 7:05a 1.0 8.9 0.00 1.0 12.0 2:55p SE 15 75.2 90.2 3:35p 59.4 5:05a 0.7 10.9 0.00 1.1 12.0 1:55p SE 16 70.1 76.9 12:05a 61.5 11:55p 0.3 5.4 0.00 6.1 30.0 4:50p E 17 65.5 75.2 3:20p 57.0 7:00a 2.5 3.0 0.00 1.0 18.0 8:25p SSW 18 67.2 79.2 3:20p 56.4 5:10a 2.6 4.8 0.00 1.9 16.0 12:40p S 19 70.3 83.6 3:00p 57.8 7:45a 0.7 6.0 0.03 2.9 22.0 10:10p S 20 65.8 80.6 2:10p 57.1 11:55p 2.5 3.4 0.14 1.9 20.0 4:40p S 21 57.0 68.9 11:15a 51.3 12:00m 8.3 0.3 0.41 2.8 17.0 1:30p N 22 56.6 69.0 4:30p 48.4 7:40a 8.8 0.5 0.00 1.4 14.0 3:10p NE 23 59.0 72.6 3:35p 46.1 7:45a 7.7 1.7 0.00 0.9 10.0 2:05p N 24 59.2 71.8 3:20p 46.3 6:05a 7.3 1.5 0.00 3.7 18.0 1:45p ESE 25 59.1 72.0 4:10p 45.6 7:50a 7.2 1.3 0.00 0.8 13.0 12:45p SW 26 60.7 75.0 3:50p 47.0 7:30a 6.5 2.2 0.00 0.9 13.0 1:25p SW 27 63.4 77.6 4:30p 49.3 7:40a 5.2 3.6 0.00 1.9 17.0 2:35p E 28 60.6 73.2 2:50p 46.6 6:25a 6.2 1.9 0.00 1.1 12.0 10:30a E 29 56.6 65.3 10:05a 52.1 11:00a 8.4 0.0 0.31 1.6 28.0 10:25a S 30 52.6 61.5 3:30p 46.4 12:00m 12.4 0.0 0.32 1.8 17.0 4:10p SSW 31 52.9 66.5 4:20p 42.2 7:25a 12.2 0.1 0.01 1.9 14.0 5:15p NNW ------------------------------------------------------------------------------------- 65.3 94.3 2 42.2 31 124.5 133.8 2.25 1.8 30.0 16 S Max >= 90.0: 3 Max <= 32.0: 0 Min <= 32.0: 0 Min <= 0.0: 0 Max Rain: 0.53 ON 10/03/15 Days of Rain: 7 (>.01 in) 6 (>.1 in) 0 (>1 in) Heat Base: 65.0 Cool Base: 65.0 Method: Integration