NOAA-style Climate Reports

- as reported from this site (LasCruces-Weather.com) beginning 04-03-07

2023: Jan | Feb | Mar | Apr | May | Jun | Jul | Aug | Sep | Oct | Nov | Dec 
2022: Jan | Feb | Mar | Apr | May | Jun | Jul | Aug | Sep | Oct | Nov | Dec 
2021: Jan | Feb | Mar | Apr | May | Jun | Jul | Aug | Sep | Oct | Nov | Dec 
2020: Jan | Feb | Mar | Apr | May | Jun | Jul | Aug | Sep | Oct | Nov | Dec 
2019: Jan | Feb | Mar | Apr | May | Jun | Jul | Aug | Sep | Oct | Nov | Dec 
2018: Jan | Feb | Mar | Apr | May | Jun | Jul | Aug | Sep | Oct | Nov | Dec 
2017: Jan | Feb | Mar | Apr | May | Jun | Jul | Aug | Sep | Oct | Nov | Dec 
2016: Jan | Feb | Mar | Apr | May | Jun | Jul | Aug | Sep | Oct | Nov | Dec 
2015: Jan | Feb | Mar | Apr | May | Jun | Jul | Aug | Sep | Oct | Nov | Dec 
2014: Jan | Feb | Mar | Apr | May | Jun | Jul | Aug | Sep | Oct | Nov | Dec 
2013: Jan | Feb | Mar | Apr | May | Jun | Jul | Aug | Sep | Oct | Nov | Dec 
2012: Jan | Feb | Mar | Apr | May | Jun | Jul | Aug | Sep | Oct | Nov | Dec 
2011: Jan | Feb | Mar | Apr | May | Jun | Jul | Aug | Sep | Oct | Nov | Dec 
2010: Jan | Feb | Mar | Apr | May | Jun | Jul | Aug | Sep | Oct | Nov | Dec 
2009: Jan | Feb | Mar | Apr | May | Jun | Jul | Aug | Sep | Oct | Nov | Dec 
2008: Jan | Feb | Mar | Apr | May | Jun | Jul | Aug | Sep | Oct | Nov | Dec 
2007: Jan | Feb | Mar | Apr | May | Jun | Jul | Aug | Sep | Oct | Nov | Dec 

Report for 2015 09
MONTHLY CLIMATOLOGICAL SUMMARY for SEP. 2015 NAME: C32 CITY: Las Cruces|East Mesa STATE: NM ELEV: 4474 ft LAT: 32 24' 08" N LONG: 106 41' 01" W TEMPERATURE (F), RAIN (in), WIND SPEED (mph) HEAT COOL AVG MEAN DEG DEG WIND DOM DAY TEMP HIGH TIME LOW TIME DAYS DAYS RAIN SPEED HIGH TIME DIR ------------------------------------------------------------------------------------ 1 81.7 97.4 3:35p 66.5 4:55a 0.0 16.7 0.00 1.6 15.0 4:30p NE 2 80.5 96.8 2:05p 67.2 7:10a 0.0 15.5 0.00 2.7 25.0 8:15p WSW 3 76.9 87.2 2:55p 69.6 6:15a 0.0 11.9 0.00 1.5 12.0 1:55p SSW 4 76.4 86.9 2:00p 69.8 5:50a 0.0 11.4 0.00 2.1 15.0 2:20p N 5 79.2 92.2 5:25p 65.9 7:15a 0.0 14.2 0.00 1.7 14.0 3:50p WSW 6 82.6 95.6 4:35p 71.0 7:20a 0.0 17.6 0.00 2.4 17.0 11:10p N 7 82.8 93.6 4:55p 70.8 6:55a 0.0 17.8 0.00 2.3 27.0 9:40p SW 8 79.3 92.6 3:15p 64.9 6:55a 0.0 14.3 0.00 3.4 21.0 3:40p N 9 78.7 91.3 4:50p 71.7 6:50a 0.0 13.7 0.00 3.1 24.0 12:50a S 10 75.8 84.9 5:05p 69.5 6:05a 0.0 10.8 0.00 1.1 23.0 6:35p SW 11 77.5 92.3 2:35p 64.9 7:05a 0.0 12.5 0.00 1.8 23.0 2:55p E 12 78.6 90.8 3:30p 63.2 7:15a 0.1 13.7 0.00 1.8 17.0 11:55a S 13 80.7 93.5 2:55p 69.0 6:05a 0.0 15.7 0.00 2.4 17.0 2:50p S 14 80.8 93.9 4:50p 70.8 7:20a 0.0 15.8 0.00 2.8 15.0 11:45a S 15 79.9 91.5 4:25p 69.4 7:05a 0.0 14.9 0.00 3.3 22.0 11:30a S 16 80.1 92.3 5:45p 66.3 7:15a 0.0 15.1 0.00 2.2 24.0 10:05p WSW 17 80.3 93.9 4:05p 65.9 6:55a 0.0 15.3 0.00 2.7 31.0 8:35p WSW 18 82.0 95.6 3:35p 69.8 4:50a 0.0 17.0 0.00 1.6 14.0 2:20p S 19 70.3 77.9 12:05a 65.4 11:45p 0.0 5.3 0.00 1.1 12.0 2:30p SSW 20 71.7 83.7 4:05p 61.4 7:25a 0.5 7.2 0.00 1.0 12.0 1:00p S 21 68.8 77.8 11:10a 62.4 6:35a 0.3 4.2 0.08 0.6 14.0 1:00p SSW 22 72.0 80.0 5:45p 66.2 12:40a 0.0 7.0 0.29 1.7 14.0 12:35p SW 23 74.4 88.5 4:15p 62.5 7:45a 0.2 9.7 0.00 1.4 14.0 4:15p NNE 24 74.3 90.2 4:00p 60.6 7:30a 0.5 9.8 0.00 3.4 23.0 4:35p NE 25 74.4 84.7 5:10p 67.0 6:35a 0.0 9.4 0.00 2.0 16.0 7:40a E 26 73.2 86.2 2:35p 58.0 7:25a 1.0 9.1 0.00 1.2 14.0 1:40p SW 27 77.4 93.9 4:35p 62.3 5:45a 0.3 12.7 0.00 1.0 12.0 2:20p SE 28 78.9 96.2 3:00p 63.5 4:55a 0.1 14.0 0.00 2.5 16.0 5:10p N 29 78.8 94.5 4:40p 60.8 6:30a 0.3 14.2 0.00 1.7 14.0 2:55p SW 30 78.7 92.9 3:45p 63.3 6:45a 0.1 13.8 0.00 1.9 16.0 12:15p SSW ------------------------------------------------------------------------------------- 77.6 97.4 1 58.0 26 3.4 380.3 0.37 2.0 31.0 17 S Max >= 90.0: 20 Max <= 32.0: 0 Min <= 32.0: 0 Min <= 0.0: 0 Max Rain: 0.29 ON 09/22/15 Days of Rain: 2 (>.01 in) 1 (>.1 in) 0 (>1 in) Heat Base: 65.0 Cool Base: 65.0 Method: Integration