NOAA-style Climate Reports

- as reported from this site (LasCruces-Weather.com) beginning 04-03-07

2023: Jan | Feb | Mar | Apr | May | Jun | Jul | Aug | Sep | Oct | Nov | Dec 
2022: Jan | Feb | Mar | Apr | May | Jun | Jul | Aug | Sep | Oct | Nov | Dec 
2021: Jan | Feb | Mar | Apr | May | Jun | Jul | Aug | Sep | Oct | Nov | Dec 
2020: Jan | Feb | Mar | Apr | May | Jun | Jul | Aug | Sep | Oct | Nov | Dec 
2019: Jan | Feb | Mar | Apr | May | Jun | Jul | Aug | Sep | Oct | Nov | Dec 
2018: Jan | Feb | Mar | Apr | May | Jun | Jul | Aug | Sep | Oct | Nov | Dec 
2017: Jan | Feb | Mar | Apr | May | Jun | Jul | Aug | Sep | Oct | Nov | Dec 
2016: Jan | Feb | Mar | Apr | May | Jun | Jul | Aug | Sep | Oct | Nov | Dec 
2015: Jan | Feb | Mar | Apr | May | Jun | Jul | Aug | Sep | Oct | Nov | Dec 
2014: Jan | Feb | Mar | Apr | May | Jun | Jul | Aug | Sep | Oct | Nov | Dec 
2013: Jan | Feb | Mar | Apr | May | Jun | Jul | Aug | Sep | Oct | Nov | Dec 
2012: Jan | Feb | Mar | Apr | May | Jun | Jul | Aug | Sep | Oct | Nov | Dec 
2011: Jan | Feb | Mar | Apr | May | Jun | Jul | Aug | Sep | Oct | Nov | Dec 
2010: Jan | Feb | Mar | Apr | May | Jun | Jul | Aug | Sep | Oct | Nov | Dec 
2009: Jan | Feb | Mar | Apr | May | Jun | Jul | Aug | Sep | Oct | Nov | Dec 
2008: Jan | Feb | Mar | Apr | May | Jun | Jul | Aug | Sep | Oct | Nov | Dec 
2007: Jan | Feb | Mar | Apr | May | Jun | Jul | Aug | Sep | Oct | Nov | Dec 

Report for 2015 08
MONTHLY CLIMATOLOGICAL SUMMARY for AUG. 2015 NAME: C32 CITY: Las Cruces|East Mesa STATE: NM ELEV: 4474 ft LAT: 32 24' 08" N LONG: 106 41' 01" W TEMPERATURE (F), RAIN (in), WIND SPEED (mph) HEAT COOL AVG MEAN DEG DEG WIND DOM DAY TEMP HIGH TIME LOW TIME DAYS DAYS RAIN SPEED HIGH TIME DIR ------------------------------------------------------------------------------------ 1 81.4 94.5 5:55p 66.4 6:40a 0.0 16.4 0.00 2.8 33.0 2:00p N 2 81.3 94.0 3:30p 68.8 6:35a 0.0 16.3 0.00 2.7 15.0 12:00p SW 3 81.5 94.4 3:50p 68.6 11:30p 0.0 16.5 0.26 2.1 23.0 10:55p WSW 4 80.9 97.1 5:35p 67.9 5:40a 0.0 15.9 0.00 1.5 16.0 1:10a S 5 85.5 100.3 3:55p 71.8 6:40a 0.0 20.5 0.00 1.3 14.0 2:40p ESE 6 87.3 101.9 4:45p 72.9 6:20a 0.0 22.3 0.00 2.3 23.0 8:15p SSW 7 86.8 101.6 3:30p 73.4 7:10a 0.0 21.8 0.00 1.8 21.0 3:50p SW 8 81.3 95.2 4:05p 71.7 4:20a 0.0 16.3 0.00 2.2 19.0 9:00p N 9 82.5 96.9 4:40p 70.0 3:40a 0.0 17.5 0.00 1.8 22.0 10:50p WSW 10 83.8 97.5 5:20p 70.8 7:05a 0.0 18.8 0.00 3.8 24.0 4:00p S 11 85.2 93.6 3:20p 76.4 6:20a 0.0 20.2 0.00 6.5 24.0 11:25p E 12 86.9 97.6 5:40p 76.2 11:00p 0.0 21.9 0.00 3.9 28.0 12:10a ESE 13 84.9 98.3 3:35p 68.9 6:40a 0.0 19.9 0.00 1.3 13.0 10:50a SW 14 88.9 103.2 3:30p 72.6 6:25a 0.0 23.9 0.00 1.5 15.0 5:10p ESE 15 85.9 99.0 2:55p 74.4 7:00a 0.0 20.9 0.03 3.0 35.0 3:15p ESE 16 83.3 98.0 4:35p 70.0 11:25p 0.0 18.3 0.25 2.4 27.0 10:15p S 17 81.2 96.3 4:55p 70.4 12:05a 0.0 16.2 0.01 1.4 14.0 3:20p S 18 84.4 98.9 2:50p 71.5 6:55a 0.0 19.4 0.00 1.8 16.0 2:40p S 19 84.6 99.8 5:25p 70.6 6:05a 0.0 19.6 0.00 1.7 15.0 11:20p S 20 84.4 97.9 4:50p 68.6 6:50a 0.0 19.4 0.00 2.9 19.0 12:40a S 21 83.8 98.4 4:15p 73.5 7:30a 0.0 18.8 0.00 3.9 18.0 3:35a S 22 80.4 97.7 4:40p 70.6 5:55a 0.0 15.4 0.00 3.0 24.0 1:35a S 23 79.7 92.3 5:15p 68.5 5:50a 0.0 14.7 0.07 4.0 24.0 3:30p E 24 76.2 89.4 5:00p 65.2 5:00a 0.0 11.2 0.68 1.2 16.0 9:45p E 25 79.7 90.5 1:15p 71.2 7:15a 0.0 14.7 0.00 2.0 22.0 2:20p N 26 82.0 95.3 4:05p 67.6 6:55a 0.0 17.0 0.00 2.3 15.0 12:10a N 27 82.6 93.0 4:50p 71.5 8:05a 0.0 17.6 0.00 1.7 13.0 5:40a N 28 80.8 96.2 2:50p 67.6 7:05a 0.0 15.8 0.00 2.4 24.0 9:00p NNE 29 79.5 93.7 4:20p 68.8 6:50a 0.0 14.5 0.05 1.8 16.0 5:55p S 30 80.1 93.4 4:55p 65.9 6:25a 0.0 15.1 0.00 1.1 14.0 1:15p SSW 31 81.6 97.2 3:40p 66.1 6:40a 0.0 16.6 0.00 1.2 13.0 1:40p SSW ------------------------------------------------------------------------------------- 82.9 103.2 14 65.2 24 0.0 553.4 1.35 2.4 35.0 15 S Max >= 90.0: 30 Max <= 32.0: 0 Min <= 32.0: 0 Min <= 0.0: 0 Max Rain: 0.68 ON 08/24/15 Days of Rain: 6 (>.01 in) 3 (>.1 in) 0 (>1 in) Heat Base: 65.0 Cool Base: 65.0 Method: Integration