NOAA-style Climate Reports

- as reported from this site (LasCruces-Weather.com) beginning 04-03-07

2023: Jan | Feb | Mar | Apr | May | Jun | Jul | Aug | Sep | Oct | Nov | Dec 
2022: Jan | Feb | Mar | Apr | May | Jun | Jul | Aug | Sep | Oct | Nov | Dec 
2021: Jan | Feb | Mar | Apr | May | Jun | Jul | Aug | Sep | Oct | Nov | Dec 
2020: Jan | Feb | Mar | Apr | May | Jun | Jul | Aug | Sep | Oct | Nov | Dec 
2019: Jan | Feb | Mar | Apr | May | Jun | Jul | Aug | Sep | Oct | Nov | Dec 
2018: Jan | Feb | Mar | Apr | May | Jun | Jul | Aug | Sep | Oct | Nov | Dec 
2017: Jan | Feb | Mar | Apr | May | Jun | Jul | Aug | Sep | Oct | Nov | Dec 
2016: Jan | Feb | Mar | Apr | May | Jun | Jul | Aug | Sep | Oct | Nov | Dec 
2015: Jan | Feb | Mar | Apr | May | Jun | Jul | Aug | Sep | Oct | Nov | Dec 
2014: Jan | Feb | Mar | Apr | May | Jun | Jul | Aug | Sep | Oct | Nov | Dec 
2013: Jan | Feb | Mar | Apr | May | Jun | Jul | Aug | Sep | Oct | Nov | Dec 
2012: Jan | Feb | Mar | Apr | May | Jun | Jul | Aug | Sep | Oct | Nov | Dec 
2011: Jan | Feb | Mar | Apr | May | Jun | Jul | Aug | Sep | Oct | Nov | Dec 
2010: Jan | Feb | Mar | Apr | May | Jun | Jul | Aug | Sep | Oct | Nov | Dec 
2009: Jan | Feb | Mar | Apr | May | Jun | Jul | Aug | Sep | Oct | Nov | Dec 
2008: Jan | Feb | Mar | Apr | May | Jun | Jul | Aug | Sep | Oct | Nov | Dec 
2007: Jan | Feb | Mar | Apr | May | Jun | Jul | Aug | Sep | Oct | Nov | Dec 

Report for 2015 07
MONTHLY CLIMATOLOGICAL SUMMARY for JUL. 2015 NAME: C32 CITY: Las Cruces|East Mesa STATE: NM ELEV: 4474 ft LAT: 32 24' 08" N LONG: 106 41' 01" W TEMPERATURE (F), RAIN (in), WIND SPEED (mph) HEAT COOL AVG MEAN DEG DEG WIND DOM DAY TEMP HIGH TIME LOW TIME DAYS DAYS RAIN SPEED HIGH TIME DIR ------------------------------------------------------------------------------------ 1 83.5 96.9 6:05p 66.4 6:10a 0.0 18.5 0.00 1.6 14.0 12:30p SSW 2 87.2 101.8 4:20p 69.2 6:25a 0.0 22.2 0.00 3.2 32.0 11:30p E 3 80.5 94.2 4:50p 68.6 9:00a 0.0 15.5 0.06 3.0 25.0 12:15a E 4 79.1 92.9 3:35p 69.5 6:30a 0.0 14.0 0.28 1.5 28.0 4:05p WSW 5 79.5 91.7 3:50p 66.2 6:15a 0.0 14.5 0.00 3.1 19.0 6:30p SW 6 82.7 95.8 5:20p 69.1 6:15a 0.0 17.7 0.00 1.6 19.0 2:55p WSW 7 78.8 93.7 3:00p 69.5 6:25a 0.0 13.8 0.00 3.6 37.0 4:10p NNE 8 78.1 92.8 3:20p 64.3 6:30a 0.0 13.1 0.00 1.8 21.0 4:50p SSW 9 73.5 90.6 4:50p 63.5 2:00a 0.0 8.5 0.58 2.7 26.0 5:30p NE 10 72.7 87.0 1:20p 65.5 3:25p 0.0 7.7 0.35 2.1 37.0 3:25p N 11 77.4 91.5 4:30p 63.9 6:35a 0.1 12.4 0.13 1.8 16.0 3:15p SSW 12 83.4 97.1 4:40p 69.4 6:45a 0.0 18.4 0.00 1.8 18.0 5:30p ESE 13 83.3 97.6 4:30p 68.7 6:35a 0.0 18.3 0.00 3.0 19.0 3:20p NNE 14 81.9 94.5 3:25p 69.9 6:20a 0.0 16.9 0.03 3.9 22.0 2:20a WSW 15 81.1 93.9 4:15p 70.8 5:30a 0.0 16.1 0.00 1.8 15.0 4:55p WSW 16 81.3 93.4 5:35p 71.2 2:40a 0.0 16.3 0.00 1.7 20.0 8:25p NNE 17 79.7 93.3 4:40p 69.4 7:25a 0.0 14.7 0.01 2.4 20.0 6:20p N 18 82.9 97.9 4:55p 70.2 3:45a 0.0 17.9 0.00 2.3 22.0 8:45p SW 19 81.7 92.9 2:10p 71.8 7:20a 0.0 16.7 0.00 2.8 20.0 12:25a WSW 20 81.7 96.2 5:15p 68.5 6:15a 0.0 16.7 0.00 2.6 23.0 5:55p NNE 21 80.6 96.1 5:45p 69.4 6:10a 0.0 15.6 0.05 3.2 26.0 8:20p NNW 22 78.4 94.2 3:35p 67.4 6:10a 0.0 13.4 0.00 3.6 27.0 5:50p SSW 23 83.2 96.8 5:05p 70.8 6:00a 0.0 18.2 0.00 2.4 16.0 5:05p SW 24 85.6 99.6 5:35p 73.4 4:35a 0.0 20.6 0.00 2.2 16.0 3:30a S 25 85.4 99.8 5:55p 74.0 6:35a 0.0 20.4 0.00 2.7 28.0 6:15p S 26 83.1 96.8 4:55p 70.2 6:40a 0.0 18.0 0.37 2.7 29.0 12:25a S 27 84.7 98.1 4:50p 70.8 6:55a 0.0 19.7 0.17 3.0 34.0 2:05p SSW 28 82.3 98.4 5:00p 72.2 6:05a 0.0 17.3 0.23 2.9 26.0 3:15a S 29 75.8 92.3 3:10p 65.9 10:55p 0.0 10.8 0.48 2.7 24.0 7:35p E 30 74.9 88.9 7:05p 64.7 7:10a 0.0 9.9 0.26 3.2 30.0 4:15a NNW 31 79.7 93.0 4:55p 67.7 5:25a 0.0 14.7 0.33 2.4 17.0 11:20a N ------------------------------------------------------------------------------------- 80.8 101.8 2 63.5 9 0.1 488.5 3.33 2.6 37.0 7 SSW Max >= 90.0: 29 Max <= 32.0: 0 Min <= 32.0: 0 Min <= 0.0: 0 Max Rain: 0.58 ON 07/09/15 Days of Rain: 13 (>.01 in) 10 (>.1 in) 0 (>1 in) Heat Base: 65.0 Cool Base: 65.0 Method: Integration