NOAA-style Climate Reports

- as reported from this site (LasCruces-Weather.com) beginning 04-03-07

2023: Jan | Feb | Mar | Apr | May | Jun | Jul | Aug | Sep | Oct | Nov | Dec 
2022: Jan | Feb | Mar | Apr | May | Jun | Jul | Aug | Sep | Oct | Nov | Dec 
2021: Jan | Feb | Mar | Apr | May | Jun | Jul | Aug | Sep | Oct | Nov | Dec 
2020: Jan | Feb | Mar | Apr | May | Jun | Jul | Aug | Sep | Oct | Nov | Dec 
2019: Jan | Feb | Mar | Apr | May | Jun | Jul | Aug | Sep | Oct | Nov | Dec 
2018: Jan | Feb | Mar | Apr | May | Jun | Jul | Aug | Sep | Oct | Nov | Dec 
2017: Jan | Feb | Mar | Apr | May | Jun | Jul | Aug | Sep | Oct | Nov | Dec 
2016: Jan | Feb | Mar | Apr | May | Jun | Jul | Aug | Sep | Oct | Nov | Dec 
2015: Jan | Feb | Mar | Apr | May | Jun | Jul | Aug | Sep | Oct | Nov | Dec 
2014: Jan | Feb | Mar | Apr | May | Jun | Jul | Aug | Sep | Oct | Nov | Dec 
2013: Jan | Feb | Mar | Apr | May | Jun | Jul | Aug | Sep | Oct | Nov | Dec 
2012: Jan | Feb | Mar | Apr | May | Jun | Jul | Aug | Sep | Oct | Nov | Dec 
2011: Jan | Feb | Mar | Apr | May | Jun | Jul | Aug | Sep | Oct | Nov | Dec 
2010: Jan | Feb | Mar | Apr | May | Jun | Jul | Aug | Sep | Oct | Nov | Dec 
2009: Jan | Feb | Mar | Apr | May | Jun | Jul | Aug | Sep | Oct | Nov | Dec 
2008: Jan | Feb | Mar | Apr | May | Jun | Jul | Aug | Sep | Oct | Nov | Dec 
2007: Jan | Feb | Mar | Apr | May | Jun | Jul | Aug | Sep | Oct | Nov | Dec 

Report for 2015 06
MONTHLY CLIMATOLOGICAL SUMMARY for JUN. 2015 NAME: C32 CITY: Las Cruces|East Mesa STATE: NM ELEV: 4474 ft LAT: 32 24' 08" N LONG: 106 41' 01" W TEMPERATURE (F), RAIN (in), WIND SPEED (mph) HEAT COOL AVG MEAN DEG DEG WIND DOM DAY TEMP HIGH TIME LOW TIME DAYS DAYS RAIN SPEED HIGH TIME DIR ------------------------------------------------------------------------------------ 1 79.7 96.2 3:45p 60.7 5:30a 0.3 15.0 0.00 2.1 26.0 3:55p E 2 81.2 95.7 3:20p 60.3 6:20a 0.2 16.4 0.00 2.9 21.0 3:50p WSW 3 81.4 96.2 3:55p 64.1 6:25a 0.0 16.5 0.00 3.5 21.0 3:40p SW 4 80.8 95.2 2:45p 62.1 6:15a 0.1 15.9 0.00 2.8 28.0 2:35p SW 5 82.6 94.5 5:15p 69.2 6:10a 0.0 17.6 0.00 2.8 18.0 6:45p S 6 83.3 95.2 5:15p 67.9 5:45a 0.0 18.3 0.00 2.5 24.0 9:25p WSW 7 81.4 89.5 4:40p 68.3 7:05a 0.0 16.4 0.00 2.1 18.0 12:45a S 8 82.8 93.3 1:30p 70.3 12:00m 0.0 17.8 0.00 3.8 28.0 2:40p S 9 76.9 92.6 5:25p 64.6 7:15a 0.0 11.9 0.03 3.2 17.0 2:25p N 10 81.3 95.5 3:15p 65.3 6:05a 0.0 16.3 0.00 3.7 21.0 3:55p NNE 11 82.3 94.7 5:15p 67.5 6:20a 0.0 17.3 0.00 4.0 25.0 2:10p WSW 12 80.4 95.2 4:20p 64.7 6:20a 0.0 15.4 0.00 3.3 23.0 2:00p WSW 13 82.1 97.9 4:15p 65.0 6:25a 0.0 17.1 0.00 3.3 23.0 3:35p SW 14 81.4 96.4 3:15p 62.5 6:05a 0.2 16.5 0.00 1.9 17.0 2:25a N 15 82.3 97.0 4:50p 71.2 6:05a 0.0 17.3 0.28 3.4 24.0 7:10p E 16 80.9 93.2 3:00p 68.0 6:30a 0.0 15.9 0.00 1.4 18.0 3:00a SW 17 81.6 97.8 4:25p 66.5 5:45a 0.0 16.6 0.11 1.8 41.0 8:05p NE 18 86.7 100.1 4:25p 74.2 3:20a 0.0 21.7 0.00 3.0 19.0 12:00m ESE 19 86.6 97.6 3:50p 75.8 4:50a 0.0 21.6 0.00 4.8 27.0 2:25a S 20 88.2 103.4 5:55p 71.8 6:30a 0.0 23.2 0.00 1.7 15.0 12:40a SSW 21 90.2 104.7 5:40p 76.0 7:25a 0.0 25.2 0.00 3.6 26.0 6:20p SSW 22 89.6 104.8 5:00p 71.7 6:15a 0.0 24.6 0.00 1.8 17.0 12:15a WSW 23 82.0 91.5 6:10p 69.4 6:20a 0.0 17.0 0.00 6.0 28.0 2:55p E 24 80.2 93.5 5:05p 71.4 6:15a 0.0 15.2 0.02 3.1 22.0 1:10a E 25 81.5 95.8 5:10p 69.0 5:45a 0.0 16.5 0.00 2.5 27.0 5:35p S 26 82.0 93.6 4:40p 70.0 1:40p 0.0 17.0 0.26 3.0 24.0 9:35p S 27 80.7 91.8 4:10p 70.8 6:30a 0.0 15.7 0.00 3.5 24.0 1:20p E 28 83.2 94.2 4:45p 71.5 5:35a 0.0 18.2 0.00 1.9 17.0 12:35a S 29 84.0 95.8 3:05p 68.4 6:15a 0.0 19.0 0.00 2.7 21.0 11:00p E 30 83.0 94.1 3:05p 70.4 4:55a 0.0 18.0 0.00 3.8 20.0 8:55p E ------------------------------------------------------------------------------------- 82.7 104.8 22 60.3 2 0.8 531.1 0.70 3.0 41.0 17 S Max >= 90.0: 29 Max <= 32.0: 0 Min <= 32.0: 0 Min <= 0.0: 0 Max Rain: 0.28 ON 06/15/15 Days of Rain: 5 (>.01 in) 3 (>.1 in) 0 (>1 in) Heat Base: 65.0 Cool Base: 65.0 Method: Integration