NOAA-style Climate Reports

- as reported from this site (LasCruces-Weather.com) beginning 04-03-07

2023: Jan | Feb | Mar | Apr | May | Jun | Jul | Aug | Sep | Oct | Nov | Dec 
2022: Jan | Feb | Mar | Apr | May | Jun | Jul | Aug | Sep | Oct | Nov | Dec 
2021: Jan | Feb | Mar | Apr | May | Jun | Jul | Aug | Sep | Oct | Nov | Dec 
2020: Jan | Feb | Mar | Apr | May | Jun | Jul | Aug | Sep | Oct | Nov | Dec 
2019: Jan | Feb | Mar | Apr | May | Jun | Jul | Aug | Sep | Oct | Nov | Dec 
2018: Jan | Feb | Mar | Apr | May | Jun | Jul | Aug | Sep | Oct | Nov | Dec 
2017: Jan | Feb | Mar | Apr | May | Jun | Jul | Aug | Sep | Oct | Nov | Dec 
2016: Jan | Feb | Mar | Apr | May | Jun | Jul | Aug | Sep | Oct | Nov | Dec 
2015: Jan | Feb | Mar | Apr | May | Jun | Jul | Aug | Sep | Oct | Nov | Dec 
2014: Jan | Feb | Mar | Apr | May | Jun | Jul | Aug | Sep | Oct | Nov | Dec 
2013: Jan | Feb | Mar | Apr | May | Jun | Jul | Aug | Sep | Oct | Nov | Dec 
2012: Jan | Feb | Mar | Apr | May | Jun | Jul | Aug | Sep | Oct | Nov | Dec 
2011: Jan | Feb | Mar | Apr | May | Jun | Jul | Aug | Sep | Oct | Nov | Dec 
2010: Jan | Feb | Mar | Apr | May | Jun | Jul | Aug | Sep | Oct | Nov | Dec 
2009: Jan | Feb | Mar | Apr | May | Jun | Jul | Aug | Sep | Oct | Nov | Dec 
2008: Jan | Feb | Mar | Apr | May | Jun | Jul | Aug | Sep | Oct | Nov | Dec 
2007: Jan | Feb | Mar | Apr | May | Jun | Jul | Aug | Sep | Oct | Nov | Dec 

Report for 2015 05
MONTHLY CLIMATOLOGICAL SUMMARY for MAY. 2015 NAME: C32 CITY: Las Cruces|East Mesa STATE: NM ELEV: 4474 ft LAT: 32 24' 08" N LONG: 106 41' 01" W TEMPERATURE (F), RAIN (in), WIND SPEED (mph) HEAT COOL AVG MEAN DEG DEG WIND DOM DAY TEMP HIGH TIME LOW TIME DAYS DAYS RAIN SPEED HIGH TIME DIR ------------------------------------------------------------------------------------ 1 74.2 89.8 3:25p 55.9 5:10a 1.6 10.8 0.00 2.0 17.0 5:00p SSE 2 76.3 91.6 4:05p 58.8 7:05a 0.9 12.1 0.00 3.6 28.0 8:20p SSW 3 75.2 87.7 2:35p 59.3 6:50a 0.4 10.6 0.00 2.1 22.0 2:55p WSW 4 69.2 83.8 2:30p 57.2 7:10a 1.5 5.7 0.08 2.5 26.0 6:35p E 5 64.7 76.1 4:50p 52.1 6:25a 3.6 3.2 0.01 5.1 25.0 4:00p WSW 6 68.7 81.8 4:05p 54.5 6:10a 2.5 6.2 0.00 3.8 25.0 5:50p SW 7 69.0 81.4 5:25p 53.5 6:50a 2.2 6.2 0.00 3.5 27.0 3:00p SW 8 69.5 83.0 4:15p 54.6 6:15a 2.3 6.7 0.00 4.8 30.0 1:45p SW 9 61.9 72.0 4:45p 51.3 6:55a 4.5 1.4 0.00 5.7 30.0 2:05p WSW 10 61.1 76.9 5:15p 43.3 6:15a 7.0 3.1 0.00 2.7 20.0 5:45p NE 11 66.8 81.4 3:20p 48.2 5:15a 4.5 6.3 0.00 4.7 36.0 11:05p E 12 65.0 78.1 3:00p 52.2 12:00m 2.7 2.8 0.21 7.5 29.0 2:00a E 13 62.9 76.8 5:05p 51.2 6:05a 5.3 3.1 0.13 1.9 17.0 5:35p SW 14 68.1 82.0 3:10p 57.4 6:50a 1.8 4.9 0.05 5.4 31.0 4:30p SSW 15 66.8 79.5 3:25p 55.3 6:05a 2.4 4.3 0.01 7.1 36.0 2:25p SSW 16 62.6 71.5 4:50p 54.4 6:20a 3.8 1.3 0.00 7.0 30.0 4:15p WSW 17 64.7 79.5 6:15p 51.5 5:35a 4.6 4.3 0.00 2.2 17.0 2:20p ENE 18 74.2 89.9 3:35p 51.5 6:35a 2.3 11.5 0.00 4.2 27.0 4:45p S 19 72.4 82.6 5:35p 59.1 6:25a 0.7 8.1 0.00 5.0 25.0 12:20p WSW 20 70.4 86.8 3:15p 50.1 6:25a 3.6 9.0 0.00 2.8 23.0 11:50p E 21 67.6 81.4 3:55p 58.7 5:00a 1.3 3.9 0.16 3.9 27.0 6:45p E 22 69.1 85.7 5:20p 49.6 6:20a 3.9 8.0 0.00 4.0 25.0 3:40p SSW 23 69.1 78.7 4:15p 57.3 6:55a 1.0 5.1 0.00 5.3 24.0 11:45a WSW 24 66.2 79.4 4:50p 52.5 4:40a 3.5 4.7 0.00 4.3 23.0 4:55p WSW 25 68.2 81.5 4:40p 49.4 6:25a 2.7 6.0 0.00 4.4 24.0 3:40p WSW 26 71.1 86.6 4:30p 53.6 6:10a 2.5 8.6 0.00 2.0 18.0 2:25p WSW 27 75.0 90.0 4:10p 61.2 5:30a 0.7 10.7 0.00 2.4 19.0 2:45p SE 28 77.8 92.4 3:30p 58.8 6:50a 0.4 13.2 0.00 2.7 22.0 5:35p SE 29 77.6 93.3 4:25p 59.5 6:20a 0.5 13.1 0.00 2.7 18.0 1:45p N 30 76.6 91.9 4:15p 62.9 6:40a 0.0 11.6 0.04 3.2 23.0 4:15a E 31 75.7 91.2 3:45p 60.3 6:25a 0.6 11.3 0.00 1.8 24.0 5:40p WSW ------------------------------------------------------------------------------------- 69.6 93.3 29 43.3 10 75.3 217.8 0.69 3.9 36.0 11 WSW Max >= 90.0: 6 Max <= 32.0: 0 Min <= 32.0: 0 Min <= 0.0: 0 Max Rain: 0.21 ON 05/12/15 Days of Rain: 6 (>.01 in) 3 (>.1 in) 0 (>1 in) Heat Base: 65.0 Cool Base: 65.0 Method: Integration