NOAA-style Climate Reports

- as reported from this site (LasCruces-Weather.com) beginning 04-03-07

2023: Jan | Feb | Mar | Apr | May | Jun | Jul | Aug | Sep | Oct | Nov | Dec 
2022: Jan | Feb | Mar | Apr | May | Jun | Jul | Aug | Sep | Oct | Nov | Dec 
2021: Jan | Feb | Mar | Apr | May | Jun | Jul | Aug | Sep | Oct | Nov | Dec 
2020: Jan | Feb | Mar | Apr | May | Jun | Jul | Aug | Sep | Oct | Nov | Dec 
2019: Jan | Feb | Mar | Apr | May | Jun | Jul | Aug | Sep | Oct | Nov | Dec 
2018: Jan | Feb | Mar | Apr | May | Jun | Jul | Aug | Sep | Oct | Nov | Dec 
2017: Jan | Feb | Mar | Apr | May | Jun | Jul | Aug | Sep | Oct | Nov | Dec 
2016: Jan | Feb | Mar | Apr | May | Jun | Jul | Aug | Sep | Oct | Nov | Dec 
2015: Jan | Feb | Mar | Apr | May | Jun | Jul | Aug | Sep | Oct | Nov | Dec 
2014: Jan | Feb | Mar | Apr | May | Jun | Jul | Aug | Sep | Oct | Nov | Dec 
2013: Jan | Feb | Mar | Apr | May | Jun | Jul | Aug | Sep | Oct | Nov | Dec 
2012: Jan | Feb | Mar | Apr | May | Jun | Jul | Aug | Sep | Oct | Nov | Dec 
2011: Jan | Feb | Mar | Apr | May | Jun | Jul | Aug | Sep | Oct | Nov | Dec 
2010: Jan | Feb | Mar | Apr | May | Jun | Jul | Aug | Sep | Oct | Nov | Dec 
2009: Jan | Feb | Mar | Apr | May | Jun | Jul | Aug | Sep | Oct | Nov | Dec 
2008: Jan | Feb | Mar | Apr | May | Jun | Jul | Aug | Sep | Oct | Nov | Dec 
2007: Jan | Feb | Mar | Apr | May | Jun | Jul | Aug | Sep | Oct | Nov | Dec 

Report for 2015 04
MONTHLY CLIMATOLOGICAL SUMMARY for APR. 2015 NAME: C32 CITY: Las Cruces|East Mesa STATE: NM ELEV: 4474 ft LAT: 32 24' 08" N LONG: 106 41' 01" W TEMPERATURE (F), RAIN (in), WIND SPEED (mph) HEAT COOL AVG MEAN DEG DEG WIND DOM DAY TEMP HIGH TIME LOW TIME DAYS DAYS RAIN SPEED HIGH TIME DIR ------------------------------------------------------------------------------------ 1 66.9 80.4 3:35p 52.1 7:10a 3.4 5.2 0.00 4.8 30.0 5:20p S 2 68.1 81.1 4:10p 56.6 3:25a 2.5 5.6 0.00 5.0 27.0 5:25p WSW 3 64.8 76.5 1:55p 50.5 7:15a 3.6 3.4 0.00 2.6 18.0 10:35p E 4 62.4 72.6 2:25p 48.6 6:50a 4.5 1.9 0.00 2.3 21.0 3:20p S 5 64.9 80.5 3:20p 48.5 5:50a 5.0 5.0 0.00 3.3 25.0 5:50p WSW 6 67.1 81.1 4:15p 54.2 4:40a 3.4 5.6 0.00 4.8 30.0 3:55p WSW 7 67.3 81.6 4:35p 52.5 5:45a 3.3 5.6 0.00 4.9 27.0 1:45p WSW 8 67.2 80.5 4:20p 54.7 7:35a 2.7 4.9 0.00 4.5 31.0 4:20p WSW 9 61.6 76.7 4:55p 44.7 7:10a 6.3 2.9 0.00 1.7 15.0 4:30p SSW 10 67.1 82.4 3:30p 46.5 5:40a 4.4 6.5 0.00 3.0 23.0 2:00p WSW 11 69.0 81.2 2:35p 53.9 6:30a 2.0 6.0 0.00 3.8 23.0 2:35p SW 12 58.8 65.8 2:45p 52.2 11:15p 6.2 0.0 0.25 2.2 19.0 5:50p S 13 56.1 66.3 5:00p 49.3 12:00m 8.9 0.0 0.11 5.2 29.0 11:40a NNE 14 56.7 71.7 5:30p 40.6 6:00a 9.5 1.2 0.00 1.9 15.0 2:25p S 15 65.9 79.2 3:25p 53.6 5:20a 3.3 4.2 0.00 6.9 30.0 6:25p S 16 61.5 72.4 1:50p 46.4 11:55p 5.0 1.5 0.00 6.2 33.0 2:45p SW 17 54.4 68.1 5:25p 36.5 6:05a 11.0 0.4 0.00 4.4 24.0 5:15p WSW 18 59.0 73.7 4:30p 39.6 6:55a 8.2 2.2 0.00 3.4 26.0 4:00p E 19 63.2 80.7 3:45p 44.3 6:55a 5.9 4.1 0.00 2.1 16.0 2:05p N 20 66.1 81.0 4:15p 46.5 6:20a 4.0 5.2 0.00 2.1 23.0 6:25p SW 21 68.0 82.5 2:40p 52.3 3:55a 2.8 5.9 0.00 3.1 23.0 3:20p SSW 22 67.1 78.8 3:15p 53.2 6:35a 2.5 4.6 0.00 3.7 22.0 12:45p WSW 23 65.9 78.7 2:45p 51.7 6:55a 3.4 4.3 0.00 4.2 23.0 8:05p S 24 61.1 69.5 4:40p 50.3 7:00a 4.7 0.8 0.12 7.0 31.0 4:25p WSW 25 62.6 77.2 5:25p 47.2 6:35a 5.7 3.3 0.00 5.1 24.0 3:30p SSW 26 55.9 62.4 4:35p 45.3 10:40a 9.1 0.0 0.02 7.5 39.0 9:30a W 27 54.7 69.2 2:35p 41.7 5:05a 10.6 0.3 0.00 5.4 27.0 2:55p NNE 28 57.0 71.5 3:50p 41.5 6:45a 9.0 1.0 0.00 1.1 12.0 12:40p NNE 29 60.9 77.0 4:35p 41.1 6:25a 7.1 3.0 0.00 1.1 21.0 2:05p SSW 30 67.8 85.5 4:25p 47.9 6:50a 4.4 7.2 0.00 1.4 15.0 2:45p SE ------------------------------------------------------------------------------------- 63.0 85.5 30 36.5 17 162.4 101.8 0.50 3.8 39.0 26 WSW Max >= 90.0: 0 Max <= 32.0: 0 Min <= 32.0: 0 Min <= 0.0: 0 Max Rain: 0.25 ON 04/12/15 Days of Rain: 4 (>.01 in) 3 (>.1 in) 0 (>1 in) Heat Base: 65.0 Cool Base: 65.0 Method: Integration