NOAA-style Climate Reports

- as reported from this site (LasCruces-Weather.com) beginning 04-03-07

2023: Jan | Feb | Mar | Apr | May | Jun | Jul | Aug | Sep | Oct | Nov | Dec 
2022: Jan | Feb | Mar | Apr | May | Jun | Jul | Aug | Sep | Oct | Nov | Dec 
2021: Jan | Feb | Mar | Apr | May | Jun | Jul | Aug | Sep | Oct | Nov | Dec 
2020: Jan | Feb | Mar | Apr | May | Jun | Jul | Aug | Sep | Oct | Nov | Dec 
2019: Jan | Feb | Mar | Apr | May | Jun | Jul | Aug | Sep | Oct | Nov | Dec 
2018: Jan | Feb | Mar | Apr | May | Jun | Jul | Aug | Sep | Oct | Nov | Dec 
2017: Jan | Feb | Mar | Apr | May | Jun | Jul | Aug | Sep | Oct | Nov | Dec 
2016: Jan | Feb | Mar | Apr | May | Jun | Jul | Aug | Sep | Oct | Nov | Dec 
2015: Jan | Feb | Mar | Apr | May | Jun | Jul | Aug | Sep | Oct | Nov | Dec 
2014: Jan | Feb | Mar | Apr | May | Jun | Jul | Aug | Sep | Oct | Nov | Dec 
2013: Jan | Feb | Mar | Apr | May | Jun | Jul | Aug | Sep | Oct | Nov | Dec 
2012: Jan | Feb | Mar | Apr | May | Jun | Jul | Aug | Sep | Oct | Nov | Dec 
2011: Jan | Feb | Mar | Apr | May | Jun | Jul | Aug | Sep | Oct | Nov | Dec 
2010: Jan | Feb | Mar | Apr | May | Jun | Jul | Aug | Sep | Oct | Nov | Dec 
2009: Jan | Feb | Mar | Apr | May | Jun | Jul | Aug | Sep | Oct | Nov | Dec 
2008: Jan | Feb | Mar | Apr | May | Jun | Jul | Aug | Sep | Oct | Nov | Dec 
2007: Jan | Feb | Mar | Apr | May | Jun | Jul | Aug | Sep | Oct | Nov | Dec 

Report for 2015 03
MONTHLY CLIMATOLOGICAL SUMMARY for MAR. 2015 NAME: C32 CITY: Las Cruces|East Mesa STATE: NM ELEV: 4474 ft LAT: 32 24' 08" N LONG: 106 41' 01" W TEMPERATURE (F), RAIN (in), WIND SPEED (mph) HEAT COOL AVG MEAN DEG DEG WIND DOM DAY TEMP HIGH TIME LOW TIME DAYS DAYS RAIN SPEED HIGH TIME DIR ------------------------------------------------------------------------------------ 1 60.6 72.4 1:35p 46.2 5:10a 6.1 1.7 0.00 3.3 21.0 1:25p S 2 58.0 65.2 1:30p 53.1 3:55p 7.1 0.0 0.05 4.5 26.0 1:45p S 3 52.5 58.1 4:15p 48.3 12:00m 12.5 0.0 0.23 3.7 20.0 3:15p S 4 49.3 58.5 12:25p 39.3 12:00m 15.7 0.0 0.00 1.9 20.0 3:30p S 5 41.4 54.1 4:10p 29.6 6:55a 23.6 0.0 0.00 1.5 16.0 2:10p SSW 6 45.9 64.6 4:15p 26.9 6:40a 19.1 0.0 0.00 0.9 21.0 2:45p E 7 52.3 65.6 4:25p 37.5 5:50a 12.7 0.0 0.00 0.7 11.0 10:25a SW 8 57.5 72.0 3:20p 44.6 8:00a 8.2 1.0 0.00 1.4 15.0 5:45p N 9 54.3 68.7 2:20p 41.4 7:50a 10.9 0.3 0.00 2.2 23.0 4:35p E 10 54.1 70.3 6:20p 37.1 7:30a 11.8 0.9 0.00 1.0 15.0 12:30p ESE 11 56.5 71.8 3:10p 40.2 8:00a 10.0 1.5 0.00 1.4 15.0 3:00p E 12 56.4 67.7 4:40p 42.9 7:15a 8.8 0.2 0.00 0.9 16.0 11:35a WSW 13 58.4 71.7 3:05p 46.1 6:50a 7.8 1.2 0.00 2.1 18.0 3:20p E 14 58.4 67.9 2:55p 44.5 7:35a 7.0 0.3 0.00 3.9 19.0 2:55p E 15 58.0 69.1 4:35p 45.4 7:25a 7.7 0.7 0.00 2.6 26.0 2:25p E 16 57.8 73.0 2:40p 40.4 7:50a 9.1 1.9 0.00 1.0 15.0 4:15p NNW 17 57.9 62.8 1:05a 50.4 11:50p 7.1 0.0 0.04 1.4 16.0 2:00a E 18 53.8 65.2 4:20p 48.2 7:15a 11.2 0.0 0.03 1.7 21.0 7:00p SSW 19 56.1 67.7 4:25p 47.3 3:50a 9.1 0.2 0.00 2.5 18.0 2:30p SW 20 56.4 72.0 5:05p 42.3 7:45a 9.6 1.1 0.00 2.2 16.0 8:30p E 21 56.0 68.7 5:00p 46.7 7:00a 9.3 0.3 0.00 1.8 19.0 4:15p S 22 62.0 79.3 4:15p 41.8 7:30a 6.9 3.9 0.00 2.5 16.0 4:25p S 23 65.2 78.9 3:00p 49.6 7:35a 4.1 4.2 0.00 3.9 24.0 4:45p WSW 24 63.8 79.8 3:30p 41.7 7:30a 5.4 4.1 0.00 2.3 23.0 2:45p SE 25 62.5 75.3 5:15p 49.7 6:35a 5.1 2.6 0.00 3.2 19.0 11:55a W 26 54.9 69.5 5:25p 38.9 7:30a 10.7 0.6 0.00 1.8 15.0 3:20a N 27 62.2 79.4 4:10p 44.0 6:20a 6.7 3.9 0.00 1.3 15.0 4:30p SE 28 68.8 86.0 4:20p 46.4 7:40a 3.7 7.5 0.00 2.4 20.0 2:55p SE 29 69.4 86.2 2:20p 50.5 3:50a 3.3 7.7 0.00 2.2 17.0 2:35p N 30 73.5 83.3 4:30p 66.0 9:30a 0.0 8.5 0.00 2.2 24.0 4:45p S 31 67.5 82.4 3:05p 51.8 6:30a 2.7 5.2 0.00 2.6 24.0 7:10p S ------------------------------------------------------------------------------------- 58.1 86.2 29 26.9 6 273.0 59.5 0.35 2.2 26.0 2 S Max >= 90.0: 0 Max <= 32.0: 0 Min <= 32.0: 2 Min <= 0.0: 0 Max Rain: 0.23 ON 03/03/15 Days of Rain: 4 (>.01 in) 1 (>.1 in) 0 (>1 in) Heat Base: 65.0 Cool Base: 65.0 Method: Integration