NOAA-style Climate Reports

- as reported from this site (LasCruces-Weather.com) beginning 04-03-07

2023: Jan | Feb | Mar | Apr | May | Jun | Jul | Aug | Sep | Oct | Nov | Dec 
2022: Jan | Feb | Mar | Apr | May | Jun | Jul | Aug | Sep | Oct | Nov | Dec 
2021: Jan | Feb | Mar | Apr | May | Jun | Jul | Aug | Sep | Oct | Nov | Dec 
2020: Jan | Feb | Mar | Apr | May | Jun | Jul | Aug | Sep | Oct | Nov | Dec 
2019: Jan | Feb | Mar | Apr | May | Jun | Jul | Aug | Sep | Oct | Nov | Dec 
2018: Jan | Feb | Mar | Apr | May | Jun | Jul | Aug | Sep | Oct | Nov | Dec 
2017: Jan | Feb | Mar | Apr | May | Jun | Jul | Aug | Sep | Oct | Nov | Dec 
2016: Jan | Feb | Mar | Apr | May | Jun | Jul | Aug | Sep | Oct | Nov | Dec 
2015: Jan | Feb | Mar | Apr | May | Jun | Jul | Aug | Sep | Oct | Nov | Dec 
2014: Jan | Feb | Mar | Apr | May | Jun | Jul | Aug | Sep | Oct | Nov | Dec 
2013: Jan | Feb | Mar | Apr | May | Jun | Jul | Aug | Sep | Oct | Nov | Dec 
2012: Jan | Feb | Mar | Apr | May | Jun | Jul | Aug | Sep | Oct | Nov | Dec 
2011: Jan | Feb | Mar | Apr | May | Jun | Jul | Aug | Sep | Oct | Nov | Dec 
2010: Jan | Feb | Mar | Apr | May | Jun | Jul | Aug | Sep | Oct | Nov | Dec 
2009: Jan | Feb | Mar | Apr | May | Jun | Jul | Aug | Sep | Oct | Nov | Dec 
2008: Jan | Feb | Mar | Apr | May | Jun | Jul | Aug | Sep | Oct | Nov | Dec 
2007: Jan | Feb | Mar | Apr | May | Jun | Jul | Aug | Sep | Oct | Nov | Dec 

Report for 2015 02
MONTHLY CLIMATOLOGICAL SUMMARY for FEB. 2015 NAME: C32 CITY: Las Cruces|East Mesa STATE: NM ELEV: 4474 ft LAT: 32 24' 08" N LONG: 106 41' 01" W TEMPERATURE (F), RAIN (in), WIND SPEED (mph) HEAT COOL AVG MEAN DEG DEG WIND DOM DAY TEMP HIGH TIME LOW TIME DAYS DAYS RAIN SPEED HIGH TIME DIR ------------------------------------------------------------------------------------ 1 46.8 59.6 3:40p 36.6 7:35a 18.2 0.0 0.00 0.7 11.0 3:30p ESE 2 46.8 60.7 4:50p 34.6 6:15a 18.2 0.0 0.00 0.3 8.0 1:30p SE 3 49.9 65.1 3:40p 35.5 6:00a 15.1 0.0 0.00 0.7 10.0 2:05p SE 4 53.0 70.0 3:35p 39.4 6:55a 12.8 0.7 0.00 2.0 17.0 2:20p NNW 5 50.3 67.5 3:30p 36.7 7:20a 15.0 0.3 0.00 1.0 13.0 3:15p SSW 6 53.1 71.8 3:55p 34.2 5:45a 13.0 1.2 0.00 0.9 10.0 2:00p E 7 57.5 76.0 3:45p 38.0 7:10a 9.4 1.9 0.00 2.0 17.0 3:45p S 8 57.9 76.6 4:00p 41.8 7:30a 9.9 2.8 0.00 0.9 12.0 2:55p N 9 58.6 76.0 2:45p 43.2 4:20a 9.0 2.6 0.00 1.4 14.0 2:15p SE 10 60.0 76.6 2:40p 43.2 7:30a 7.8 2.8 0.00 2.2 16.0 2:10p SW 11 51.5 65.8 1:15p 40.6 7:20a 13.5 0.0 0.00 3.7 19.0 4:50p NE 12 45.9 59.8 3:00p 35.0 6:05a 19.1 0.0 0.00 2.4 16.0 2:05a E 13 47.4 65.2 4:25p 31.8 6:40a 17.6 0.0 0.00 0.7 12.0 2:15p E 14 53.1 68.9 1:50p 36.0 7:10a 12.4 0.5 0.00 1.2 13.0 3:00p N 15 60.5 73.4 2:50p 50.3 3:00a 6.0 1.5 0.00 4.5 23.0 3:40p WSW 16 57.3 68.6 3:35p 47.1 10:40p 8.0 0.3 0.00 4.8 28.0 5:10p S 17 47.7 60.9 3:40p 32.5 7:15a 17.3 0.0 0.00 4.2 19.0 12:30p N 18 50.9 71.1 4:35p 32.6 5:30a 15.0 0.8 0.00 1.0 9.0 10:10a NNE 19 57.6 74.9 3:00p 36.3 6:40a 9.3 2.0 0.00 2.1 17.0 1:50p SW 20 59.1 67.8 2:00p 48.4 12:30a 6.3 0.4 0.00 7.0 29.0 5:00p S 21 59.8 68.6 1:55p 49.5 7:10a 5.8 0.6 0.00 5.8 30.0 4:25p WSW 22 56.6 68.1 3:00p 42.6 12:00m 8.6 0.2 0.00 3.5 21.0 2:55p S 23 40.0 47.4 5:00p 30.6 11:55p 25.0 0.0 0.00 2.2 18.0 12:55p E 24 41.3 62.9 1:40p 26.9 5:00a 23.7 0.0 0.08 5.4 23.0 4:50p NE 25 46.4 62.0 4:00p 31.9 6:30a 18.6 0.0 0.00 2.2 14.0 12:25p SE 26 46.1 59.5 1:30p 36.7 6:10a 18.9 0.0 0.00 3.6 23.0 3:30p E 27 40.8 53.3 4:30p 27.8 7:00a 24.2 0.0 0.00 2.3 18.0 3:25p NNW 28 48.0 65.9 4:30p 27.6 6:10a 17.1 0.0 0.00 3.1 23.0 1:35p SSW ------------------------------------------------------------------------------------- 51.6 76.6 8 26.9 24 394.8 18.6 0.08 2.6 30.0 21 S Max >= 90.0: 0 Max <= 32.0: 0 Min <= 32.0: 6 Min <= 0.0: 0 Max Rain: 0.08 ON 02/24/15 Days of Rain: 1 (>.01 in) 0 (>.1 in) 0 (>1 in) Heat Base: 65.0 Cool Base: 65.0 Method: Integration