NOAA-style Climate Reports

- as reported from this site (LasCruces-Weather.com) beginning 04-03-07

2023: Jan | Feb | Mar | Apr | May | Jun | Jul | Aug | Sep | Oct | Nov | Dec 
2022: Jan | Feb | Mar | Apr | May | Jun | Jul | Aug | Sep | Oct | Nov | Dec 
2021: Jan | Feb | Mar | Apr | May | Jun | Jul | Aug | Sep | Oct | Nov | Dec 
2020: Jan | Feb | Mar | Apr | May | Jun | Jul | Aug | Sep | Oct | Nov | Dec 
2019: Jan | Feb | Mar | Apr | May | Jun | Jul | Aug | Sep | Oct | Nov | Dec 
2018: Jan | Feb | Mar | Apr | May | Jun | Jul | Aug | Sep | Oct | Nov | Dec 
2017: Jan | Feb | Mar | Apr | May | Jun | Jul | Aug | Sep | Oct | Nov | Dec 
2016: Jan | Feb | Mar | Apr | May | Jun | Jul | Aug | Sep | Oct | Nov | Dec 
2015: Jan | Feb | Mar | Apr | May | Jun | Jul | Aug | Sep | Oct | Nov | Dec 
2014: Jan | Feb | Mar | Apr | May | Jun | Jul | Aug | Sep | Oct | Nov | Dec 
2013: Jan | Feb | Mar | Apr | May | Jun | Jul | Aug | Sep | Oct | Nov | Dec 
2012: Jan | Feb | Mar | Apr | May | Jun | Jul | Aug | Sep | Oct | Nov | Dec 
2011: Jan | Feb | Mar | Apr | May | Jun | Jul | Aug | Sep | Oct | Nov | Dec 
2010: Jan | Feb | Mar | Apr | May | Jun | Jul | Aug | Sep | Oct | Nov | Dec 
2009: Jan | Feb | Mar | Apr | May | Jun | Jul | Aug | Sep | Oct | Nov | Dec 
2008: Jan | Feb | Mar | Apr | May | Jun | Jul | Aug | Sep | Oct | Nov | Dec 
2007: Jan | Feb | Mar | Apr | May | Jun | Jul | Aug | Sep | Oct | Nov | Dec 

Report for 2015 01
MONTHLY CLIMATOLOGICAL SUMMARY for JAN. 2015 NAME: C32 CITY: Las Cruces|East Mesa STATE: NM ELEV: 4474 ft LAT: 32 24' 08" N LONG: 106 41' 01" W TEMPERATURE (F), RAIN (in), WIND SPEED (mph) HEAT COOL AVG MEAN DEG DEG WIND DOM DAY TEMP HIGH TIME LOW TIME DAYS DAYS RAIN SPEED HIGH TIME DIR ------------------------------------------------------------------------------------ 1 35.3 46.9 2:00p 20.9 4:00a 29.7 0.0 0.00 1.7 13.0 5:35a NNE 2 34.3 47.2 11:55a 28.4 11:10p 30.7 0.0 0.00 4.4 15.0 12:45p N 3 34.6 47.1 3:20p 25.3 7:05a 30.4 0.0 0.08 4.6 16.0 9:40a S 4 36.5 53.9 3:45p 24.5 6:30a 28.5 0.0 0.01 1.0 8.0 9:20a E 5 38.1 58.3 3:20p 22.5 7:15a 26.9 0.0 0.00 1.5 10.0 8:25a E 6 42.9 64.7 4:35p 29.4 2:55a 22.1 0.0 0.00 2.4 13.0 10:00a NE 7 42.6 61.4 12:45p 31.8 5:35a 22.4 0.0 0.00 3.7 20.0 1:40p E 8 37.9 46.3 1:50p 32.1 12:05a 27.1 0.0 0.02 1.1 9.0 2:30p SSW 9 38.1 44.3 2:45p 30.5 7:05a 26.9 0.0 0.00 1.3 12.0 12:55p WNW 10 39.7 49.2 3:05p 34.5 3:45a 25.3 0.0 0.00 1.4 10.0 9:10p WSW 11 45.3 59.5 4:20p 35.3 6:40a 19.7 0.0 0.00 2.1 12.0 7:55a S 12 43.9 51.5 4:10p 38.2 11:45p 21.1 0.0 0.00 2.4 13.0 12:30p N 13 37.9 41.6 4:25p 33.4 6:45a 27.1 0.0 0.00 0.4 6.0 9:10p NE 14 39.1 45.5 12:25p 30.9 11:55p 25.9 0.0 0.07 1.7 16.0 3:05p NE 15 38.0 53.3 4:35p 26.0 7:45a 27.0 0.0 0.00 0.9 10.0 9:10a ESE 16 41.1 57.6 3:30p 29.6 6:10a 23.9 0.0 0.00 1.5 8.0 8:50a SE 17 45.8 63.2 4:20p 30.6 7:45a 19.2 0.0 0.00 1.6 11.0 9:00a SSE 18 46.6 63.9 3:15p 31.1 7:05a 18.4 0.0 0.00 0.9 9.0 12:40p E 19 50.4 68.6 3:25p 33.2 7:15a 15.0 0.4 0.00 2.6 12.0 4:40p NE 20 51.3 68.5 2:40p 33.6 6:55a 14.1 0.4 0.00 2.1 12.0 10:35a N 21 45.3 58.6 1:25p 34.9 5:25a 19.7 0.0 0.00 2.3 14.0 10:40a NNW 22 32.8 39.5 1:10a 22.6 11:55p 32.2 0.0 0.08 4.5 19.0 3:55a N 23 29.5 41.8 4:25p 16.1 7:45a 35.5 0.0 0.14 0.8 7.0 2:00p E 24 35.0 50.1 4:25p 22.6 6:15a 30.0 0.0 0.02 2.1 11.0 1:25p N 25 39.8 57.3 4:05p 26.1 3:45a 25.2 0.0 0.00 2.0 11.0 8:35a NNE 26 44.1 60.7 3:00p 31.0 6:45a 20.9 0.0 0.00 1.5 11.0 7:20a NNE 27 53.2 67.8 4:05p 41.7 6:40a 12.1 0.3 0.00 0.5 10.0 1:35p SE 28 54.7 70.0 3:15p 40.7 7:30a 11.1 0.8 0.00 1.2 11.0 2:40p SE 29 51.1 60.4 2:10p 44.0 3:35a 13.9 0.0 0.00 4.4 32.0 7:35p E 30 44.9 49.4 12:05a 42.4 7:15a 20.1 0.0 0.43 1.3 23.0 12:50a ESE 31 46.7 53.2 2:20p 42.5 3:20a 18.3 0.0 0.25 0.8 14.0 11:45a S ------------------------------------------------------------------------------------- 41.8 70.0 28 16.1 23 720.4 1.9 1.10 2.0 32.0 29 NNE Max >= 90.0: 0 Max <= 32.0: 0 Min <= 32.0: 18 Min <= 0.0: 0 Max Rain: 0.43 ON 01/30/15 Days of Rain: 8 (>.01 in) 3 (>.1 in) 0 (>1 in) Heat Base: 65.0 Cool Base: 65.0 Method: Integration