NOAA-style Climate Reports

- as reported from this site (LasCruces-Weather.com) beginning 04-03-07

2023: Jan | Feb | Mar | Apr | May | Jun | Jul | Aug | Sep | Oct | Nov | Dec 
2022: Jan | Feb | Mar | Apr | May | Jun | Jul | Aug | Sep | Oct | Nov | Dec 
2021: Jan | Feb | Mar | Apr | May | Jun | Jul | Aug | Sep | Oct | Nov | Dec 
2020: Jan | Feb | Mar | Apr | May | Jun | Jul | Aug | Sep | Oct | Nov | Dec 
2019: Jan | Feb | Mar | Apr | May | Jun | Jul | Aug | Sep | Oct | Nov | Dec 
2018: Jan | Feb | Mar | Apr | May | Jun | Jul | Aug | Sep | Oct | Nov | Dec 
2017: Jan | Feb | Mar | Apr | May | Jun | Jul | Aug | Sep | Oct | Nov | Dec 
2016: Jan | Feb | Mar | Apr | May | Jun | Jul | Aug | Sep | Oct | Nov | Dec 
2015: Jan | Feb | Mar | Apr | May | Jun | Jul | Aug | Sep | Oct | Nov | Dec 
2014: Jan | Feb | Mar | Apr | May | Jun | Jul | Aug | Sep | Oct | Nov | Dec 
2013: Jan | Feb | Mar | Apr | May | Jun | Jul | Aug | Sep | Oct | Nov | Dec 
2012: Jan | Feb | Mar | Apr | May | Jun | Jul | Aug | Sep | Oct | Nov | Dec 
2011: Jan | Feb | Mar | Apr | May | Jun | Jul | Aug | Sep | Oct | Nov | Dec 
2010: Jan | Feb | Mar | Apr | May | Jun | Jul | Aug | Sep | Oct | Nov | Dec 
2009: Jan | Feb | Mar | Apr | May | Jun | Jul | Aug | Sep | Oct | Nov | Dec 
2008: Jan | Feb | Mar | Apr | May | Jun | Jul | Aug | Sep | Oct | Nov | Dec 
2007: Jan | Feb | Mar | Apr | May | Jun | Jul | Aug | Sep | Oct | Nov | Dec 

Report for 2014 12
MONTHLY CLIMATOLOGICAL SUMMARY for DEC. 2014 NAME: C32 CITY: Las Cruces|East Mesa STATE: NM ELEV: 4474 ft LAT: 32 24' 08" N LONG: 106 41' 01" W TEMPERATURE (F), RAIN (in), WIND SPEED (mph) HEAT COOL AVG MEAN DEG DEG WIND DOM DAY TEMP HIGH TIME LOW TIME DAYS DAYS RAIN SPEED HIGH TIME DIR ------------------------------------------------------------------------------------ 1 51.9 67.5 2:25p 38.6 11:55p 13.3 0.2 0.00 1.4 12.0 12:35p SE 2 48.4 62.7 1:35p 34.4 3:50a 16.6 0.0 0.00 1.0 10.0 11:45p ESE 3 59.2 71.1 3:10p 47.8 6:40a 6.7 0.9 0.00 1.2 11.0 10:20a SE 4 55.7 60.7 3:10p 48.7 12:00m 9.3 0.0 0.00 1.0 17.0 9:45p S 5 51.0 64.9 2:20p 40.4 4:40a 14.0 0.0 0.00 1.3 14.0 10:20a N 6 54.3 68.1 12:40p 39.5 2:05a 10.9 0.2 0.00 1.1 13.0 12:40p E 7 53.1 67.3 2:40p 40.9 7:20a 12.1 0.2 0.00 1.7 13.0 4:55a N 8 50.9 67.6 2:30p 35.9 6:45a 14.4 0.2 0.00 1.9 11.0 7:55a NNE 9 52.8 66.9 3:05p 42.4 6:40a 12.3 0.1 0.12 0.8 10.0 10:25p NNE 10 53.4 69.1 4:30p 42.5 7:20a 11.9 0.3 0.01 0.7 9.0 11:15a N 11 52.6 68.9 2:30p 38.3 7:05a 12.8 0.5 0.00 1.1 9.0 8:25a ESE 12 54.3 68.0 2:35p 42.5 4:00a 11.1 0.4 0.00 0.6 10.0 1:15p SE 13 56.5 68.2 2:10p 46.9 12:00m 8.9 0.4 0.00 4.3 23.0 2:15p SSW 14 44.9 55.0 3:00p 34.0 12:00m 20.1 0.0 0.00 4.9 21.0 12:45p SW 15 42.1 57.2 2:55p 26.2 5:40a 22.9 0.0 0.00 1.7 10.0 12:55p N 16 45.7 59.0 1:05p 30.1 6:55a 19.3 0.0 0.00 1.4 8.0 1:25a NE 17 45.7 55.3 3:15p 38.0 2:15a 19.3 0.0 0.00 3.9 25.0 3:40p WSW 18 44.7 55.7 11:40a 37.5 7:30a 20.3 0.0 0.11 2.1 23.0 5:05p S 19 41.1 51.7 3:10p 31.7 12:00m 23.9 0.0 0.01 2.4 13.0 2:40p N 20 40.1 54.8 3:55p 27.3 7:20a 24.9 0.0 0.00 1.6 11.0 9:05a SE 21 46.1 60.5 3:25p 31.0 7:40a 18.9 0.0 0.00 2.9 17.0 5:20p SSW 22 50.4 64.4 2:30p 38.3 5:30a 14.6 0.0 0.00 4.2 21.0 3:15p S 23 42.1 48.7 12:05a 29.9 10:45p 22.9 0.0 0.00 5.9 25.0 10:10a N 24 36.1 49.4 3:30p 21.8 7:40a 28.9 0.0 0.00 2.4 11.0 4:15p NE 25 48.7 63.6 4:30p 36.5 4:40a 16.3 0.0 0.00 6.7 28.0 1:40p S 26 40.5 50.7 12:35a 34.9 6:10a 24.5 0.0 0.14 5.5 19.0 12:55a S 27 34.3 44.2 2:20p 26.3 12:00m 30.7 0.0 0.00 1.9 10.0 3:55p N 28 36.1 48.3 3:25p 23.2 7:15a 28.9 0.0 0.00 2.9 14.0 2:40p S 29 45.2 57.3 2:40p 35.2 4:55a 19.8 0.0 0.00 5.4 21.0 1:45p SSW 30 39.5 52.6 2:25p 27.5 11:40p 25.5 0.0 0.00 2.1 14.0 1:55p E 31 28.9 36.7 12:45p 22.0 6:50a 36.1 0.0 0.00 2.3 16.0 12:15p N ------------------------------------------------------------------------------------- 46.7 71.1 3 21.8 24 572.1 3.4 0.39 2.5 28.0 25 S Max >= 90.0: 0 Max <= 32.0: 0 Min <= 32.0: 11 Min <= 0.0: 0 Max Rain: 0.14 ON 12/26/14 Days of Rain: 3 (>.01 in) 3 (>.1 in) 0 (>1 in) Heat Base: 65.0 Cool Base: 65.0 Method: Integration