NOAA-style Climate Reports

- as reported from this site (LasCruces-Weather.com) beginning 04-03-07

2023: Jan | Feb | Mar | Apr | May | Jun | Jul | Aug | Sep | Oct | Nov | Dec 
2022: Jan | Feb | Mar | Apr | May | Jun | Jul | Aug | Sep | Oct | Nov | Dec 
2021: Jan | Feb | Mar | Apr | May | Jun | Jul | Aug | Sep | Oct | Nov | Dec 
2020: Jan | Feb | Mar | Apr | May | Jun | Jul | Aug | Sep | Oct | Nov | Dec 
2019: Jan | Feb | Mar | Apr | May | Jun | Jul | Aug | Sep | Oct | Nov | Dec 
2018: Jan | Feb | Mar | Apr | May | Jun | Jul | Aug | Sep | Oct | Nov | Dec 
2017: Jan | Feb | Mar | Apr | May | Jun | Jul | Aug | Sep | Oct | Nov | Dec 
2016: Jan | Feb | Mar | Apr | May | Jun | Jul | Aug | Sep | Oct | Nov | Dec 
2015: Jan | Feb | Mar | Apr | May | Jun | Jul | Aug | Sep | Oct | Nov | Dec 
2014: Jan | Feb | Mar | Apr | May | Jun | Jul | Aug | Sep | Oct | Nov | Dec 
2013: Jan | Feb | Mar | Apr | May | Jun | Jul | Aug | Sep | Oct | Nov | Dec 
2012: Jan | Feb | Mar | Apr | May | Jun | Jul | Aug | Sep | Oct | Nov | Dec 
2011: Jan | Feb | Mar | Apr | May | Jun | Jul | Aug | Sep | Oct | Nov | Dec 
2010: Jan | Feb | Mar | Apr | May | Jun | Jul | Aug | Sep | Oct | Nov | Dec 
2009: Jan | Feb | Mar | Apr | May | Jun | Jul | Aug | Sep | Oct | Nov | Dec 
2008: Jan | Feb | Mar | Apr | May | Jun | Jul | Aug | Sep | Oct | Nov | Dec 
2007: Jan | Feb | Mar | Apr | May | Jun | Jul | Aug | Sep | Oct | Nov | Dec 

Report for 2014 11
MONTHLY CLIMATOLOGICAL SUMMARY for NOV. 2014 NAME: C32 CITY: Las Cruces|East Mesa STATE: NM ELEV: 4474 ft LAT: 32 24' 08" N LONG: 106 41' 01" W TEMPERATURE (F), RAIN (in), WIND SPEED (mph) HEAT COOL AVG MEAN DEG DEG WIND DOM DAY TEMP HIGH TIME LOW TIME DAYS DAYS RAIN SPEED HIGH TIME DIR ------------------------------------------------------------------------------------ 1 65.9 77.6 3:40p 51.7 8:05a 3.2 4.0 0.00 5.1 26.0 2:50p S 2 64.6 78.3 1:30p 55.8 6:15a 3.4 3.0 0.09 5.9 39.0 5:25p SSW 3 56.2 62.3 11:35a 51.3 10:55p 8.8 0.0 0.23 0.3 16.0 5:55a E 4 53.2 62.9 12:40p 45.1 7:00a 11.8 0.0 0.01 4.3 21.0 8:30p E 5 50.9 63.1 2:10p 39.3 6:05a 14.1 0.0 0.00 1.2 12.0 11:00a NE 6 53.4 64.7 11:45a 43.8 7:20a 11.6 0.0 0.00 2.7 17.0 9:50a E 7 52.7 66.8 3:10p 39.5 7:00a 12.4 0.1 0.00 1.1 12.0 4:00p SE 8 54.4 69.0 2:50p 41.0 4:40a 11.1 0.5 0.00 1.4 12.0 9:05p WSW 9 54.9 69.2 3:20p 38.9 6:20a 10.6 0.5 0.00 1.6 11.0 12:10p S 10 61.0 73.7 1:30p 48.8 5:55a 6.0 2.0 0.00 4.8 31.0 3:05p WSW 11 60.7 72.5 2:30p 50.8 5:00a 5.8 1.6 0.00 3.0 18.0 11:15a S 12 51.7 64.4 10:35a 37.5 12:00m 13.3 0.0 0.00 2.6 16.0 11:15a WSW 13 39.3 49.2 12:45p 30.6 7:15a 25.7 0.0 0.00 1.9 12.0 12:15p SSW 14 49.9 65.6 3:20p 34.1 3:35a 15.1 0.0 0.00 2.0 16.0 2:30p S 15 57.5 67.4 2:10p 47.9 6:50a 7.7 0.2 0.00 6.2 24.0 3:30p S 16 46.7 57.7 9:35a 29.9 12:00m 18.3 0.0 0.01 5.6 22.0 10:30a N 17 35.8 50.0 4:30p 24.4 6:15a 29.2 0.0 0.00 1.3 9.0 12:05a E 18 38.4 56.1 3:00p 23.0 4:05a 26.6 0.0 0.00 2.1 11.0 7:50a SE 19 42.9 61.0 3:05p 25.6 4:45a 22.1 0.0 0.00 1.3 9.0 2:45p SE 20 50.5 67.3 3:15p 32.0 7:25a 14.7 0.1 0.00 2.4 14.0 3:55p SW 21 51.8 66.9 1:25p 34.5 7:25a 13.3 0.1 0.00 1.1 11.0 2:00p SE 22 54.0 65.6 2:30p 41.9 7:25a 11.0 0.0 0.00 3.5 17.0 4:20p NNE 23 52.3 63.0 3:05p 36.4 11:50p 12.7 0.0 0.00 8.6 32.0 1:10p WSW 24 42.2 54.8 2:55p 30.4 4:50a 22.8 0.0 0.00 4.3 24.0 10:05p N 25 40.8 54.1 3:30p 27.0 6:30a 24.2 0.0 0.00 3.1 18.0 2:10p SSE 26 47.0 65.8 3:35p 29.8 5:35a 18.0 0.0 0.00 1.5 10.0 11:30a E 27 49.4 67.7 2:45p 36.5 1:35a 15.8 0.2 0.00 1.7 10.0 8:40a ESE 28 49.9 68.3 2:45p 33.5 6:55a 15.4 0.3 0.00 1.3 12.0 1:50p SE 29 55.2 71.9 2:45p 35.7 7:00a 10.8 1.0 0.00 2.7 16.0 2:50p SSE 30 56.3 70.0 1:50p 46.9 5:30a 9.4 0.7 0.00 3.4 15.0 1:30p S ------------------------------------------------------------------------------------- 51.3 78.3 2 23.0 18 424.9 14.3 0.34 2.9 39.0 2 S Max >= 90.0: 0 Max <= 32.0: 0 Min <= 32.0: 9 Min <= 0.0: 0 Max Rain: 0.23 ON 11/03/14 Days of Rain: 2 (>.01 in) 1 (>.1 in) 0 (>1 in) Heat Base: 65.0 Cool Base: 65.0 Method: Integration