NOAA-style Climate Reports

- as reported from this site (LasCruces-Weather.com) beginning 04-03-07

2023: Jan | Feb | Mar | Apr | May | Jun | Jul | Aug | Sep | Oct | Nov | Dec 
2022: Jan | Feb | Mar | Apr | May | Jun | Jul | Aug | Sep | Oct | Nov | Dec 
2021: Jan | Feb | Mar | Apr | May | Jun | Jul | Aug | Sep | Oct | Nov | Dec 
2020: Jan | Feb | Mar | Apr | May | Jun | Jul | Aug | Sep | Oct | Nov | Dec 
2019: Jan | Feb | Mar | Apr | May | Jun | Jul | Aug | Sep | Oct | Nov | Dec 
2018: Jan | Feb | Mar | Apr | May | Jun | Jul | Aug | Sep | Oct | Nov | Dec 
2017: Jan | Feb | Mar | Apr | May | Jun | Jul | Aug | Sep | Oct | Nov | Dec 
2016: Jan | Feb | Mar | Apr | May | Jun | Jul | Aug | Sep | Oct | Nov | Dec 
2015: Jan | Feb | Mar | Apr | May | Jun | Jul | Aug | Sep | Oct | Nov | Dec 
2014: Jan | Feb | Mar | Apr | May | Jun | Jul | Aug | Sep | Oct | Nov | Dec 
2013: Jan | Feb | Mar | Apr | May | Jun | Jul | Aug | Sep | Oct | Nov | Dec 
2012: Jan | Feb | Mar | Apr | May | Jun | Jul | Aug | Sep | Oct | Nov | Dec 
2011: Jan | Feb | Mar | Apr | May | Jun | Jul | Aug | Sep | Oct | Nov | Dec 
2010: Jan | Feb | Mar | Apr | May | Jun | Jul | Aug | Sep | Oct | Nov | Dec 
2009: Jan | Feb | Mar | Apr | May | Jun | Jul | Aug | Sep | Oct | Nov | Dec 
2008: Jan | Feb | Mar | Apr | May | Jun | Jul | Aug | Sep | Oct | Nov | Dec 
2007: Jan | Feb | Mar | Apr | May | Jun | Jul | Aug | Sep | Oct | Nov | Dec 

Report for 2014 10
MONTHLY CLIMATOLOGICAL SUMMARY for OCT. 2014 NAME: C32 CITY: Las Cruces|East Mesa STATE: NM ELEV: 4474 ft LAT: 32 24' 08" N LONG: 106 41' 01" W TEMPERATURE (F), RAIN (in), WIND SPEED (mph) HEAT COOL AVG MEAN DEG DEG WIND DOM DAY TEMP HIGH TIME LOW TIME DAYS DAYS RAIN SPEED HIGH TIME DIR ------------------------------------------------------------------------------------ 1 69.2 81.5 3:15p 56.4 7:00a 2.1 6.2 0.00 3.5 20.0 12:45p WSW 2 65.6 79.4 4:20p 51.8 6:50a 4.1 4.7 0.00 3.2 20.0 1:05p N 3 64.1 82.8 3:40p 48.4 6:45a 6.0 5.1 0.00 1.9 11.0 10:30a ESE 4 66.9 84.9 4:25p 47.1 6:55a 4.9 6.8 0.00 1.3 12.0 2:40p ESE 5 68.7 84.8 4:00p 53.1 7:30a 2.9 6.6 0.00 1.7 29.0 2:50p E 6 68.4 84.5 4:20p 53.0 5:00a 2.9 6.3 0.00 2.5 14.0 5:10p NE 7 68.8 85.4 5:00p 50.9 6:50a 2.7 6.6 0.00 0.9 10.0 10:30a SE 8 73.0 85.8 2:50p 61.8 8:05a 0.5 8.5 0.00 1.6 15.0 4:45p SE 9 70.7 82.0 3:10p 62.0 7:30a 0.3 5.9 0.00 3.1 20.0 3:05p WSW 10 66.3 79.2 4:30p 53.0 7:25a 2.9 4.1 0.00 2.2 19.0 12:05p NNW 11 63.4 77.4 4:50p 49.3 7:30a 4.8 3.1 0.00 0.8 10.0 2:00p SW 12 68.3 80.0 2:50p 56.6 6:05a 2.2 5.5 0.00 7.6 34.0 4:25p WSW 13 59.7 73.1 4:45p 46.5 6:55a 7.1 1.8 0.00 2.5 15.0 12:55p N 14 58.9 76.7 4:30p 41.7 6:20a 9.1 3.1 0.00 1.4 11.0 1:25p ESE 15 62.7 81.7 3:15p 43.8 7:15a 7.0 4.7 0.00 1.5 14.0 11:50a SE 16 68.8 85.8 3:55p 49.1 6:15a 3.6 7.4 0.00 1.5 18.0 2:35p SE 17 70.5 84.9 3:10p 53.8 7:45a 2.0 7.5 0.00 1.1 15.0 3:15p SE 18 68.7 80.5 3:00p 59.2 6:00a 0.8 4.5 0.00 2.7 21.0 4:35p E 19 66.1 75.9 1:35p 55.9 10:45p 1.8 2.9 0.31 3.7 35.0 8:20p E 20 61.3 71.9 2:40p 53.3 7:25a 4.7 1.0 0.01 2.3 22.0 4:50p N 21 62.3 73.1 4:55p 52.2 7:40a 4.3 1.6 0.00 0.5 11.0 12:30a E 22 62.8 76.0 3:55p 52.0 7:30a 5.1 2.9 0.00 0.6 10.0 1:55p ESE 23 65.4 79.4 3:55p 54.0 4:35a 3.9 4.3 0.00 0.4 9.0 1:00p SE 24 66.9 82.7 5:35p 52.8 7:40a 3.3 5.2 0.00 0.6 10.0 1:05p SE 25 68.5 83.8 4:20p 52.8 7:40a 2.7 6.3 0.00 1.2 12.0 4:55p SE 26 70.2 84.1 2:40p 55.6 6:15a 1.8 7.0 0.00 2.0 17.0 4:20p SE 27 67.1 75.5 1:40p 58.1 11:40p 1.3 3.4 0.00 2.4 19.0 2:10p SW 28 61.4 76.4 4:20p 46.7 7:20a 6.3 2.7 0.00 1.4 12.0 8:50a ESE 29 61.7 78.9 3:30p 45.9 7:45a 7.0 3.7 0.00 1.0 11.0 2:40p ESE 30 63.7 80.6 3:10p 44.1 7:25a 6.0 4.7 0.00 2.8 19.0 10:50p E 31 65.1 74.6 1:45p 54.2 7:55a 2.0 2.1 0.00 4.4 27.0 12:55a E ------------------------------------------------------------------------------------- 66.0 85.8 8 41.7 14 116.1 146.2 0.32 2.1 35.0 19 ESE Max >= 90.0: 0 Max <= 32.0: 0 Min <= 32.0: 0 Min <= 0.0: 0 Max Rain: 0.31 ON 10/19/14 Days of Rain: 1 (>.01 in) 1 (>.1 in) 0 (>1 in) Heat Base: 65.0 Cool Base: 65.0 Method: Integration