NOAA-style Climate Reports

- as reported from this site (LasCruces-Weather.com) beginning 04-03-07

2023: Jan | Feb | Mar | Apr | May | Jun | Jul | Aug | Sep | Oct | Nov | Dec 
2022: Jan | Feb | Mar | Apr | May | Jun | Jul | Aug | Sep | Oct | Nov | Dec 
2021: Jan | Feb | Mar | Apr | May | Jun | Jul | Aug | Sep | Oct | Nov | Dec 
2020: Jan | Feb | Mar | Apr | May | Jun | Jul | Aug | Sep | Oct | Nov | Dec 
2019: Jan | Feb | Mar | Apr | May | Jun | Jul | Aug | Sep | Oct | Nov | Dec 
2018: Jan | Feb | Mar | Apr | May | Jun | Jul | Aug | Sep | Oct | Nov | Dec 
2017: Jan | Feb | Mar | Apr | May | Jun | Jul | Aug | Sep | Oct | Nov | Dec 
2016: Jan | Feb | Mar | Apr | May | Jun | Jul | Aug | Sep | Oct | Nov | Dec 
2015: Jan | Feb | Mar | Apr | May | Jun | Jul | Aug | Sep | Oct | Nov | Dec 
2014: Jan | Feb | Mar | Apr | May | Jun | Jul | Aug | Sep | Oct | Nov | Dec 
2013: Jan | Feb | Mar | Apr | May | Jun | Jul | Aug | Sep | Oct | Nov | Dec 
2012: Jan | Feb | Mar | Apr | May | Jun | Jul | Aug | Sep | Oct | Nov | Dec 
2011: Jan | Feb | Mar | Apr | May | Jun | Jul | Aug | Sep | Oct | Nov | Dec 
2010: Jan | Feb | Mar | Apr | May | Jun | Jul | Aug | Sep | Oct | Nov | Dec 
2009: Jan | Feb | Mar | Apr | May | Jun | Jul | Aug | Sep | Oct | Nov | Dec 
2008: Jan | Feb | Mar | Apr | May | Jun | Jul | Aug | Sep | Oct | Nov | Dec 
2007: Jan | Feb | Mar | Apr | May | Jun | Jul | Aug | Sep | Oct | Nov | Dec 

Report for 2014 09
MONTHLY CLIMATOLOGICAL SUMMARY for SEP. 2014 NAME: C32 CITY: Las Cruces|East Mesa STATE: NM ELEV: 4474 ft LAT: 32 24' 08" N LONG: 106 41' 01" W TEMPERATURE (F), RAIN (in), WIND SPEED (mph) HEAT COOL AVG MEAN DEG DEG WIND DOM DAY TEMP HIGH TIME LOW TIME DAYS DAYS RAIN SPEED HIGH TIME DIR ------------------------------------------------------------------------------------ 1 82.4 97.7 4:40p 64.5 6:40a 0.0 17.4 0.00 1.8 17.0 3:50p SE 2 83.0 99.3 3:35p 63.8 7:10a 0.0 18.0 0.00 1.3 14.0 4:50p SE 3 83.7 99.1 3:50p 65.7 6:30a 0.0 18.7 0.00 1.7 15.0 9:55p SE 4 81.6 95.0 4:00p 67.3 12:00m 0.0 16.6 0.26 3.9 28.0 8:05p S 5 72.7 83.4 5:20p 64.4 3:25a 0.0 7.7 0.20 1.1 12.0 12:05a E 6 74.1 83.9 4:10p 65.4 7:25a 0.0 9.1 0.00 2.6 25.0 10:05p E 7 69.5 74.8 2:50p 64.8 4:25a 0.0 4.5 0.10 1.7 22.0 3:10a E 8 73.1 85.7 5:35p 61.9 5:00a 0.6 8.7 0.00 1.1 15.0 10:00p S 9 76.6 87.3 3:50p 66.0 6:05a 0.0 11.6 0.00 5.1 24.0 4:55p WSW 10 77.6 89.8 4:35p 64.5 6:55a 0.0 12.6 0.00 0.8 11.0 3:00p S 11 72.1 82.6 12:50p 65.0 7:45a 0.0 7.1 0.01 1.7 20.0 3:05p SE 12 69.3 80.5 2:50p 60.8 7:10a 0.9 5.0 0.00 4.5 30.0 9:10p E 13 66.6 77.0 3:50p 59.2 4:20a 1.9 3.5 0.00 1.9 22.0 3:10p E 14 69.3 81.6 4:00p 59.8 6:40a 0.8 5.1 0.00 1.2 15.0 4:45p E 15 71.7 82.7 5:05p 60.1 6:25a 0.8 7.6 0.00 1.5 17.0 7:00p S 16 70.0 75.0 3:50p 65.0 6:45a 0.0 5.0 0.30 1.3 15.0 12:25p E 17 70.7 81.4 3:35p 63.9 7:00a 0.1 5.8 0.42 2.0 16.0 8:40p N 18 65.6 68.1 3:45p 64.2 9:40a 0.1 0.7 0.74 0.7 12.0 7:00a NNE 19 70.6 81.5 5:05p 64.0 6:25a 0.1 5.7 0.10 0.5 9.0 4:30p NNW 20 75.3 86.1 4:10p 64.9 7:10a 0.0 10.3 0.00 1.5 19.0 11:35p E 21 75.6 86.5 3:10p 65.9 7:30a 0.0 10.6 0.00 2.7 24.0 11:45p E 22 69.8 79.5 3:10p 65.8 10:00p 0.0 4.8 0.26 1.0 23.0 12:20a E 23 71.0 82.3 5:25p 64.3 6:00a 0.0 4.8 0.01 0.8 14.0 12:55p ESE 24 72.2 85.0 3:05p 61.5 6:50a 0.5 7.7 0.00 1.0 22.0 11:05p E 25 71.9 83.4 3:20p 60.5 7:10a 0.6 7.5 0.00 1.1 17.0 12:10a SSW 26 69.7 81.2 3:35p 61.2 7:20a 0.6 5.2 0.00 1.0 16.0 3:25p ESE 27 67.4 80.2 4:20p 54.4 7:10a 2.4 4.7 0.00 1.0 22.0 2:40p S 28 71.8 83.7 4:40p 59.1 7:25a 0.7 7.5 0.00 1.6 16.0 12:35p S 29 72.4 86.3 4:35p 60.1 6:40a 0.6 7.9 0.01 2.2 18.0 3:15p SSW 30 70.3 81.2 3:30p 59.4 7:40a 0.8 6.1 0.00 3.1 25.0 2:35p WSW ------------------------------------------------------------------------------------- 72.9 99.3 2 54.4 27 11.5 247.5 2.41 1.8 30.0 12 E Max >= 90.0: 4 Max <= 32.0: 0 Min <= 32.0: 0 Min <= 0.0: 0 Max Rain: 0.74 ON 09/18/14 Days of Rain: 8 (>.01 in) 6 (>.1 in) 0 (>1 in) Heat Base: 65.0 Cool Base: 65.0 Method: Integration