NOAA-style Climate Reports

- as reported from this site (LasCruces-Weather.com) beginning 04-03-07

2023: Jan | Feb | Mar | Apr | May | Jun | Jul | Aug | Sep | Oct | Nov | Dec 
2022: Jan | Feb | Mar | Apr | May | Jun | Jul | Aug | Sep | Oct | Nov | Dec 
2021: Jan | Feb | Mar | Apr | May | Jun | Jul | Aug | Sep | Oct | Nov | Dec 
2020: Jan | Feb | Mar | Apr | May | Jun | Jul | Aug | Sep | Oct | Nov | Dec 
2019: Jan | Feb | Mar | Apr | May | Jun | Jul | Aug | Sep | Oct | Nov | Dec 
2018: Jan | Feb | Mar | Apr | May | Jun | Jul | Aug | Sep | Oct | Nov | Dec 
2017: Jan | Feb | Mar | Apr | May | Jun | Jul | Aug | Sep | Oct | Nov | Dec 
2016: Jan | Feb | Mar | Apr | May | Jun | Jul | Aug | Sep | Oct | Nov | Dec 
2015: Jan | Feb | Mar | Apr | May | Jun | Jul | Aug | Sep | Oct | Nov | Dec 
2014: Jan | Feb | Mar | Apr | May | Jun | Jul | Aug | Sep | Oct | Nov | Dec 
2013: Jan | Feb | Mar | Apr | May | Jun | Jul | Aug | Sep | Oct | Nov | Dec 
2012: Jan | Feb | Mar | Apr | May | Jun | Jul | Aug | Sep | Oct | Nov | Dec 
2011: Jan | Feb | Mar | Apr | May | Jun | Jul | Aug | Sep | Oct | Nov | Dec 
2010: Jan | Feb | Mar | Apr | May | Jun | Jul | Aug | Sep | Oct | Nov | Dec 
2009: Jan | Feb | Mar | Apr | May | Jun | Jul | Aug | Sep | Oct | Nov | Dec 
2008: Jan | Feb | Mar | Apr | May | Jun | Jul | Aug | Sep | Oct | Nov | Dec 
2007: Jan | Feb | Mar | Apr | May | Jun | Jul | Aug | Sep | Oct | Nov | Dec 

Report for 2014 08
MONTHLY CLIMATOLOGICAL SUMMARY for AUG. 2014 NAME: C32 CITY: Las Cruces|East Mesa STATE: NM ELEV: 4474 ft LAT: 32 24' 08" N LONG: 106 41' 01" W TEMPERATURE (F), RAIN (in), WIND SPEED (mph) HEAT COOL AVG MEAN DEG DEG WIND DOM DAY TEMP HIGH TIME LOW TIME DAYS DAYS RAIN SPEED HIGH TIME DIR ------------------------------------------------------------------------------------ 1 70.4 79.8 5:40p 63.6 2:20a 0.1 5.5 0.82 3.3 17.0 1:20a E 2 71.6 78.6 4:25p 65.8 10:15p 0.0 6.6 0.14 4.6 19.0 6:05p E 3 75.0 84.5 4:00p 66.7 6:05a 0.0 10.0 0.00 1.0 14.0 12:35a E 4 74.4 85.0 2:25p 66.6 8:30p 0.0 9.4 0.34 1.2 16.0 6:15p S 5 76.9 90.1 5:20p 63.4 6:20a 0.2 12.1 0.00 1.7 17.0 11:55p SSW 6 81.6 95.9 5:25p 68.3 6:45a 0.0 16.6 0.00 1.7 16.0 6:00p S 7 78.5 89.2 1:45p 72.0 12:00m 0.0 13.5 0.00 3.8 22.0 1:00a S 8 77.2 89.1 5:05p 68.6 6:10a 0.0 12.2 0.00 0.6 11.0 1:25p S 9 76.7 87.7 5:35p 67.2 10:25a 0.0 11.7 0.00 2.9 21.0 10:35p S 10 76.3 88.9 2:10p 64.9 7:10a 0.0 11.3 0.00 2.8 17.0 2:55p NNE 11 79.0 88.5 3:30p 73.7 5:35a 0.0 14.0 0.00 4.3 30.0 1:00a E 12 77.4 87.8 1:55p 69.3 6:35a 0.0 12.4 0.02 2.1 17.0 2:35p E 13 80.6 91.7 5:55p 71.3 6:45a 0.0 15.6 0.00 3.0 21.0 6:20p S 14 75.3 87.9 4:05p 64.2 3:45a 0.0 10.3 0.22 3.0 27.0 10:10p S 15 76.4 89.1 5:05p 65.1 4:05a 0.0 11.4 0.07 2.3 18.0 8:25p N 16 80.6 95.4 5:20p 69.2 6:55a 0.0 15.6 0.05 1.9 28.0 7:15p NE 17 80.3 94.2 5:05p 67.5 5:50a 0.0 15.3 0.00 1.3 15.0 6:05p S 18 81.4 92.6 3:35p 68.2 6:45a 0.0 16.4 0.00 1.3 13.0 9:20p S 19 77.6 91.7 2:20p 69.5 6:50a 0.0 12.6 0.00 2.9 32.0 5:20p S 20 77.2 90.4 5:00p 65.3 6:20a 0.0 12.2 0.00 2.5 16.0 4:25p S 21 80.4 93.5 4:10p 67.1 6:40a 0.0 15.4 0.00 2.7 21.0 2:40p S 22 72.1 80.4 5:25p 65.0 6:55a 0.0 7.1 0.11 2.1 17.0 3:05a S 23 76.2 88.8 4:00p 62.3 7:05a 0.2 11.4 0.00 1.8 18.0 3:55p S 24 80.9 93.1 5:05p 67.8 7:00a 0.0 15.9 0.00 1.9 23.0 3:20p S 25 77.7 88.1 3:35p 68.8 6:45a 0.0 12.7 0.00 3.1 21.0 6:30a S 26 77.4 88.2 4:55p 64.8 11:50p 0.0 12.4 0.72 3.2 30.0 11:05p SSW 27 73.0 87.1 4:15p 65.3 12:05a 0.0 8.0 0.39 1.3 25.0 5:55p NE 28 75.7 89.9 4:10p 63.0 5:25a 0.2 10.9 0.00 2.0 12.0 4:20p N 29 77.8 91.9 4:00p 62.2 6:55a 0.3 13.0 0.00 1.7 17.0 2:05p NNE 30 82.8 94.6 4:00p 71.7 2:10a 0.0 17.8 0.00 1.7 15.0 1:45p SE 31 84.2 96.8 4:15p 72.9 3:35a 0.0 19.2 0.00 2.6 20.0 5:40p S ------------------------------------------------------------------------------------- 77.5 96.8 31 62.2 29 1.0 388.5 2.88 2.3 32.0 19 S Max >= 90.0: 13 Max <= 32.0: 0 Min <= 32.0: 0 Min <= 0.0: 0 Max Rain: 0.82 ON 08/01/14 Days of Rain: 10 (>.01 in) 7 (>.1 in) 0 (>1 in) Heat Base: 65.0 Cool Base: 65.0 Method: Integration