NOAA-style Climate Reports

- as reported from this site (LasCruces-Weather.com) beginning 04-03-07

2023: Jan | Feb | Mar | Apr | May | Jun | Jul | Aug | Sep | Oct | Nov | Dec 
2022: Jan | Feb | Mar | Apr | May | Jun | Jul | Aug | Sep | Oct | Nov | Dec 
2021: Jan | Feb | Mar | Apr | May | Jun | Jul | Aug | Sep | Oct | Nov | Dec 
2020: Jan | Feb | Mar | Apr | May | Jun | Jul | Aug | Sep | Oct | Nov | Dec 
2019: Jan | Feb | Mar | Apr | May | Jun | Jul | Aug | Sep | Oct | Nov | Dec 
2018: Jan | Feb | Mar | Apr | May | Jun | Jul | Aug | Sep | Oct | Nov | Dec 
2017: Jan | Feb | Mar | Apr | May | Jun | Jul | Aug | Sep | Oct | Nov | Dec 
2016: Jan | Feb | Mar | Apr | May | Jun | Jul | Aug | Sep | Oct | Nov | Dec 
2015: Jan | Feb | Mar | Apr | May | Jun | Jul | Aug | Sep | Oct | Nov | Dec 
2014: Jan | Feb | Mar | Apr | May | Jun | Jul | Aug | Sep | Oct | Nov | Dec 
2013: Jan | Feb | Mar | Apr | May | Jun | Jul | Aug | Sep | Oct | Nov | Dec 
2012: Jan | Feb | Mar | Apr | May | Jun | Jul | Aug | Sep | Oct | Nov | Dec 
2011: Jan | Feb | Mar | Apr | May | Jun | Jul | Aug | Sep | Oct | Nov | Dec 
2010: Jan | Feb | Mar | Apr | May | Jun | Jul | Aug | Sep | Oct | Nov | Dec 
2009: Jan | Feb | Mar | Apr | May | Jun | Jul | Aug | Sep | Oct | Nov | Dec 
2008: Jan | Feb | Mar | Apr | May | Jun | Jul | Aug | Sep | Oct | Nov | Dec 
2007: Jan | Feb | Mar | Apr | May | Jun | Jul | Aug | Sep | Oct | Nov | Dec 

Report for 2014 07
MONTHLY CLIMATOLOGICAL SUMMARY for JUL. 2014 NAME: C32 CITY: Las Cruces|East Mesa STATE: NM ELEV: 4474 ft LAT: 32 24' 08" N LONG: 106 41' 01" W TEMPERATURE (F), RAIN (in), WIND SPEED (mph) HEAT COOL AVG MEAN DEG DEG WIND DOM DAY TEMP HIGH TIME LOW TIME DAYS DAYS RAIN SPEED HIGH TIME DIR ------------------------------------------------------------------------------------ 1 82.6 99.7 3:35p 67.7 5:55p 0.0 17.6 0.08 4.0 40.0 5:40p E 2 79.3 93.1 4:05p 66.8 7:15a 0.0 14.3 0.00 3.2 23.0 11:45p E 3 81.4 94.1 4:30p 70.1 6:45a 0.0 16.4 0.00 3.4 29.0 1:05a E 4 81.0 94.0 4:30p 65.6 6:25a 0.0 16.0 0.00 3.6 22.0 7:40p E 5 84.0 95.5 4:00p 70.1 6:30a 0.0 19.0 0.00 2.3 17.0 12:30p ENE 6 81.6 92.1 12:35p 70.9 6:20a 0.0 16.6 0.00 4.2 20.0 2:35a N 7 80.1 94.5 3:50p 65.3 6:05a 0.0 15.1 0.00 2.8 18.0 7:10p S 8 83.6 97.5 2:55p 73.4 6:20a 0.0 18.6 0.00 3.1 26.0 9:25p S 9 81.4 98.1 3:30p 67.6 6:15a 0.0 16.4 0.04 2.1 16.0 6:25p NNW 10 84.3 96.9 2:00p 70.9 6:55a 0.0 19.3 0.00 2.4 26.0 5:20p E 11 82.2 96.4 2:50p 70.2 6:35a 0.0 17.2 0.03 1.9 20.0 7:20p NNW 12 77.8 93.8 1:50p 67.2 6:25a 0.0 12.8 0.05 2.3 35.0 4:35p SE 13 80.0 92.4 3:15p 67.9 6:35a 0.0 15.0 0.04 1.6 24.0 12:20p E 14 79.8 93.8 4:05p 67.5 5:15a 0.0 14.8 0.08 3.3 20.0 6:55p N 15 79.4 92.9 4:35p 68.8 7:10a 0.0 14.4 0.00 2.2 14.0 4:40a NNE 16 78.2 93.6 4:30p 69.7 8:20a 0.0 13.2 0.10 2.4 24.0 6:35p S 17 81.1 96.0 4:30p 67.5 6:50a 0.0 16.1 0.00 2.0 17.0 11:35p S 18 84.9 98.5 5:20p 68.9 6:30a 0.0 19.9 0.00 3.7 25.0 1:45a S 19 87.3 101.8 4:45p 73.3 6:10a 0.0 22.3 0.00 2.9 15.0 2:35p S 20 87.5 102.6 4:10p 72.2 6:45a 0.0 22.5 0.00 3.0 26.0 8:05p WSW 21 85.9 102.2 3:25p 71.8 6:15a 0.0 20.9 0.00 2.7 25.0 3:35p S 22 84.6 101.0 2:05p 74.0 12:00m 0.0 19.6 0.02 3.1 24.0 3:15p S 23 84.0 96.3 2:20p 69.3 5:15a 0.0 19.0 0.00 3.9 28.0 4:30p E 24 86.2 97.2 2:45p 72.2 6:20a 0.0 21.2 0.00 2.4 21.0 12:45p S 25 88.1 101.1 4:35p 74.8 4:45a 0.0 23.1 0.00 2.1 14.0 10:20a S 26 89.4 103.6 3:25p 74.6 5:15a 0.0 24.4 0.00 2.1 21.0 4:25p SE 27 89.1 102.0 3:20p 70.3 11:55p 0.0 24.1 0.12 4.7 39.0 10:40p E 28 78.5 89.9 4:05p 70.2 12:10a 0.0 13.5 0.05 2.2 22.0 2:10p E 29 78.5 92.5 4:15p 68.9 6:55a 0.0 13.5 0.01 2.1 30.0 5:20p NNW 30 83.7 99.0 4:25p 69.2 5:20a 0.0 18.7 0.00 1.9 18.0 8:35p NNW 31 79.4 89.3 5:05p 70.8 7:20a 0.0 14.4 0.00 1.9 21.0 11:50p E ------------------------------------------------------------------------------------- 82.7 103.6 26 65.3 7 0.0 549.9 0.62 2.8 40.0 1 S Max >= 90.0: 29 Max <= 32.0: 0 Min <= 32.0: 0 Min <= 0.0: 0 Max Rain: 0.12 ON 07/27/14 Days of Rain: 10 (>.01 in) 1 (>.1 in) 0 (>1 in) Heat Base: 65.0 Cool Base: 65.0 Method: Integration