NOAA-style Climate Reports

- as reported from this site (LasCruces-Weather.com) beginning 04-03-07

2023: Jan | Feb | Mar | Apr | May | Jun | Jul | Aug | Sep | Oct | Nov | Dec 
2022: Jan | Feb | Mar | Apr | May | Jun | Jul | Aug | Sep | Oct | Nov | Dec 
2021: Jan | Feb | Mar | Apr | May | Jun | Jul | Aug | Sep | Oct | Nov | Dec 
2020: Jan | Feb | Mar | Apr | May | Jun | Jul | Aug | Sep | Oct | Nov | Dec 
2019: Jan | Feb | Mar | Apr | May | Jun | Jul | Aug | Sep | Oct | Nov | Dec 
2018: Jan | Feb | Mar | Apr | May | Jun | Jul | Aug | Sep | Oct | Nov | Dec 
2017: Jan | Feb | Mar | Apr | May | Jun | Jul | Aug | Sep | Oct | Nov | Dec 
2016: Jan | Feb | Mar | Apr | May | Jun | Jul | Aug | Sep | Oct | Nov | Dec 
2015: Jan | Feb | Mar | Apr | May | Jun | Jul | Aug | Sep | Oct | Nov | Dec 
2014: Jan | Feb | Mar | Apr | May | Jun | Jul | Aug | Sep | Oct | Nov | Dec 
2013: Jan | Feb | Mar | Apr | May | Jun | Jul | Aug | Sep | Oct | Nov | Dec 
2012: Jan | Feb | Mar | Apr | May | Jun | Jul | Aug | Sep | Oct | Nov | Dec 
2011: Jan | Feb | Mar | Apr | May | Jun | Jul | Aug | Sep | Oct | Nov | Dec 
2010: Jan | Feb | Mar | Apr | May | Jun | Jul | Aug | Sep | Oct | Nov | Dec 
2009: Jan | Feb | Mar | Apr | May | Jun | Jul | Aug | Sep | Oct | Nov | Dec 
2008: Jan | Feb | Mar | Apr | May | Jun | Jul | Aug | Sep | Oct | Nov | Dec 
2007: Jan | Feb | Mar | Apr | May | Jun | Jul | Aug | Sep | Oct | Nov | Dec 

Report for 2014 06
MONTHLY CLIMATOLOGICAL SUMMARY for JUN. 2014 NAME: C32 CITY: Las Cruces|East Mesa STATE: NM ELEV: 4474 ft LAT: 32 24' 08" N LONG: 106 41' 01" W TEMPERATURE (F), RAIN (in), WIND SPEED (mph) HEAT COOL AVG MEAN DEG DEG WIND DOM DAY TEMP HIGH TIME LOW TIME DAYS DAYS RAIN SPEED HIGH TIME DIR ------------------------------------------------------------------------------------ 1 85.9 99.2 4:15p 66.3 6:15a 0.0 20.9 0.00 4.1 23.0 5:50p WSW 2 87.3 103.4 3:50p 66.4 6:20a 0.0 22.3 0.00 2.4 14.0 3:40p NE 3 90.0 106.5 4:15p 72.0 5:35a 0.0 25.0 0.00 3.6 21.0 4:50p SSW 4 87.9 104.6 3:50p 68.8 6:30a 0.0 22.9 0.00 3.1 20.0 2:15p WSW 5 87.3 104.8 3:40p 66.7 6:30a 0.0 22.3 0.00 2.7 17.0 3:15p WSW 6 86.9 103.0 2:55p 67.2 6:00a 0.0 21.9 0.00 3.5 24.0 7:00p WSW 7 84.2 100.6 4:25p 64.2 5:55a 0.0 19.2 0.00 2.2 18.0 5:00p SW 8 82.0 96.5 3:50p 62.4 6:20a 0.1 17.1 0.00 3.7 32.0 4:35p WSW 9 81.8 94.9 5:00p 65.0 4:25a 0.0 16.8 0.00 3.4 23.0 9:45a N 10 83.4 97.5 4:45p 65.6 3:50a 0.0 18.4 0.00 2.1 14.0 2:20p SE 11 87.3 98.4 4:00p 74.4 6:10a 0.0 22.3 0.00 5.4 26.0 3:15p W 12 87.5 97.9 2:20p 73.9 5:50a 0.0 22.5 0.00 3.4 20.0 6:45p WSW 13 84.4 97.4 3:20p 72.1 6:10a 0.0 19.4 0.00 5.2 33.0 5:45p SW 14 84.6 95.5 3:30p 73.0 6:10a 0.0 19.6 0.00 6.8 28.0 6:00p WSW 15 83.4 96.6 4:20p 66.9 5:45a 0.0 18.4 0.00 4.9 25.0 4:35p WSW 16 83.7 95.4 3:45p 68.5 6:25a 0.0 18.7 0.00 4.5 26.0 2:15p WSW 17 83.3 97.8 4:20p 69.7 5:25a 0.0 18.3 0.00 4.5 22.0 8:10p WSW 18 81.6 92.7 4:25p 69.3 6:35a 0.0 16.6 0.00 4.4 30.0 4:50p SW 19 81.2 96.3 4:25p 66.1 7:10a 0.0 16.2 0.00 2.0 15.0 12:00p SW 20 82.3 95.7 2:55p 71.3 4:20a 0.0 17.3 0.02 5.8 25.0 4:15p S 21 84.2 98.7 3:45p 70.6 6:55a 0.0 19.2 0.00 2.7 16.0 12:35a S 22 88.0 101.8 3:50p 72.0 6:40a 0.0 23.0 0.00 4.7 27.0 4:25p S 23 85.9 99.4 3:50p 68.6 5:00a 0.0 20.9 0.00 2.5 23.0 4:20p ENE 24 86.1 98.9 4:00p 74.0 6:30a 0.0 21.1 0.00 4.4 20.0 3:05p S 25 86.7 98.4 3:15p 73.2 7:05a 0.0 21.7 0.00 3.3 24.0 2:05p WSW 26 87.4 98.9 3:50p 74.7 6:25a 0.0 22.4 0.00 5.6 30.0 2:50p S 27 85.1 94.7 3:20p 75.1 4:45a 0.0 20.1 0.00 6.4 29.0 3:35p W 28 85.4 100.2 4:40p 71.6 6:35a 0.0 20.4 0.00 2.9 18.0 6:15p S 29 88.8 103.5 4:25p 74.1 6:30a 0.0 23.8 0.00 3.0 20.0 4:55p S 30 90.3 105.7 4:00p 76.2 6:15a 0.0 25.3 0.00 3.5 19.0 1:10p SW ------------------------------------------------------------------------------------- 85.5 106.5 3 62.4 8 0.1 614.0 0.02 3.9 33.0 13 WSW Max >= 90.0: 30 Max <= 32.0: 0 Min <= 32.0: 0 Min <= 0.0: 0 Max Rain: 0.02 ON 06/20/14 Days of Rain: 1 (>.01 in) 0 (>.1 in) 0 (>1 in) Heat Base: 65.0 Cool Base: 65.0 Method: Integration