NOAA-style Climate Reports

- as reported from this site (LasCruces-Weather.com) beginning 04-03-07

2023: Jan | Feb | Mar | Apr | May | Jun | Jul | Aug | Sep | Oct | Nov | Dec 
2022: Jan | Feb | Mar | Apr | May | Jun | Jul | Aug | Sep | Oct | Nov | Dec 
2021: Jan | Feb | Mar | Apr | May | Jun | Jul | Aug | Sep | Oct | Nov | Dec 
2020: Jan | Feb | Mar | Apr | May | Jun | Jul | Aug | Sep | Oct | Nov | Dec 
2019: Jan | Feb | Mar | Apr | May | Jun | Jul | Aug | Sep | Oct | Nov | Dec 
2018: Jan | Feb | Mar | Apr | May | Jun | Jul | Aug | Sep | Oct | Nov | Dec 
2017: Jan | Feb | Mar | Apr | May | Jun | Jul | Aug | Sep | Oct | Nov | Dec 
2016: Jan | Feb | Mar | Apr | May | Jun | Jul | Aug | Sep | Oct | Nov | Dec 
2015: Jan | Feb | Mar | Apr | May | Jun | Jul | Aug | Sep | Oct | Nov | Dec 
2014: Jan | Feb | Mar | Apr | May | Jun | Jul | Aug | Sep | Oct | Nov | Dec 
2013: Jan | Feb | Mar | Apr | May | Jun | Jul | Aug | Sep | Oct | Nov | Dec 
2012: Jan | Feb | Mar | Apr | May | Jun | Jul | Aug | Sep | Oct | Nov | Dec 
2011: Jan | Feb | Mar | Apr | May | Jun | Jul | Aug | Sep | Oct | Nov | Dec 
2010: Jan | Feb | Mar | Apr | May | Jun | Jul | Aug | Sep | Oct | Nov | Dec 
2009: Jan | Feb | Mar | Apr | May | Jun | Jul | Aug | Sep | Oct | Nov | Dec 
2008: Jan | Feb | Mar | Apr | May | Jun | Jul | Aug | Sep | Oct | Nov | Dec 
2007: Jan | Feb | Mar | Apr | May | Jun | Jul | Aug | Sep | Oct | Nov | Dec 

Report for 2014 05
MONTHLY CLIMATOLOGICAL SUMMARY for MAY. 2014 NAME: C32 CITY: Las Cruces|East Mesa STATE: NM ELEV: 4474 ft LAT: 32 24' 08" N LONG: 106 41' 01" W TEMPERATURE (F), RAIN (in), WIND SPEED (mph) HEAT COOL AVG MEAN DEG DEG WIND DOM DAY TEMP HIGH TIME LOW TIME DAYS DAYS RAIN SPEED HIGH TIME DIR ------------------------------------------------------------------------------------ 1 59.4 69.6 5:00p 52.3 7:10a 6.0 0.4 0.00 6.4 38.0 12:50a E 2 61.2 77.3 4:55p 41.5 6:20a 7.1 3.3 0.00 1.2 18.0 12:05p SSE 3 70.5 86.0 4:00p 50.8 6:35a 2.8 8.3 0.00 3.0 16.0 10:05a S 4 74.6 89.7 2:30p 58.4 5:55a 1.1 10.8 0.00 3.5 26.0 2:10p S 5 73.4 87.2 3:55p 57.7 6:40a 1.5 9.9 0.00 4.3 23.0 3:15p WSW 6 71.7 84.2 3:50p 58.5 6:35a 1.2 7.9 0.00 7.2 29.0 4:40p SW 7 67.3 78.5 3:00p 53.5 11:55p 2.1 4.4 0.00 8.4 41.0 2:20p SW 8 60.6 72.3 3:30p 46.0 6:35a 6.1 1.7 0.00 5.6 28.0 2:30p WSW 9 66.2 81.1 4:40p 46.3 6:30a 4.9 6.0 0.00 4.1 24.0 2:15p WSW 10 71.6 86.1 4:45p 55.1 4:05a 2.2 8.8 0.00 5.3 24.0 5:10p SW 11 73.1 85.6 4:40p 60.7 6:35a 0.4 8.5 0.00 9.2 35.0 2:30p SW 12 63.8 75.9 4:25p 48.0 6:25a 4.0 2.8 0.00 3.6 19.0 4:30p WSW 13 58.3 67.7 4:00p 47.5 5:50a 7.0 0.2 0.00 3.4 20.0 4:20p NE 14 59.0 70.0 5:25p 47.8 6:25a 6.8 0.9 0.00 2.4 18.0 2:25a E 15 63.4 80.1 4:55p 41.2 6:20a 6.1 4.6 0.00 1.7 16.0 11:45a SE 16 73.1 90.3 4:00p 50.4 6:00a 2.9 11.0 0.00 2.5 19.0 7:25p SW 17 76.5 94.1 3:30p 56.9 5:40a 1.1 12.6 0.00 2.7 23.0 5:00p SSW 18 77.6 94.0 3:55p 57.9 6:10a 0.3 12.5 0.00 3.8 22.0 3:55p SE 19 77.0 89.0 2:45p 66.3 11:10p 0.0 11.9 0.00 4.4 24.0 2:55p WSW 20 75.3 90.2 5:45p 59.2 6:10a 0.7 9.0 0.00 3.2 20.0 1:20p SSE 21 77.7 91.0 4:00p 61.8 6:35a 0.3 12.3 0.00 3.3 24.0 2:45p SE 22 75.0 87.5 2:35p 63.2 5:55a 0.1 10.1 0.00 3.5 24.0 3:00p SSW 23 73.0 87.4 2:25p 58.4 6:15a 1.0 9.0 0.01 3.7 32.0 4:55p NE 24 70.6 83.4 3:15p 56.9 6:30a 1.3 6.9 0.00 3.7 24.0 5:50p SW 25 68.5 81.9 2:35p 51.5 6:25a 2.8 6.3 0.00 3.7 18.0 3:25p NE 26 71.5 83.1 5:50p 61.6 6:45a 0.6 7.1 0.00 3.9 24.0 2:10p N 27 78.5 95.1 5:35p 57.8 5:35a 0.9 14.5 0.00 2.6 27.0 3:05p NNW 28 82.6 97.2 3:45p 62.9 6:35a 0.1 17.6 0.00 3.6 23.0 10:25p ESE 29 83.0 94.7 4:30p 70.7 5:35a 0.0 18.0 0.00 3.8 27.0 2:00a E 30 82.1 94.9 3:05p 68.1 5:50a 0.0 17.1 0.00 3.6 19.0 10:15a N 31 85.3 99.6 3:05p 66.3 6:20a 0.0 20.3 0.00 2.8 19.0 3:50p SSW ------------------------------------------------------------------------------------- 71.7 99.6 31 41.2 15 71.4 274.7 0.01 4.0 41.0 7 WSW Max >= 90.0: 10 Max <= 32.0: 0 Min <= 32.0: 0 Min <= 0.0: 0 Max Rain: 0.01 ON 05/23/14 Days of Rain: 0 (>.01 in) 0 (>.1 in) 0 (>1 in) Heat Base: 65.0 Cool Base: 65.0 Method: Integration