NOAA-style Climate Reports

- as reported from this site (LasCruces-Weather.com) beginning 04-03-07

2023: Jan | Feb | Mar | Apr | May | Jun | Jul | Aug | Sep | Oct | Nov | Dec 
2022: Jan | Feb | Mar | Apr | May | Jun | Jul | Aug | Sep | Oct | Nov | Dec 
2021: Jan | Feb | Mar | Apr | May | Jun | Jul | Aug | Sep | Oct | Nov | Dec 
2020: Jan | Feb | Mar | Apr | May | Jun | Jul | Aug | Sep | Oct | Nov | Dec 
2019: Jan | Feb | Mar | Apr | May | Jun | Jul | Aug | Sep | Oct | Nov | Dec 
2018: Jan | Feb | Mar | Apr | May | Jun | Jul | Aug | Sep | Oct | Nov | Dec 
2017: Jan | Feb | Mar | Apr | May | Jun | Jul | Aug | Sep | Oct | Nov | Dec 
2016: Jan | Feb | Mar | Apr | May | Jun | Jul | Aug | Sep | Oct | Nov | Dec 
2015: Jan | Feb | Mar | Apr | May | Jun | Jul | Aug | Sep | Oct | Nov | Dec 
2014: Jan | Feb | Mar | Apr | May | Jun | Jul | Aug | Sep | Oct | Nov | Dec 
2013: Jan | Feb | Mar | Apr | May | Jun | Jul | Aug | Sep | Oct | Nov | Dec 
2012: Jan | Feb | Mar | Apr | May | Jun | Jul | Aug | Sep | Oct | Nov | Dec 
2011: Jan | Feb | Mar | Apr | May | Jun | Jul | Aug | Sep | Oct | Nov | Dec 
2010: Jan | Feb | Mar | Apr | May | Jun | Jul | Aug | Sep | Oct | Nov | Dec 
2009: Jan | Feb | Mar | Apr | May | Jun | Jul | Aug | Sep | Oct | Nov | Dec 
2008: Jan | Feb | Mar | Apr | May | Jun | Jul | Aug | Sep | Oct | Nov | Dec 
2007: Jan | Feb | Mar | Apr | May | Jun | Jul | Aug | Sep | Oct | Nov | Dec 

Report for 2014 04
MONTHLY CLIMATOLOGICAL SUMMARY for APR. 2014 NAME: C32 CITY: Las Cruces|East Mesa STATE: NM ELEV: 4474 ft LAT: 32 24' 08" N LONG: 106 41' 01" W TEMPERATURE (F), RAIN (in), WIND SPEED (mph) HEAT COOL AVG MEAN DEG DEG WIND DOM DAY TEMP HIGH TIME LOW TIME DAYS DAYS RAIN SPEED HIGH TIME DIR ------------------------------------------------------------------------------------ 1 63.7 76.7 4:50p 49.5 6:25a 4.7 3.4 0.00 5.5 26.0 2:20p WSW 2 63.5 77.5 3:15p 49.4 6:25a 4.5 3.0 0.00 7.5 32.0 4:25p SSW 3 54.4 66.6 4:45p 41.4 7:15a 10.7 0.1 0.00 3.4 21.0 11:05a WNW 4 56.5 70.8 4:10p 36.3 6:10a 9.5 0.9 0.00 3.0 22.0 2:15p S 5 59.8 68.5 3:30p 48.3 6:05a 5.7 0.5 0.00 4.9 30.0 12:25p S 6 56.3 68.4 4:50p 42.9 7:35a 9.0 0.3 0.00 4.1 26.0 9:45p ENE 7 57.3 72.4 6:25p 41.4 7:15a 9.1 1.3 0.00 4.8 26.0 1:55p N 8 61.0 78.2 4:15p 39.4 6:25a 7.7 3.7 0.00 2.1 14.0 1:10p NE 9 68.9 85.6 3:35p 51.4 5:50a 3.4 7.3 0.00 2.2 17.0 4:45p S 10 68.5 87.9 4:30p 48.8 7:35a 3.8 7.3 0.00 2.5 27.0 6:00p SSW 11 68.2 83.1 12:25p 47.7 6:50a 3.6 6.8 0.00 2.3 19.0 2:25p ESE 12 69.8 81.6 3:25p 60.8 7:10a 0.7 5.5 0.00 6.4 35.0 4:25p SSW 13 65.4 76.8 2:50p 49.2 6:25a 3.7 4.1 0.00 6.2 29.0 4:50p WSW 14 57.3 67.3 4:15p 45.9 12:00m 7.8 0.1 0.00 3.7 17.0 11:30a E 15 53.8 70.6 3:55p 33.7 6:40a 12.1 0.9 0.00 2.2 17.0 11:25a SSW 16 65.4 82.4 3:25p 43.4 6:45a 5.6 6.0 0.00 4.0 24.0 5:10p WSW 17 65.7 80.1 3:50p 46.1 6:50a 4.2 5.0 0.00 2.7 18.0 10:35p ESE 18 66.9 80.6 3:40p 51.5 7:20a 3.1 4.9 0.00 2.6 29.0 6:45p S 19 61.5 72.4 3:20p 50.3 10:45p 4.4 0.9 0.03 3.9 21.0 11:00a NNE 20 62.4 78.6 4:05p 45.4 4:20a 6.7 4.1 0.00 2.2 27.0 2:05p SW 21 69.2 86.5 4:20p 49.0 7:00a 3.7 7.9 0.00 2.1 17.0 5:00p SE 22 75.6 87.8 4:20p 60.7 3:15a 0.2 10.8 0.00 4.7 26.0 4:25p S 23 71.8 81.6 4:10p 58.7 6:40a 0.5 7.3 0.00 6.5 30.0 4:30p W 24 66.7 81.2 5:30p 49.0 5:55a 3.6 5.3 0.00 2.1 24.0 2:40p NNE 25 71.3 84.7 3:50p 56.3 5:45a 1.5 7.8 0.00 4.1 21.0 4:10p WSW 26 68.6 79.6 3:35p 55.6 12:00m 1.4 5.0 0.00 11.1 43.0 6:00p SW 27 58.1 67.5 3:10p 47.4 6:30a 7.2 0.3 0.00 9.8 37.0 4:35p WSW 28 62.9 77.4 3:45p 44.5 6:35a 5.7 3.6 0.00 5.7 32.0 3:55p WSW 29 56.4 66.3 4:50p 44.5 5:55a 8.7 0.1 0.00 5.5 23.0 9:15a N 30 57.9 67.8 3:45p 48.2 6:40a 7.3 0.1 0.00 10.1 36.0 7:55a E ------------------------------------------------------------------------------------- 63.5 87.9 10 33.7 15 159.8 114.3 0.03 4.6 43.0 26 WSW Max >= 90.0: 0 Max <= 32.0: 0 Min <= 32.0: 0 Min <= 0.0: 0 Max Rain: 0.03 ON 04/19/14 Days of Rain: 1 (>.01 in) 0 (>.1 in) 0 (>1 in) Heat Base: 65.0 Cool Base: 65.0 Method: Integration