NOAA-style Climate Reports

- as reported from this site (LasCruces-Weather.com) beginning 04-03-07

2023: Jan | Feb | Mar | Apr | May | Jun | Jul | Aug | Sep | Oct | Nov | Dec 
2022: Jan | Feb | Mar | Apr | May | Jun | Jul | Aug | Sep | Oct | Nov | Dec 
2021: Jan | Feb | Mar | Apr | May | Jun | Jul | Aug | Sep | Oct | Nov | Dec 
2020: Jan | Feb | Mar | Apr | May | Jun | Jul | Aug | Sep | Oct | Nov | Dec 
2019: Jan | Feb | Mar | Apr | May | Jun | Jul | Aug | Sep | Oct | Nov | Dec 
2018: Jan | Feb | Mar | Apr | May | Jun | Jul | Aug | Sep | Oct | Nov | Dec 
2017: Jan | Feb | Mar | Apr | May | Jun | Jul | Aug | Sep | Oct | Nov | Dec 
2016: Jan | Feb | Mar | Apr | May | Jun | Jul | Aug | Sep | Oct | Nov | Dec 
2015: Jan | Feb | Mar | Apr | May | Jun | Jul | Aug | Sep | Oct | Nov | Dec 
2014: Jan | Feb | Mar | Apr | May | Jun | Jul | Aug | Sep | Oct | Nov | Dec 
2013: Jan | Feb | Mar | Apr | May | Jun | Jul | Aug | Sep | Oct | Nov | Dec 
2012: Jan | Feb | Mar | Apr | May | Jun | Jul | Aug | Sep | Oct | Nov | Dec 
2011: Jan | Feb | Mar | Apr | May | Jun | Jul | Aug | Sep | Oct | Nov | Dec 
2010: Jan | Feb | Mar | Apr | May | Jun | Jul | Aug | Sep | Oct | Nov | Dec 
2009: Jan | Feb | Mar | Apr | May | Jun | Jul | Aug | Sep | Oct | Nov | Dec 
2008: Jan | Feb | Mar | Apr | May | Jun | Jul | Aug | Sep | Oct | Nov | Dec 
2007: Jan | Feb | Mar | Apr | May | Jun | Jul | Aug | Sep | Oct | Nov | Dec 

Report for 2014 03
MONTHLY CLIMATOLOGICAL SUMMARY for MAR. 2014 NAME: C32 CITY: Las Cruces|East Mesa STATE: NM ELEV: 4474 ft LAT: 32 24' 08" N LONG: 106 41' 01" W TEMPERATURE (F), RAIN (in), WIND SPEED (mph) HEAT COOL AVG MEAN DEG DEG WIND DOM DAY TEMP HIGH TIME LOW TIME DAYS DAYS RAIN SPEED HIGH TIME DIR ------------------------------------------------------------------------------------ 1 59.3 72.2 1:15p 50.3 5:20a 6.9 1.2 0.00 4.9 27.0 10:50a W 2 51.6 61.0 3:05p 44.8 4:15a 13.4 0.0 0.30 4.6 23.0 1:15p SSW 3 50.0 63.7 4:15p 40.9 6:20a 15.0 0.0 0.00 1.1 10.0 1:30p NE 4 50.7 61.8 4:10p 38.1 4:30a 14.3 0.0 0.00 1.2 12.0 12:25p SW 5 55.3 69.6 3:55p 40.9 6:55a 10.3 0.6 0.00 1.4 12.0 11:55a WNW 6 55.2 69.8 3:15p 38.9 6:35a 10.4 0.6 0.00 1.4 14.0 11:50a SSW 7 61.0 72.5 1:45p 48.4 6:55a 5.9 1.9 0.00 5.2 27.0 5:10p SSW 8 49.8 59.3 2:30p 41.3 6:45a 15.2 0.0 0.00 2.6 25.0 6:25p E 9 48.3 63.1 5:30p 32.1 7:35a 16.0 0.0 0.00 1.4 14.0 1:55p WNW 10 53.6 71.5 5:25p 32.8 8:05a 12.5 1.1 0.00 2.1 17.0 11:15p SW 11 60.9 75.7 4:30p 48.1 7:50a 6.4 2.3 0.00 3.3 22.0 5:05p S 12 50.7 60.0 4:25p 40.2 7:50a 14.3 0.0 0.00 2.5 19.0 1:20a E 13 50.6 67.6 4:30p 33.3 7:25a 14.7 0.2 0.00 1.3 15.0 4:20p E 14 59.0 70.9 3:55p 44.2 7:30a 7.0 1.0 0.00 3.3 22.0 2:05p SSW 15 53.0 66.0 1:50p 40.4 7:50a 12.0 0.0 0.00 6.0 35.0 11:45p N 16 49.2 62.4 5:15p 36.2 7:40a 15.8 0.0 0.00 4.7 36.0 12:05a N 17 57.4 75.4 4:05p 36.6 7:25a 9.8 2.3 0.00 4.7 25.0 5:50p WSW 18 60.6 73.5 4:00p 47.6 5:20a 6.3 1.9 0.00 5.5 27.0 1:35p W 19 53.3 68.5 4:15p 36.5 7:20a 12.1 0.4 0.00 1.2 13.0 3:50p NE 20 57.6 75.5 3:50p 34.3 7:45a 10.1 2.7 0.00 2.0 15.0 1:10p SSW 21 64.1 75.5 2:35p 54.7 7:05a 4.0 3.1 0.00 3.9 26.0 3:30p SW 22 60.2 76.0 4:40p 45.5 8:25a 7.2 2.5 0.00 3.3 24.0 5:15p SW 23 55.6 70.9 3:30p 40.1 6:50a 10.0 0.6 0.00 1.9 16.0 4:50p SW 24 58.3 77.9 4:10p 39.5 7:35a 9.6 2.8 0.00 1.3 13.0 3:45p NNW 25 60.0 73.9 2:20p 41.6 7:25a 6.5 1.5 0.13 2.9 29.0 11:50p E 26 59.1 72.6 3:50p 44.6 7:35a 7.5 1.6 0.01 6.0 27.0 4:20p SW 27 61.4 69.8 4:50p 48.8 8:05a 4.4 0.8 0.00 6.7 26.0 1:15p WSW 28 59.7 72.4 5:05p 45.7 7:25a 6.7 1.4 0.00 2.4 16.0 2:35p W 29 60.6 76.9 5:00p 41.7 5:25a 7.6 3.2 0.00 2.1 18.0 1:55p S 30 65.2 80.8 2:50p 46.8 6:10a 4.9 5.1 0.00 4.7 27.0 5:55p SW 31 63.7 75.7 4:15p 49.4 7:10a 4.1 2.8 0.00 4.1 26.0 2:00p WNW ------------------------------------------------------------------------------------- 56.6 80.8 30 32.1 9 300.9 41.6 0.44 3.2 36.0 16 SW Max >= 90.0: 0 Max <= 32.0: 0 Min <= 32.0: 0 Min <= 0.0: 0 Max Rain: 0.30 ON 03/02/14 Days of Rain: 2 (>.01 in) 2 (>.1 in) 0 (>1 in) Heat Base: 65.0 Cool Base: 65.0 Method: Integration