NOAA-style Climate Reports

- as reported from this site (LasCruces-Weather.com) beginning 04-03-07

2023: Jan | Feb | Mar | Apr | May | Jun | Jul | Aug | Sep | Oct | Nov | Dec 
2022: Jan | Feb | Mar | Apr | May | Jun | Jul | Aug | Sep | Oct | Nov | Dec 
2021: Jan | Feb | Mar | Apr | May | Jun | Jul | Aug | Sep | Oct | Nov | Dec 
2020: Jan | Feb | Mar | Apr | May | Jun | Jul | Aug | Sep | Oct | Nov | Dec 
2019: Jan | Feb | Mar | Apr | May | Jun | Jul | Aug | Sep | Oct | Nov | Dec 
2018: Jan | Feb | Mar | Apr | May | Jun | Jul | Aug | Sep | Oct | Nov | Dec 
2017: Jan | Feb | Mar | Apr | May | Jun | Jul | Aug | Sep | Oct | Nov | Dec 
2016: Jan | Feb | Mar | Apr | May | Jun | Jul | Aug | Sep | Oct | Nov | Dec 
2015: Jan | Feb | Mar | Apr | May | Jun | Jul | Aug | Sep | Oct | Nov | Dec 
2014: Jan | Feb | Mar | Apr | May | Jun | Jul | Aug | Sep | Oct | Nov | Dec 
2013: Jan | Feb | Mar | Apr | May | Jun | Jul | Aug | Sep | Oct | Nov | Dec 
2012: Jan | Feb | Mar | Apr | May | Jun | Jul | Aug | Sep | Oct | Nov | Dec 
2011: Jan | Feb | Mar | Apr | May | Jun | Jul | Aug | Sep | Oct | Nov | Dec 
2010: Jan | Feb | Mar | Apr | May | Jun | Jul | Aug | Sep | Oct | Nov | Dec 
2009: Jan | Feb | Mar | Apr | May | Jun | Jul | Aug | Sep | Oct | Nov | Dec 
2008: Jan | Feb | Mar | Apr | May | Jun | Jul | Aug | Sep | Oct | Nov | Dec 
2007: Jan | Feb | Mar | Apr | May | Jun | Jul | Aug | Sep | Oct | Nov | Dec 

Report for 2014 02
MONTHLY CLIMATOLOGICAL SUMMARY for FEB. 2014 NAME: C32 CITY: Las Cruces|East Mesa STATE: NM ELEV: 4474 ft LAT: 32 24' 08" N LONG: 106 41' 01" W TEMPERATURE (F), RAIN (in), WIND SPEED (mph) HEAT COOL AVG MEAN DEG DEG WIND DOM DAY TEMP HIGH TIME LOW TIME DAYS DAYS RAIN SPEED HIGH TIME DIR ------------------------------------------------------------------------------------ 1 50.2 59.0 3:05p 41.6 6:30a 14.8 0.0 0.00 2.8 21.0 2:45p SW 2 45.1 55.3 3:55p 35.6 7:35a 19.9 0.0 0.00 1.1 11.0 1:50p SW 3 45.9 60.6 3:10p 29.5 7:25a 19.1 0.0 0.00 3.0 20.0 11:10p SW 4 41.3 50.5 2:00p 31.6 7:50a 23.7 0.0 0.00 6.3 26.0 1:20p SW 5 37.4 48.7 3:35p 29.3 6:55a 27.6 0.0 0.00 1.0 9.0 11:55a S 6 32.0 41.4 2:30p 19.9 7:30a 33.0 0.0 0.00 0.7 8.0 2:00p ESE 7 45.4 56.9 3:55p 33.3 2:25a 19.6 0.0 0.00 4.4 21.0 2:30p WSW 8 49.8 67.3 4:15p 32.2 7:30a 15.4 0.1 0.00 1.4 12.0 5:10p SW 9 57.2 72.6 3:40p 44.4 6:45a 9.0 1.2 0.00 3.6 22.0 3:40p SSW 10 58.7 72.4 2:40p 45.4 4:05a 7.6 1.2 0.00 5.3 27.0 4:10p SE 11 47.7 59.3 4:05p 35.5 6:50a 17.3 0.0 0.00 1.8 12.0 3:10a S 12 48.6 66.8 3:35p 27.2 5:55a 16.5 0.1 0.00 1.2 12.0 10:55a SSW 13 55.4 75.3 4:10p 36.5 6:25a 11.2 1.7 0.00 1.5 15.0 2:20p SW 14 59.1 77.7 2:20p 39.0 7:15a 9.1 3.2 0.00 1.4 14.0 2:35p SW 15 63.7 80.9 4:25p 44.7 7:15a 5.9 4.5 0.00 3.0 19.0 5:15p SW 16 66.2 79.7 2:20p 55.0 7:30a 2.9 4.1 0.00 4.5 22.0 3:25p S 17 59.9 72.3 2:10p 45.5 6:05a 6.6 1.5 0.00 1.9 15.0 1:00a SSW 18 60.3 77.4 2:40p 42.7 5:35a 7.5 2.8 0.00 2.4 20.0 3:15p SW 19 60.9 73.2 2:35p 48.7 3:50a 5.6 1.4 0.00 4.9 23.0 2:25p SSW 20 52.3 63.2 2:50p 34.9 12:00m 12.7 0.0 0.00 3.7 24.0 11:05a WSW 21 50.0 67.9 3:10p 31.1 6:30a 15.3 0.3 0.00 3.5 19.0 8:20p NE 22 57.8 72.2 3:25p 42.2 6:10a 8.6 1.4 0.00 4.2 24.0 1:25p S 23 59.4 73.1 1:40p 44.0 4:40a 7.0 1.4 0.00 2.3 16.0 1:55p SW 24 60.7 73.2 2:25p 46.3 7:30a 6.3 2.0 0.00 1.4 13.0 3:00p SW 25 60.1 72.0 2:40p 48.5 6:15a 6.3 1.4 0.00 3.1 23.0 6:25p SSW 26 59.9 70.7 3:05p 51.9 3:50a 5.7 0.6 0.00 3.2 16.0 11:05a S 27 61.1 71.8 3:45p 50.4 12:50a 5.3 1.4 0.00 7.0 28.0 3:55p WSW 28 60.8 73.0 4:00p 44.0 6:50a 6.1 1.9 0.00 3.3 22.0 2:25p W ------------------------------------------------------------------------------------- 53.8 80.9 15 19.9 6 345.6 32.2 0.00 3.0 28.0 27 SW Max >= 90.0: 0 Max <= 32.0: 0 Min <= 32.0: 6 Min <= 0.0: 0 Max Rain: 0.00 ON 02/01/14 Days of Rain: 0 (>.01 in) 0 (>.1 in) 0 (>1 in) Heat Base: 65.0 Cool Base: 65.0 Method: Integration