NOAA-style Climate Reports

- as reported from this site (LasCruces-Weather.com) beginning 04-03-07

2023: Jan | Feb | Mar | Apr | May | Jun | Jul | Aug | Sep | Oct | Nov | Dec 
2022: Jan | Feb | Mar | Apr | May | Jun | Jul | Aug | Sep | Oct | Nov | Dec 
2021: Jan | Feb | Mar | Apr | May | Jun | Jul | Aug | Sep | Oct | Nov | Dec 
2020: Jan | Feb | Mar | Apr | May | Jun | Jul | Aug | Sep | Oct | Nov | Dec 
2019: Jan | Feb | Mar | Apr | May | Jun | Jul | Aug | Sep | Oct | Nov | Dec 
2018: Jan | Feb | Mar | Apr | May | Jun | Jul | Aug | Sep | Oct | Nov | Dec 
2017: Jan | Feb | Mar | Apr | May | Jun | Jul | Aug | Sep | Oct | Nov | Dec 
2016: Jan | Feb | Mar | Apr | May | Jun | Jul | Aug | Sep | Oct | Nov | Dec 
2015: Jan | Feb | Mar | Apr | May | Jun | Jul | Aug | Sep | Oct | Nov | Dec 
2014: Jan | Feb | Mar | Apr | May | Jun | Jul | Aug | Sep | Oct | Nov | Dec 
2013: Jan | Feb | Mar | Apr | May | Jun | Jul | Aug | Sep | Oct | Nov | Dec 
2012: Jan | Feb | Mar | Apr | May | Jun | Jul | Aug | Sep | Oct | Nov | Dec 
2011: Jan | Feb | Mar | Apr | May | Jun | Jul | Aug | Sep | Oct | Nov | Dec 
2010: Jan | Feb | Mar | Apr | May | Jun | Jul | Aug | Sep | Oct | Nov | Dec 
2009: Jan | Feb | Mar | Apr | May | Jun | Jul | Aug | Sep | Oct | Nov | Dec 
2008: Jan | Feb | Mar | Apr | May | Jun | Jul | Aug | Sep | Oct | Nov | Dec 
2007: Jan | Feb | Mar | Apr | May | Jun | Jul | Aug | Sep | Oct | Nov | Dec 

Report for 2014 01
MONTHLY CLIMATOLOGICAL SUMMARY for JAN. 2014 NAME: C32 CITY: Las Cruces|East Mesa STATE: NM ELEV: 4474 ft LAT: 32 24' 08" N LONG: 106 41' 01" W TEMPERATURE (F), RAIN (in), WIND SPEED (mph) HEAT COOL AVG MEAN DEG DEG WIND DOM DAY TEMP HIGH TIME LOW TIME DAYS DAYS RAIN SPEED HIGH TIME DIR ------------------------------------------------------------------------------------ 1 43.8 63.0 4:05p 28.0 7:00a 21.2 0.0 0.00 1.0 10.0 3:40p SSW 2 39.5 56.3 5:00p 25.3 7:40a 25.5 0.0 0.00 0.6 8.0 2:05p N 3 42.6 57.8 3:35p 25.7 4:50a 22.4 0.0 0.00 1.8 13.0 3:30p W 4 51.2 62.5 1:50p 41.5 1:55a 13.8 0.0 0.00 5.7 26.0 2:30p S 5 37.1 49.7 3:15p 23.5 11:35p 27.9 0.0 0.00 2.9 12.0 10:30a N 6 30.4 49.1 3:45p 16.8 7:05a 34.6 0.0 0.00 2.1 12.0 1:40p NNE 7 36.2 52.3 3:00p 18.7 4:25a 28.8 0.0 0.00 1.4 9.0 10:05a S 8 46.9 63.2 3:25p 32.6 7:50a 18.1 0.0 0.00 1.7 18.0 3:25p SSW 9 44.9 58.7 3:05p 27.9 6:15a 20.1 0.0 0.00 1.9 16.0 2:00p SSW 10 47.8 61.2 2:20p 36.0 6:55a 17.2 0.0 0.00 3.5 17.0 4:30p SSW 11 46.9 62.9 3:55p 29.1 3:40a 18.1 0.0 0.00 1.5 10.0 12:25p WSW 12 53.3 66.2 3:05p 41.8 7:45a 11.8 0.0 0.00 5.8 27.0 3:15p WSW 13 42.2 57.8 4:00p 24.4 7:35a 22.8 0.0 0.00 1.8 11.0 10:45a NNE 14 42.8 60.5 4:10p 25.4 7:40a 22.2 0.0 0.00 2.8 16.0 2:35p N 15 43.4 59.9 3:25p 26.5 7:25a 21.6 0.0 0.00 1.2 9.0 9:10a WSW 16 44.8 64.0 3:35p 26.9 4:45a 20.2 0.0 0.00 2.4 16.0 11:20a ENE 17 42.4 59.5 4:30p 29.6 4:00a 22.6 0.0 0.00 1.4 9.0 8:40a WSW 18 44.6 64.3 3:25p 26.7 7:45a 20.4 0.0 0.00 1.6 12.0 2:15p N 19 44.9 61.6 1:35p 26.7 6:55a 20.1 0.0 0.00 1.2 10.0 12:20p NE 20 48.3 67.3 2:30p 28.3 7:45a 16.9 0.2 0.00 2.0 14.0 2:35p NNW 21 44.9 61.4 4:05p 29.0 7:40a 20.1 0.0 0.00 0.6 9.0 1:15a SE 22 47.6 62.5 2:00p 29.9 5:40a 17.4 0.0 0.00 1.0 10.0 2:05p SSW 23 42.0 53.7 12:30a 29.7 12:00m 23.0 0.0 0.00 3.7 21.0 2:10p E 24 33.3 49.0 3:25p 19.8 7:20a 31.7 0.0 0.00 1.5 12.0 1:15p NNE 25 45.6 61.8 3:55p 31.8 5:05a 19.4 0.0 0.00 1.3 8.0 11:55a NNE 26 50.0 69.5 3:40p 33.1 7:00a 15.4 0.4 0.00 1.9 19.0 5:10p NNE 27 48.2 57.6 4:15p 38.0 5:35a 16.8 0.0 0.00 2.9 21.0 2:10p S 28 42.8 57.7 3:15p 29.2 11:55p 22.2 0.0 0.00 1.3 12.0 12:00p SW 29 39.7 57.5 3:55p 21.3 5:05a 25.3 0.0 0.00 1.2 9.0 3:25p SW 30 55.7 69.4 3:35p 44.8 2:35a 9.9 0.6 0.00 5.0 31.0 4:00p S 31 56.9 68.4 2:20p 45.5 6:15a 8.6 0.4 0.00 7.5 31.0 1:10p SSW ------------------------------------------------------------------------------------- 44.5 69.5 26 16.8 6 636.1 1.6 0.00 2.3 31.0 30 SSW Max >= 90.0: 0 Max <= 32.0: 0 Min <= 32.0: 23 Min <= 0.0: 0 Max Rain: 0.00 ON 01/01/14 Days of Rain: 0 (>.01 in) 0 (>.1 in) 0 (>1 in) Heat Base: 65.0 Cool Base: 65.0 Method: Integration