NOAA-style Climate Reports

- as reported from this site (LasCruces-Weather.com) beginning 04-03-07

2023: Jan | Feb | Mar | Apr | May | Jun | Jul | Aug | Sep | Oct | Nov | Dec 
2022: Jan | Feb | Mar | Apr | May | Jun | Jul | Aug | Sep | Oct | Nov | Dec 
2021: Jan | Feb | Mar | Apr | May | Jun | Jul | Aug | Sep | Oct | Nov | Dec 
2020: Jan | Feb | Mar | Apr | May | Jun | Jul | Aug | Sep | Oct | Nov | Dec 
2019: Jan | Feb | Mar | Apr | May | Jun | Jul | Aug | Sep | Oct | Nov | Dec 
2018: Jan | Feb | Mar | Apr | May | Jun | Jul | Aug | Sep | Oct | Nov | Dec 
2017: Jan | Feb | Mar | Apr | May | Jun | Jul | Aug | Sep | Oct | Nov | Dec 
2016: Jan | Feb | Mar | Apr | May | Jun | Jul | Aug | Sep | Oct | Nov | Dec 
2015: Jan | Feb | Mar | Apr | May | Jun | Jul | Aug | Sep | Oct | Nov | Dec 
2014: Jan | Feb | Mar | Apr | May | Jun | Jul | Aug | Sep | Oct | Nov | Dec 
2013: Jan | Feb | Mar | Apr | May | Jun | Jul | Aug | Sep | Oct | Nov | Dec 
2012: Jan | Feb | Mar | Apr | May | Jun | Jul | Aug | Sep | Oct | Nov | Dec 
2011: Jan | Feb | Mar | Apr | May | Jun | Jul | Aug | Sep | Oct | Nov | Dec 
2010: Jan | Feb | Mar | Apr | May | Jun | Jul | Aug | Sep | Oct | Nov | Dec 
2009: Jan | Feb | Mar | Apr | May | Jun | Jul | Aug | Sep | Oct | Nov | Dec 
2008: Jan | Feb | Mar | Apr | May | Jun | Jul | Aug | Sep | Oct | Nov | Dec 
2007: Jan | Feb | Mar | Apr | May | Jun | Jul | Aug | Sep | Oct | Nov | Dec 

Report for 2013 12
MONTHLY CLIMATOLOGICAL SUMMARY for DEC. 2013 NAME: C32 CITY: Las Cruces|East Mesa STATE: NM ELEV: 4474 ft LAT: 32 24' 08" N LONG: 106 41' 01" W TEMPERATURE (F), RAIN (in), WIND SPEED (mph) HEAT COOL AVG MEAN DEG DEG WIND DOM DAY TEMP HIGH TIME LOW TIME DAYS DAYS RAIN SPEED HIGH TIME DIR ------------------------------------------------------------------------------------ 1 49.6 61.3 3:40p 41.6 12:00m 15.4 0.0 0.00 0.9 9.0 10:35a N 2 46.9 63.1 3:40p 29.6 7:05a 18.1 0.0 0.00 2.0 12.0 8:30a N 3 56.6 67.8 2:15p 49.6 2:25a 8.7 0.3 0.00 4.1 26.0 2:40p SSW 4 55.9 67.7 2:05p 47.3 11:50p 9.4 0.2 0.00 6.6 32.0 3:20p S 5 47.8 56.7 1:25p 40.0 12:00m 17.2 0.0 0.00 4.5 21.0 11:55a WSW 6 39.4 49.4 3:20p 31.5 12:00m 25.6 0.0 0.00 2.1 14.0 12:25p SSW 7 34.3 44.5 1:10p 25.9 6:35a 30.7 0.0 0.00 2.0 17.0 12:50p SSW 8 41.3 51.6 2:35p 28.9 12:40a 23.7 0.0 0.00 4.8 23.0 12:25p SW 9 39.8 52.8 2:55p 24.6 12:00m 25.2 0.0 0.00 4.6 20.0 12:55p SW 10 30.0 47.0 3:30p 16.2 4:55a 35.0 0.0 0.00 3.1 12.0 12:15a NNE 11 37.4 55.5 3:15p 21.6 6:30a 27.6 0.0 0.00 2.2 12.0 8:25a NNE 12 35.3 40.9 3:15p 31.7 8:00a 29.7 0.0 0.09 2.9 15.0 11:10a N 13 43.1 56.3 2:45p 30.8 7:50a 21.9 0.0 0.00 2.6 15.0 2:35p SSW 14 39.7 53.6 3:35p 29.2 7:00a 25.3 0.0 0.00 1.5 11.0 8:30a N 15 38.5 54.5 4:10p 25.8 7:30a 26.5 0.0 0.00 2.1 11.0 9:05a N 16 42.0 61.1 4:10p 28.2 7:35a 23.0 0.0 0.00 2.6 10.0 8:55a NNE 17 44.6 65.6 4:15p 30.6 6:40a 20.4 0.0 0.00 2.1 10.0 8:35a N 18 46.5 61.9 2:05p 31.3 7:20a 18.5 0.0 0.00 1.4 10.0 12:50p N 19 53.3 66.2 3:55p 44.0 7:30a 11.7 0.1 0.00 2.7 17.0 1:45p SW 20 48.3 57.8 1:50p 38.8 12:00m 16.7 0.0 0.06 2.2 17.0 11:05a SSW 21 38.8 43.4 3:50p 33.2 4:35a 26.2 0.0 0.04 8.9 26.0 11:40a WSW 22 39.5 50.3 2:05p 29.7 7:35a 25.5 0.0 0.00 1.4 13.0 2:15p SSW 23 37.0 54.0 3:00p 22.6 7:25a 28.0 0.0 0.00 1.6 10.0 9:50a NE 24 37.7 56.0 4:20p 20.4 7:15a 27.3 0.0 0.00 1.6 10.0 8:30a NNW 25 38.7 52.6 3:05p 26.4 1:55a 26.3 0.0 0.00 1.9 13.0 7:55p N 26 36.5 51.8 2:55p 22.9 6:30a 28.5 0.0 0.00 1.5 11.0 12:55p NNE 27 36.8 55.0 3:55p 22.5 7:40a 28.2 0.0 0.00 1.0 7.0 1:30p NNE 28 40.4 55.0 3:45p 23.8 6:40a 24.6 0.0 0.00 1.7 16.0 1:05p NW 29 41.9 50.2 1:55p 28.1 11:45p 23.1 0.0 0.00 1.0 12.0 8:40a NE 30 37.2 54.6 4:45p 23.5 7:25a 27.8 0.0 0.00 1.1 9.0 11:30a NNE 31 40.2 55.8 3:10p 24.9 7:40a 24.8 0.0 0.00 1.2 11.0 12:45p NNE ------------------------------------------------------------------------------------- 41.8 67.8 3 16.2 10 720.6 0.6 0.19 2.6 32.0 4 N Max >= 90.0: 0 Max <= 32.0: 0 Min <= 32.0: 24 Min <= 0.0: 0 Max Rain: 0.09 ON 12/12/13 Days of Rain: 3 (>.01 in) 0 (>.1 in) 0 (>1 in) Heat Base: 65.0 Cool Base: 65.0 Method: Integration