NOAA-style Climate Reports

- as reported from this site (LasCruces-Weather.com) beginning 04-03-07

2023: Jan | Feb | Mar | Apr | May | Jun | Jul | Aug | Sep | Oct | Nov | Dec 
2022: Jan | Feb | Mar | Apr | May | Jun | Jul | Aug | Sep | Oct | Nov | Dec 
2021: Jan | Feb | Mar | Apr | May | Jun | Jul | Aug | Sep | Oct | Nov | Dec 
2020: Jan | Feb | Mar | Apr | May | Jun | Jul | Aug | Sep | Oct | Nov | Dec 
2019: Jan | Feb | Mar | Apr | May | Jun | Jul | Aug | Sep | Oct | Nov | Dec 
2018: Jan | Feb | Mar | Apr | May | Jun | Jul | Aug | Sep | Oct | Nov | Dec 
2017: Jan | Feb | Mar | Apr | May | Jun | Jul | Aug | Sep | Oct | Nov | Dec 
2016: Jan | Feb | Mar | Apr | May | Jun | Jul | Aug | Sep | Oct | Nov | Dec 
2015: Jan | Feb | Mar | Apr | May | Jun | Jul | Aug | Sep | Oct | Nov | Dec 
2014: Jan | Feb | Mar | Apr | May | Jun | Jul | Aug | Sep | Oct | Nov | Dec 
2013: Jan | Feb | Mar | Apr | May | Jun | Jul | Aug | Sep | Oct | Nov | Dec 
2012: Jan | Feb | Mar | Apr | May | Jun | Jul | Aug | Sep | Oct | Nov | Dec 
2011: Jan | Feb | Mar | Apr | May | Jun | Jul | Aug | Sep | Oct | Nov | Dec 
2010: Jan | Feb | Mar | Apr | May | Jun | Jul | Aug | Sep | Oct | Nov | Dec 
2009: Jan | Feb | Mar | Apr | May | Jun | Jul | Aug | Sep | Oct | Nov | Dec 
2008: Jan | Feb | Mar | Apr | May | Jun | Jul | Aug | Sep | Oct | Nov | Dec 
2007: Jan | Feb | Mar | Apr | May | Jun | Jul | Aug | Sep | Oct | Nov | Dec 

Report for 2013 11
MONTHLY CLIMATOLOGICAL SUMMARY for NOV. 2013 NAME: C32 CITY: Las Cruces|East Mesa STATE: NM ELEV: 4474 ft LAT: 32 24' 08" N LONG: 106 41' 01" W TEMPERATURE (F), RAIN (in), WIND SPEED (mph) HEAT COOL AVG MEAN DEG DEG WIND DOM DAY TEMP HIGH TIME LOW TIME DAYS DAYS RAIN SPEED HIGH TIME DIR ------------------------------------------------------------------------------------ 1 52.2 67.0 4:20p 36.8 7:50a 12.9 0.2 0.00 3.4 20.0 1:25p NNW 2 53.5 70.9 3:55p 38.1 3:40a 12.5 1.0 0.00 2.7 20.0 12:50p S 3 58.7 73.0 2:25p 40.8 4:55a 8.1 1.9 0.00 2.5 22.0 2:45p WSW 4 60.0 72.6 2:05p 46.0 6:40a 6.2 1.2 0.00 2.2 17.0 9:35p S 5 57.0 65.6 1:50p 42.8 11:05p 8.0 0.0 0.00 4.2 25.0 12:50p WSW 6 46.1 63.7 3:40p 31.0 7:00a 18.9 0.0 0.00 2.4 12.0 4:05a N 7 48.7 68.4 3:00p 30.0 7:00a 16.7 0.4 0.00 2.1 15.0 4:35a NNE 8 54.0 70.5 4:00p 37.1 6:05a 11.8 0.8 0.00 1.0 11.0 12:05p SE 9 56.3 74.5 4:40p 39.6 6:40a 10.6 1.8 0.00 0.5 9.0 2:25p ESE 10 56.4 75.9 3:00p 40.6 5:50a 10.9 2.3 0.00 1.3 18.0 12:20p ESE 11 57.6 76.9 3:15p 42.8 5:45a 9.9 2.5 0.00 1.2 9.0 9:00a E 12 52.1 64.3 11:35a 42.6 11:30p 12.9 0.0 0.00 4.2 30.0 2:15p E 13 48.5 59.3 3:45p 39.5 3:30a 16.5 0.0 0.00 0.6 9.0 10:05a W 14 56.2 68.1 2:50p 44.2 7:15a 9.2 0.3 0.00 1.0 10.0 2:10p S 15 58.3 67.9 2:30p 48.9 2:10a 7.0 0.3 0.00 6.3 29.0 2:50p S 16 60.7 71.7 1:40p 51.2 7:15a 5.6 1.3 0.00 6.4 29.0 2:20p S 17 57.5 67.7 2:35p 50.6 3:20a 7.8 0.3 0.00 4.3 21.0 10:05a SW 18 56.3 70.7 2:45p 45.3 11:55p 9.5 0.8 0.00 0.9 12.0 2:25p S 19 55.3 71.2 2:25p 38.8 7:10a 10.7 1.1 0.00 1.4 16.0 1:25p SW 20 58.2 68.8 3:50p 47.9 7:05a 7.3 0.5 0.00 2.1 16.0 1:25p SSW 21 61.0 70.7 2:25p 49.7 6:25a 4.8 0.9 0.00 1.4 14.0 12:45p S 22 48.1 65.8 12:20a 37.5 11:45p 17.0 0.0 0.00 5.7 24.0 1:50a E 23 37.3 41.3 1:40p 31.7 12:00m 27.7 0.0 0.02 2.8 12.0 7:50p W 24 31.5 33.4 3:20p 28.1 6:50a 33.5 0.0 0.06 1.0 9.0 4:35a SSE 25 33.9 41.9 3:15p 29.8 6:15a 31.1 0.0 0.26 2.5 11.0 1:35p SSE 26 38.0 51.3 3:15p 26.3 6:45a 27.0 0.0 0.01 1.6 9.0 9:40a SSW 27 36.5 46.7 12:50p 26.2 6:25a 28.5 0.0 0.00 0.3 7.0 1:30p SSW 28 39.4 57.2 4:10p 23.9 7:05a 25.6 0.0 0.00 0.7 6.0 7:35a WSW 29 43.8 62.6 3:15p 30.0 3:20a 21.2 0.0 0.00 1.3 8.0 8:05a WNW 30 46.3 59.7 3:20p 33.9 6:50a 18.7 0.0 0.00 1.1 9.0 8:20a N ------------------------------------------------------------------------------------- 50.6 76.9 11 23.9 28 448.1 17.6 0.35 2.3 30.0 12 SSW Max >= 90.0: 0 Max <= 32.0: 0 Min <= 32.0: 9 Min <= 0.0: 0 Max Rain: 0.26 ON 11/25/13 Days of Rain: 3 (>.01 in) 1 (>.1 in) 0 (>1 in) Heat Base: 65.0 Cool Base: 65.0 Method: Integration