NOAA-style Climate Reports

- as reported from this site (LasCruces-Weather.com) beginning 04-03-07

2023: Jan | Feb | Mar | Apr | May | Jun | Jul | Aug | Sep | Oct | Nov | Dec 
2022: Jan | Feb | Mar | Apr | May | Jun | Jul | Aug | Sep | Oct | Nov | Dec 
2021: Jan | Feb | Mar | Apr | May | Jun | Jul | Aug | Sep | Oct | Nov | Dec 
2020: Jan | Feb | Mar | Apr | May | Jun | Jul | Aug | Sep | Oct | Nov | Dec 
2019: Jan | Feb | Mar | Apr | May | Jun | Jul | Aug | Sep | Oct | Nov | Dec 
2018: Jan | Feb | Mar | Apr | May | Jun | Jul | Aug | Sep | Oct | Nov | Dec 
2017: Jan | Feb | Mar | Apr | May | Jun | Jul | Aug | Sep | Oct | Nov | Dec 
2016: Jan | Feb | Mar | Apr | May | Jun | Jul | Aug | Sep | Oct | Nov | Dec 
2015: Jan | Feb | Mar | Apr | May | Jun | Jul | Aug | Sep | Oct | Nov | Dec 
2014: Jan | Feb | Mar | Apr | May | Jun | Jul | Aug | Sep | Oct | Nov | Dec 
2013: Jan | Feb | Mar | Apr | May | Jun | Jul | Aug | Sep | Oct | Nov | Dec 
2012: Jan | Feb | Mar | Apr | May | Jun | Jul | Aug | Sep | Oct | Nov | Dec 
2011: Jan | Feb | Mar | Apr | May | Jun | Jul | Aug | Sep | Oct | Nov | Dec 
2010: Jan | Feb | Mar | Apr | May | Jun | Jul | Aug | Sep | Oct | Nov | Dec 
2009: Jan | Feb | Mar | Apr | May | Jun | Jul | Aug | Sep | Oct | Nov | Dec 
2008: Jan | Feb | Mar | Apr | May | Jun | Jul | Aug | Sep | Oct | Nov | Dec 
2007: Jan | Feb | Mar | Apr | May | Jun | Jul | Aug | Sep | Oct | Nov | Dec 

Report for 2013 10
MONTHLY CLIMATOLOGICAL SUMMARY for OCT. 2013 NAME: C32 CITY: Las Cruces|East Mesa STATE: NM ELEV: 4474 ft LAT: 32 24' 08" N LONG: 106 41' 01" W TEMPERATURE (F), RAIN (in), WIND SPEED (mph) HEAT COOL AVG MEAN DEG DEG WIND DOM DAY TEMP HIGH TIME LOW TIME DAYS DAYS RAIN SPEED HIGH TIME DIR ------------------------------------------------------------------------------------ 1 69.8 86.8 3:55p 51.2 5:55a 3.1 7.9 0.00 1.6 15.0 3:15p S 2 69.9 86.1 3:30p 54.6 7:40a 2.2 7.1 0.00 2.4 17.0 2:50p SSW 3 69.4 82.9 3:45p 56.6 6:00a 2.1 6.5 0.00 3.8 21.0 1:15p WSW 4 68.9 80.6 3:45p 56.3 12:00m 1.7 5.6 0.00 3.9 21.0 4:50p WSW 5 57.6 71.3 4:45p 43.8 6:40a 8.5 1.1 0.00 3.8 15.0 2:50p N 6 56.4 76.7 4:15p 39.9 6:45a 11.1 2.6 0.00 1.5 8.0 8:15a NNE 7 60.1 79.7 3:35p 42.6 3:55a 8.8 3.9 0.00 1.8 14.0 2:05p S 8 65.3 83.2 3:30p 47.0 6:05a 5.4 5.7 0.00 2.3 16.0 12:10p SSW 9 68.9 82.7 3:05p 52.9 5:15a 2.4 6.3 0.00 3.2 19.0 10:00a SSE 10 67.3 78.6 2:00p 54.8 12:00m 1.7 4.0 0.00 6.3 37.0 2:15p S 11 58.6 73.0 4:15p 44.5 6:25a 8.3 1.9 0.00 2.7 21.0 2:55p ENE 12 61.2 79.6 4:00p 45.1 7:25a 7.6 3.8 0.00 2.5 16.0 4:00p NNE 13 67.3 80.8 2:25p 52.3 6:55a 3.6 5.9 0.00 2.6 20.0 4:20p S 14 67.5 75.3 3:20p 59.5 7:30a 0.8 3.3 0.00 3.5 22.0 3:20p WSW 15 62.3 74.4 1:05p 50.3 7:20a 4.7 2.0 0.00 2.6 22.0 4:25p S 16 60.0 73.9 4:30p 47.3 11:35p 6.9 1.9 0.00 2.5 20.0 1:30p WSW 17 56.1 74.6 4:05p 40.4 5:35a 10.8 1.9 0.00 2.0 16.0 4:55p SSW 18 58.3 75.3 5:00p 37.6 6:40a 8.9 2.3 0.00 1.6 12.0 12:25p S 19 54.8 71.3 4:20p 36.7 7:10a 11.2 1.0 0.00 1.3 11.0 3:15p SSW 20 58.8 76.3 3:35p 37.7 7:45a 8.9 2.7 0.00 2.1 17.0 3:05p SSW 21 56.3 72.7 4:30p 39.7 5:20a 9.9 1.1 0.00 1.5 13.0 3:20p SSE 22 56.4 74.0 4:15p 38.9 7:45a 10.4 1.8 0.00 1.1 10.0 3:15p E 23 59.0 78.0 3:30p 39.7 6:25a 9.1 3.1 0.00 1.3 12.0 2:05p SSW 24 63.9 81.5 4:10p 44.1 6:00a 6.4 5.3 0.00 1.6 16.0 11:10p SSE 25 67.1 78.1 4:05p 54.5 12:00m 1.9 4.0 0.00 2.6 22.0 5:15a S 26 58.9 74.7 4:40p 43.7 7:30a 8.2 2.1 0.00 3.2 13.0 10:25a NNE 27 58.1 73.4 4:35p 42.6 5:00a 8.6 1.8 0.00 1.2 12.0 4:50p S 28 64.2 76.6 2:45p 50.1 5:10a 4.1 3.3 0.00 4.2 27.0 1:40p SW 29 64.2 69.6 2:15p 59.0 6:40a 1.8 1.0 0.00 1.7 13.0 2:00a SSW 30 60.2 70.6 12:35p 51.1 12:00m 5.7 0.9 0.04 4.6 25.0 5:25p SSW 31 51.8 67.6 4:30p 36.5 5:35a 13.4 0.2 0.00 2.2 14.0 4:35p NNW ------------------------------------------------------------------------------------- 61.9 86.8 1 36.5 31 198.2 102.0 0.04 2.6 37.0 10 SSW Max >= 90.0: 0 Max <= 32.0: 0 Min <= 32.0: 0 Min <= 0.0: 0 Max Rain: 0.04 ON 10/30/13 Days of Rain: 1 (>.01 in) 0 (>.1 in) 0 (>1 in) Heat Base: 65.0 Cool Base: 65.0 Method: Integration