NOAA-style Climate Reports

- as reported from this site (LasCruces-Weather.com) beginning 04-03-07

2023: Jan | Feb | Mar | Apr | May | Jun | Jul | Aug | Sep | Oct | Nov | Dec 
2022: Jan | Feb | Mar | Apr | May | Jun | Jul | Aug | Sep | Oct | Nov | Dec 
2021: Jan | Feb | Mar | Apr | May | Jun | Jul | Aug | Sep | Oct | Nov | Dec 
2020: Jan | Feb | Mar | Apr | May | Jun | Jul | Aug | Sep | Oct | Nov | Dec 
2019: Jan | Feb | Mar | Apr | May | Jun | Jul | Aug | Sep | Oct | Nov | Dec 
2018: Jan | Feb | Mar | Apr | May | Jun | Jul | Aug | Sep | Oct | Nov | Dec 
2017: Jan | Feb | Mar | Apr | May | Jun | Jul | Aug | Sep | Oct | Nov | Dec 
2016: Jan | Feb | Mar | Apr | May | Jun | Jul | Aug | Sep | Oct | Nov | Dec 
2015: Jan | Feb | Mar | Apr | May | Jun | Jul | Aug | Sep | Oct | Nov | Dec 
2014: Jan | Feb | Mar | Apr | May | Jun | Jul | Aug | Sep | Oct | Nov | Dec 
2013: Jan | Feb | Mar | Apr | May | Jun | Jul | Aug | Sep | Oct | Nov | Dec 
2012: Jan | Feb | Mar | Apr | May | Jun | Jul | Aug | Sep | Oct | Nov | Dec 
2011: Jan | Feb | Mar | Apr | May | Jun | Jul | Aug | Sep | Oct | Nov | Dec 
2010: Jan | Feb | Mar | Apr | May | Jun | Jul | Aug | Sep | Oct | Nov | Dec 
2009: Jan | Feb | Mar | Apr | May | Jun | Jul | Aug | Sep | Oct | Nov | Dec 
2008: Jan | Feb | Mar | Apr | May | Jun | Jul | Aug | Sep | Oct | Nov | Dec 
2007: Jan | Feb | Mar | Apr | May | Jun | Jul | Aug | Sep | Oct | Nov | Dec 

Report for 2013 09
MONTHLY CLIMATOLOGICAL SUMMARY for SEP. 2013 NAME: C32 CITY: Las Cruces|East Mesa STATE: NM ELEV: 4474 ft LAT: 32 24' 08" N LONG: 106 41' 01" W TEMPERATURE (F), RAIN (in), WIND SPEED (mph) HEAT COOL AVG MEAN DEG DEG WIND DOM DAY TEMP HIGH TIME LOW TIME DAYS DAYS RAIN SPEED HIGH TIME DIR ------------------------------------------------------------------------------------ 1 84.2 98.5 3:35p 66.9 7:05a 0.0 19.2 0.00 3.5 18.0 12:00m E 2 82.9 97.0 4:00p 69.4 5:40a 0.0 17.9 0.00 5.3 25.0 12:10a E 3 81.8 92.4 4:20p 71.0 7:25a 0.0 16.8 0.00 3.4 23.0 2:20p E 4 82.3 93.1 3:30p 69.3 7:10a 0.0 17.3 0.00 3.8 23.0 11:30a ESE 5 84.2 92.3 3:30p 76.8 6:40a 0.0 19.2 0.00 4.0 24.0 10:15a E 6 81.5 91.7 1:40p 69.0 6:50a 0.0 16.5 0.00 2.8 19.0 12:45p E 7 82.4 90.4 1:15p 72.2 7:25a 0.0 17.4 0.00 3.3 22.0 11:20p ESE 8 81.9 91.3 4:20p 72.1 7:25a 0.0 16.9 0.00 3.6 18.0 12:15a SE 9 77.0 90.7 3:35p 67.0 11:55p 0.0 12.0 0.02 2.9 26.0 4:35p S 10 68.0 75.5 2:40p 65.0 6:20a 0.0 3.0 0.45 2.2 14.0 2:20p SSW 11 69.1 78.1 2:15p 65.6 7:20a 0.0 4.1 0.82 1.4 17.0 3:10p E 12 68.0 71.6 12:15p 64.6 6:40a 0.0 3.0 0.78 1.3 15.0 6:45a E 13 67.4 74.4 4:15p 63.8 5:15a 0.2 2.6 0.92 2.3 21.0 8:05p E 14 73.7 83.7 4:40p 65.4 6:50a 0.0 8.7 0.00 1.4 15.0 12:05a E 15 72.9 85.9 3:00p 60.2 6:45a 0.8 8.7 0.00 2.1 15.0 5:15p ESE 16 72.6 81.6 3:20p 62.2 7:00a 0.2 7.8 0.08 4.2 21.0 12:45a E 17 73.8 85.6 4:05p 63.1 5:50a 0.1 8.9 0.00 1.4 15.0 5:00p SE 18 75.6 86.1 3:25p 64.0 7:30a 0.0 10.6 0.00 2.7 15.0 2:40p S 19 73.9 88.3 3:05p 62.9 7:35a 0.1 9.0 0.02 2.1 26.0 6:40p E 20 72.8 83.5 1:35p 62.7 6:10a 0.2 8.0 0.00 1.9 18.0 9:05p ESE 21 68.2 79.6 4:35p 58.2 7:15a 1.3 4.5 0.00 1.1 10.0 4:00p SW 22 71.7 83.4 3:40p 59.3 2:20a 1.2 7.9 0.00 3.5 21.0 5:05p S 23 70.8 81.5 4:10p 58.5 7:30a 0.8 6.6 0.00 2.1 11.0 12:30p ENE 24 67.2 85.1 5:10p 51.3 7:25a 4.1 6.3 0.00 2.5 10.0 4:35a NNE 25 71.9 88.1 3:50p 54.0 4:55a 2.6 9.5 0.00 2.3 17.0 4:45p ESE 26 75.1 86.0 3:40p 61.5 7:25a 0.2 10.3 0.00 2.6 23.0 2:05p S 27 73.6 83.0 2:40p 60.6 12:00m 0.3 8.9 0.00 4.8 24.0 3:20p SSW 28 61.0 76.7 4:55p 46.4 7:15a 6.9 3.0 0.00 3.0 14.0 11:05a NNE 29 62.8 81.2 4:15p 44.5 7:10a 6.9 4.7 0.00 1.4 15.0 2:45p ENE 30 69.1 85.9 4:40p 50.2 7:20a 3.1 7.2 0.00 2.1 13.0 4:55p E ------------------------------------------------------------------------------------- 73.9 98.5 1 44.5 29 29.0 296.5 3.09 2.7 26.0 9 E Max >= 90.0: 9 Max <= 32.0: 0 Min <= 32.0: 0 Min <= 0.0: 0 Max Rain: 0.92 ON 09/13/13 Days of Rain: 7 (>.01 in) 4 (>.1 in) 0 (>1 in) Heat Base: 65.0 Cool Base: 65.0 Method: Integration