NOAA-style Climate Reports

- as reported from this site (LasCruces-Weather.com) beginning 04-03-07

2023: Jan | Feb | Mar | Apr | May | Jun | Jul | Aug | Sep | Oct | Nov | Dec 
2022: Jan | Feb | Mar | Apr | May | Jun | Jul | Aug | Sep | Oct | Nov | Dec 
2021: Jan | Feb | Mar | Apr | May | Jun | Jul | Aug | Sep | Oct | Nov | Dec 
2020: Jan | Feb | Mar | Apr | May | Jun | Jul | Aug | Sep | Oct | Nov | Dec 
2019: Jan | Feb | Mar | Apr | May | Jun | Jul | Aug | Sep | Oct | Nov | Dec 
2018: Jan | Feb | Mar | Apr | May | Jun | Jul | Aug | Sep | Oct | Nov | Dec 
2017: Jan | Feb | Mar | Apr | May | Jun | Jul | Aug | Sep | Oct | Nov | Dec 
2016: Jan | Feb | Mar | Apr | May | Jun | Jul | Aug | Sep | Oct | Nov | Dec 
2015: Jan | Feb | Mar | Apr | May | Jun | Jul | Aug | Sep | Oct | Nov | Dec 
2014: Jan | Feb | Mar | Apr | May | Jun | Jul | Aug | Sep | Oct | Nov | Dec 
2013: Jan | Feb | Mar | Apr | May | Jun | Jul | Aug | Sep | Oct | Nov | Dec 
2012: Jan | Feb | Mar | Apr | May | Jun | Jul | Aug | Sep | Oct | Nov | Dec 
2011: Jan | Feb | Mar | Apr | May | Jun | Jul | Aug | Sep | Oct | Nov | Dec 
2010: Jan | Feb | Mar | Apr | May | Jun | Jul | Aug | Sep | Oct | Nov | Dec 
2009: Jan | Feb | Mar | Apr | May | Jun | Jul | Aug | Sep | Oct | Nov | Dec 
2008: Jan | Feb | Mar | Apr | May | Jun | Jul | Aug | Sep | Oct | Nov | Dec 
2007: Jan | Feb | Mar | Apr | May | Jun | Jul | Aug | Sep | Oct | Nov | Dec 

Report for 2013 08
MONTHLY CLIMATOLOGICAL SUMMARY for AUG. 2013 NAME: C32 CITY: Las Cruces|East Mesa STATE: NM ELEV: 4474 ft LAT: 32 24' 08" N LONG: 106 41' 01" W TEMPERATURE (F), RAIN (in), WIND SPEED (mph) HEAT COOL AVG MEAN DEG DEG WIND DOM DAY TEMP HIGH TIME LOW TIME DAYS DAYS RAIN SPEED HIGH TIME DIR ------------------------------------------------------------------------------------ 1 82.5 96.7 5:25p 69.1 6:00a 0.0 17.5 0.00 3.4 19.0 5:05p S 2 83.6 97.0 2:45p 70.1 6:15a 0.0 18.6 0.00 2.3 16.0 5:30p WNW 3 83.5 97.6 4:05p 69.6 6:45a 0.0 18.5 0.00 2.4 12.0 3:00p NE 4 86.2 100.5 3:20p 73.1 6:35a 0.0 21.2 0.00 2.2 19.0 4:45p S 5 85.2 97.5 3:10p 73.6 7:10a 0.0 20.2 0.00 4.3 22.0 4:45p SW 6 81.3 93.4 3:40p 70.0 6:35a 0.0 16.3 0.00 5.0 20.0 2:55p WSW 7 78.1 90.9 5:15p 68.7 6:50a 0.0 13.1 0.00 4.5 21.0 6:45p SSW 8 80.1 94.4 5:10p 66.2 5:20a 0.0 15.1 0.00 3.2 17.0 11:10a NE 9 84.1 97.3 4:25p 67.0 6:40a 0.0 19.1 0.00 3.2 19.0 3:55p S 10 78.7 83.6 11:25a 71.3 1:00p 0.0 13.7 0.04 6.1 28.0 7:40a E 11 71.3 86.1 5:50p 60.9 5:05a 1.0 7.3 1.38 5.4 28.0 6:00p N 12 79.8 92.1 5:30p 67.5 7:30a 0.0 14.8 0.00 3.7 22.0 12:50a N 13 79.2 94.6 5:15p 68.1 5:35a 0.0 14.2 0.07 2.5 11.0 1:45a N 14 79.9 96.2 4:05p 68.5 6:45p 0.0 14.9 0.22 3.2 26.0 7:50p S 15 78.8 91.4 2:50p 67.1 7:10a 0.0 13.8 0.00 2.3 17.0 3:30p WSW 16 81.8 96.2 4:00p 66.8 6:45a 0.0 16.8 0.00 2.1 18.0 1:25a SE 17 84.7 98.8 4:35p 69.1 6:10a 0.0 19.7 0.00 2.2 13.0 6:15p ESE 18 84.4 97.4 3:55p 71.8 7:45a 0.0 19.4 0.00 3.7 28.0 1:25a ENE 19 81.1 98.3 3:30p 70.0 6:25a 0.0 16.1 0.05 2.7 24.0 4:15p S 20 79.1 93.0 5:55p 66.7 6:45a 0.0 14.1 0.02 2.9 18.0 8:00p NNE 21 80.9 94.7 3:10p 66.5 7:00a 0.0 15.9 0.00 2.3 19.0 2:20p NE 22 80.6 92.7 3:20p 65.1 7:00a 0.0 15.6 0.00 3.0 15.0 1:35a ESE 23 79.2 91.8 3:50p 66.9 7:05a 0.0 14.2 0.00 3.3 23.0 7:05p SSE 24 79.1 87.6 4:50p 68.5 3:35a 0.0 14.1 0.00 3.3 22.0 12:45p S 25 79.9 91.1 3:00p 66.1 6:20a 0.0 14.9 0.00 5.0 22.0 12:50p NNE 26 82.4 92.0 3:50p 73.2 5:45a 0.0 17.4 0.00 4.2 22.0 12:30p ESE 27 78.5 87.1 3:25p 69.6 7:00a 0.0 13.5 0.00 2.8 19.0 3:10a S 28 72.4 80.7 1:55p 66.8 11:45p 0.0 7.4 0.04 1.5 12.0 12:45a SSW 29 71.2 83.2 4:25p 65.0 5:35a 0.0 6.2 0.23 1.5 12.0 4:40p S 30 76.6 90.6 4:10p 63.8 5:55a 0.1 11.7 0.00 1.3 11.0 1:10p S 31 81.3 95.7 4:35p 66.1 6:10a 0.0 16.3 0.00 2.1 15.0 11:40a SW ------------------------------------------------------------------------------------- 80.2 100.5 4 60.9 11 1.1 471.6 2.05 3.1 28.0 10 S Max >= 90.0: 25 Max <= 32.0: 0 Min <= 32.0: 0 Min <= 0.0: 0 Max Rain: 1.38 ON 08/11/13 Days of Rain: 8 (>.01 in) 3 (>.1 in) 1 (>1 in) Heat Base: 65.0 Cool Base: 65.0 Method: Integration