NOAA-style Climate Reports

- as reported from this site (LasCruces-Weather.com) beginning 04-03-07

2023: Jan | Feb | Mar | Apr | May | Jun | Jul | Aug | Sep | Oct | Nov | Dec 
2022: Jan | Feb | Mar | Apr | May | Jun | Jul | Aug | Sep | Oct | Nov | Dec 
2021: Jan | Feb | Mar | Apr | May | Jun | Jul | Aug | Sep | Oct | Nov | Dec 
2020: Jan | Feb | Mar | Apr | May | Jun | Jul | Aug | Sep | Oct | Nov | Dec 
2019: Jan | Feb | Mar | Apr | May | Jun | Jul | Aug | Sep | Oct | Nov | Dec 
2018: Jan | Feb | Mar | Apr | May | Jun | Jul | Aug | Sep | Oct | Nov | Dec 
2017: Jan | Feb | Mar | Apr | May | Jun | Jul | Aug | Sep | Oct | Nov | Dec 
2016: Jan | Feb | Mar | Apr | May | Jun | Jul | Aug | Sep | Oct | Nov | Dec 
2015: Jan | Feb | Mar | Apr | May | Jun | Jul | Aug | Sep | Oct | Nov | Dec 
2014: Jan | Feb | Mar | Apr | May | Jun | Jul | Aug | Sep | Oct | Nov | Dec 
2013: Jan | Feb | Mar | Apr | May | Jun | Jul | Aug | Sep | Oct | Nov | Dec 
2012: Jan | Feb | Mar | Apr | May | Jun | Jul | Aug | Sep | Oct | Nov | Dec 
2011: Jan | Feb | Mar | Apr | May | Jun | Jul | Aug | Sep | Oct | Nov | Dec 
2010: Jan | Feb | Mar | Apr | May | Jun | Jul | Aug | Sep | Oct | Nov | Dec 
2009: Jan | Feb | Mar | Apr | May | Jun | Jul | Aug | Sep | Oct | Nov | Dec 
2008: Jan | Feb | Mar | Apr | May | Jun | Jul | Aug | Sep | Oct | Nov | Dec 
2007: Jan | Feb | Mar | Apr | May | Jun | Jul | Aug | Sep | Oct | Nov | Dec 

Report for 2013 07
MONTHLY CLIMATOLOGICAL SUMMARY for JUL. 2013 NAME: C32 CITY: Las Cruces|East Mesa STATE: NM ELEV: 4474 ft LAT: 32 24' 08" N LONG: 106 41' 01" W TEMPERATURE (F), RAIN (in), WIND SPEED (mph) HEAT COOL AVG MEAN DEG DEG WIND DOM DAY TEMP HIGH TIME LOW TIME DAYS DAYS RAIN SPEED HIGH TIME DIR ------------------------------------------------------------------------------------ 1 74.0 86.4 2:40p 64.1 1:45a 0.0 9.0 0.07 5.4 26.0 9:45p E 2 75.3 88.1 4:35p 64.1 6:25a 0.0 10.4 0.07 3.9 32.0 9:05p SSW 3 77.1 92.0 5:05p 63.8 5:30a 0.1 12.1 0.06 3.7 28.0 10:30p E 4 80.2 96.5 4:50p 65.2 6:50a 0.0 15.2 0.00 2.3 14.0 6:05p E 5 84.9 100.1 4:00p 67.5 6:05a 0.0 19.9 0.00 2.5 16.0 3:20p S 6 86.3 100.2 3:15p 69.4 6:55a 0.0 21.3 0.00 2.9 22.0 4:00p W 7 87.4 101.7 3:30p 75.5 7:20a 0.0 22.4 0.00 4.6 19.0 7:00p E 8 87.1 97.9 4:25p 76.4 7:05a 0.0 22.1 0.00 4.6 21.0 4:45p E 9 86.5 99.1 3:35p 72.4 6:30a 0.0 21.5 0.00 3.8 19.0 9:55p ESE 10 86.9 98.4 5:35p 74.2 6:40a 0.0 21.9 0.00 3.3 26.0 4:00p SSW 11 85.4 96.1 2:10p 72.1 7:10a 0.0 20.4 0.00 4.3 18.0 6:00p E 12 83.8 97.0 4:15p 72.9 7:00a 0.0 18.8 0.09 4.3 21.0 6:40p N 13 84.2 98.9 5:55p 66.4 6:10a 0.0 19.2 0.00 2.9 22.0 12:35p ESE 14 87.5 101.1 4:25p 72.4 12:00m 0.0 22.5 0.11 3.3 28.0 4:40p SSW 15 74.6 84.5 12:30p 69.2 6:35a 0.0 9.6 0.01 5.2 25.0 2:55p E 16 74.6 86.0 2:55p 64.1 6:35a 0.0 9.7 0.00 4.7 23.0 9:55p E 17 74.0 86.3 1:40p 66.1 7:15a 0.0 9.0 0.00 8.1 35.0 2:15p E 18 67.4 73.3 3:10p 62.6 3:15a 0.2 2.6 0.30 1.9 13.0 12:05a SW 19 73.8 85.3 4:30p 64.3 6:10a 0.0 8.8 0.00 2.5 16.0 5:45p S 20 76.4 90.4 4:50p 66.0 6:25a 0.0 11.4 0.00 3.9 23.0 5:45p SW 21 79.2 94.5 5:20p 66.9 6:35a 0.0 14.2 0.00 2.7 17.0 7:30p SW 22 79.5 97.4 4:45p 67.7 6:40a 0.0 14.5 0.06 3.8 18.0 9:10p S 23 78.2 97.9 4:45p 68.2 6:40a 0.0 13.2 0.12 3.9 32.0 6:15p S 24 78.4 92.4 4:50p 67.9 6:45a 0.0 13.4 0.81 4.3 31.0 9:00p SW 25 75.5 86.9 5:20p 65.6 4:15a 0.0 10.5 0.04 3.2 16.0 1:45p SSW 26 76.7 92.7 1:55p 69.7 12:00m 0.0 11.7 0.04 2.3 30.0 2:05p SSW 27 72.4 83.4 4:05p 62.3 1:05a 0.1 7.5 1.13 3.3 27.0 12:45a NNE 28 77.3 91.2 3:05p 66.5 5:45a 0.0 12.3 0.00 2.9 24.0 4:05p SSW 29 82.5 95.8 5:35p 68.5 7:00a 0.0 17.5 0.00 2.9 16.0 7:50p S 30 82.0 98.2 2:20p 70.3 6:45a 0.0 17.0 0.01 2.2 21.0 5:20p S 31 82.9 97.4 2:00p 72.6 6:40a 0.0 17.9 0.04 3.0 24.0 9:50p SE ------------------------------------------------------------------------------------- 79.7 101.7 7 62.3 27 0.4 457.5 2.96 3.6 35.0 17 S Max >= 90.0: 22 Max <= 32.0: 0 Min <= 32.0: 0 Min <= 0.0: 0 Max Rain: 1.13 ON 07/27/13 Days of Rain: 13 (>.01 in) 5 (>.1 in) 1 (>1 in) Heat Base: 65.0 Cool Base: 65.0 Method: Integration