NOAA-style Climate Reports

- as reported from this site (LasCruces-Weather.com) beginning 04-03-07

2023: Jan | Feb | Mar | Apr | May | Jun | Jul | Aug | Sep | Oct | Nov | Dec 
2022: Jan | Feb | Mar | Apr | May | Jun | Jul | Aug | Sep | Oct | Nov | Dec 
2021: Jan | Feb | Mar | Apr | May | Jun | Jul | Aug | Sep | Oct | Nov | Dec 
2020: Jan | Feb | Mar | Apr | May | Jun | Jul | Aug | Sep | Oct | Nov | Dec 
2019: Jan | Feb | Mar | Apr | May | Jun | Jul | Aug | Sep | Oct | Nov | Dec 
2018: Jan | Feb | Mar | Apr | May | Jun | Jul | Aug | Sep | Oct | Nov | Dec 
2017: Jan | Feb | Mar | Apr | May | Jun | Jul | Aug | Sep | Oct | Nov | Dec 
2016: Jan | Feb | Mar | Apr | May | Jun | Jul | Aug | Sep | Oct | Nov | Dec 
2015: Jan | Feb | Mar | Apr | May | Jun | Jul | Aug | Sep | Oct | Nov | Dec 
2014: Jan | Feb | Mar | Apr | May | Jun | Jul | Aug | Sep | Oct | Nov | Dec 
2013: Jan | Feb | Mar | Apr | May | Jun | Jul | Aug | Sep | Oct | Nov | Dec 
2012: Jan | Feb | Mar | Apr | May | Jun | Jul | Aug | Sep | Oct | Nov | Dec 
2011: Jan | Feb | Mar | Apr | May | Jun | Jul | Aug | Sep | Oct | Nov | Dec 
2010: Jan | Feb | Mar | Apr | May | Jun | Jul | Aug | Sep | Oct | Nov | Dec 
2009: Jan | Feb | Mar | Apr | May | Jun | Jul | Aug | Sep | Oct | Nov | Dec 
2008: Jan | Feb | Mar | Apr | May | Jun | Jul | Aug | Sep | Oct | Nov | Dec 
2007: Jan | Feb | Mar | Apr | May | Jun | Jul | Aug | Sep | Oct | Nov | Dec 

Report for 2013 06
MONTHLY CLIMATOLOGICAL SUMMARY for JUN. 2013 NAME: C32 CITY: Las Cruces|East Mesa STATE: NM ELEV: 4474 ft LAT: 32 24' 08" N LONG: 106 41' 01" W TEMPERATURE (F), RAIN (in), WIND SPEED (mph) HEAT COOL AVG MEAN DEG DEG WIND DOM DAY TEMP HIGH TIME LOW TIME DAYS DAYS RAIN SPEED HIGH TIME DIR ------------------------------------------------------------------------------------ 1 82.5 97.1 4:55p 62.1 6:20a 0.1 17.7 0.00 5.3 31.0 11:45p NNE 2 83.2 97.2 4:45p 72.5 4:20a 0.0 18.2 0.00 7.4 33.0 7:10p S 3 81.8 96.6 5:15p 67.8 6:35a 0.0 16.8 0.00 5.1 24.0 1:20a SSW 4 82.9 96.8 1:45p 62.6 5:55a 0.2 18.1 0.00 4.4 23.0 12:25p WSW 5 83.0 96.9 3:20p 65.0 6:15a 0.0 18.0 0.00 3.8 22.0 4:15p WSW 6 79.9 95.2 3:50p 61.1 6:45a 0.2 15.2 0.00 4.8 32.0 8:45p E 7 79.4 92.6 1:55p 69.3 12:00m 0.0 14.4 0.00 3.9 25.0 4:20a SW 8 84.0 100.8 5:45p 67.6 6:30a 0.0 19.0 0.00 4.6 19.0 12:40a SSW 9 86.4 102.2 5:15p 66.5 6:05a 0.0 21.4 0.00 4.1 20.0 3:25p SE 10 89.9 105.5 5:10p 71.1 6:30a 0.0 24.9 0.00 4.1 21.0 11:15p SSW 11 91.1 104.9 4:25p 74.9 4:50a 0.0 26.1 0.00 3.0 22.0 3:35p WSW 12 91.3 105.4 3:20p 72.1 6:35a 0.0 26.3 0.00 4.3 27.0 7:20p S 13 87.2 99.4 3:10p 71.7 6:25a 0.0 22.2 0.00 5.5 21.0 3:15p E 14 80.2 96.4 3:55p 68.3 6:15a 0.0 15.2 0.11 4.3 30.0 6:20p SSW 15 84.0 99.1 4:25p 65.5 6:30a 0.0 19.0 0.00 2.8 18.0 2:35a SSW 16 86.3 99.9 3:45p 70.2 6:20a 0.0 21.3 0.00 3.7 22.0 9:15p N 17 85.2 99.8 2:50p 69.5 6:30a 0.0 20.2 0.02 3.0 29.0 3:25p SE 18 84.4 98.5 2:45p 66.8 6:20a 0.0 19.4 0.00 3.3 18.0 1:55p SSW 19 89.4 101.3 4:05p 77.8 6:05a 0.0 24.4 0.00 6.2 22.0 3:15p S 20 88.4 101.2 3:00p 76.2 6:50a 0.0 23.4 0.00 7.1 29.0 5:15p S 21 87.2 100.6 4:20p 74.7 6:20a 0.0 22.2 0.00 5.7 20.0 3:40p S 22 85.7 98.1 3:15p 71.7 5:25a 0.0 20.7 0.00 5.0 23.0 12:50p WNW 23 85.1 98.5 4:50p 71.4 2:55a 0.0 20.1 0.00 5.1 22.0 1:25p S 24 85.8 98.3 4:20p 71.9 6:40a 0.0 20.8 0.00 4.3 23.0 4:20p WSW 25 85.6 98.6 3:50p 71.3 4:25a 0.0 20.6 0.00 4.8 22.0 2:20p WSW 26 85.6 102.6 3:55p 64.4 6:05a 0.0 20.6 0.00 2.6 14.0 10:50a SE 27 88.8 108.4 4:25p 65.9 6:35a 0.0 23.8 0.00 2.9 20.0 3:40p SE 28 90.3 101.0 4:05p 82.5 9:20p 0.0 25.3 0.01 5.8 35.0 7:55p E 29 88.7 104.5 4:05p 71.8 6:25a 0.0 23.7 0.00 3.1 22.0 11:30p SSW 30 87.0 99.7 4:20p 66.8 12:00m 0.0 21.9 0.30 5.7 32.0 11:35p SW ------------------------------------------------------------------------------------- 85.7 108.4 27 61.1 6 0.5 620.9 0.44 4.5 35.0 28 S Max >= 90.0: 30 Max <= 32.0: 0 Min <= 32.0: 0 Min <= 0.0: 0 Max Rain: 0.30 ON 06/30/13 Days of Rain: 3 (>.01 in) 2 (>.1 in) 0 (>1 in) Heat Base: 65.0 Cool Base: 65.0 Method: Integration