NOAA-style Climate Reports

- as reported from this site (LasCruces-Weather.com) beginning 04-03-07

2023: Jan | Feb | Mar | Apr | May | Jun | Jul | Aug | Sep | Oct | Nov | Dec 
2022: Jan | Feb | Mar | Apr | May | Jun | Jul | Aug | Sep | Oct | Nov | Dec 
2021: Jan | Feb | Mar | Apr | May | Jun | Jul | Aug | Sep | Oct | Nov | Dec 
2020: Jan | Feb | Mar | Apr | May | Jun | Jul | Aug | Sep | Oct | Nov | Dec 
2019: Jan | Feb | Mar | Apr | May | Jun | Jul | Aug | Sep | Oct | Nov | Dec 
2018: Jan | Feb | Mar | Apr | May | Jun | Jul | Aug | Sep | Oct | Nov | Dec 
2017: Jan | Feb | Mar | Apr | May | Jun | Jul | Aug | Sep | Oct | Nov | Dec 
2016: Jan | Feb | Mar | Apr | May | Jun | Jul | Aug | Sep | Oct | Nov | Dec 
2015: Jan | Feb | Mar | Apr | May | Jun | Jul | Aug | Sep | Oct | Nov | Dec 
2014: Jan | Feb | Mar | Apr | May | Jun | Jul | Aug | Sep | Oct | Nov | Dec 
2013: Jan | Feb | Mar | Apr | May | Jun | Jul | Aug | Sep | Oct | Nov | Dec 
2012: Jan | Feb | Mar | Apr | May | Jun | Jul | Aug | Sep | Oct | Nov | Dec 
2011: Jan | Feb | Mar | Apr | May | Jun | Jul | Aug | Sep | Oct | Nov | Dec 
2010: Jan | Feb | Mar | Apr | May | Jun | Jul | Aug | Sep | Oct | Nov | Dec 
2009: Jan | Feb | Mar | Apr | May | Jun | Jul | Aug | Sep | Oct | Nov | Dec 
2008: Jan | Feb | Mar | Apr | May | Jun | Jul | Aug | Sep | Oct | Nov | Dec 
2007: Jan | Feb | Mar | Apr | May | Jun | Jul | Aug | Sep | Oct | Nov | Dec 

Report for 2013 05
MONTHLY CLIMATOLOGICAL SUMMARY for MAY. 2013 NAME: C32 CITY: Las Cruces|East Mesa STATE: NM ELEV: 4474 ft LAT: 32 24' 08" N LONG: 106 41' 01" W TEMPERATURE (F), RAIN (in), WIND SPEED (mph) HEAT COOL AVG MEAN DEG DEG WIND DOM DAY TEMP HIGH TIME LOW TIME DAYS DAYS RAIN SPEED HIGH TIME DIR ------------------------------------------------------------------------------------ 1 72.7 86.5 3:20p 57.3 5:35a 1.2 8.9 0.00 4.5 22.0 1:10p SW 2 58.5 69.5 12:15a 45.3 6:50a 7.1 0.5 0.00 4.6 18.0 1:45a E 3 52.7 68.5 4:15p 36.2 6:25a 12.5 0.2 0.00 3.0 16.0 1:25p SW 4 63.4 80.5 3:05p 41.0 6:15a 6.9 5.3 0.00 2.6 18.0 3:20p ESE 5 72.5 82.1 4:55p 62.9 6:10a 0.1 7.6 0.00 6.5 23.0 3:50p ESE 6 68.8 78.9 5:10p 59.1 11:30p 1.0 4.9 0.00 5.3 30.0 2:00p WSW 7 67.6 79.0 3:20p 56.8 6:40a 2.3 4.9 0.00 4.8 21.0 4:10p SSW 8 66.1 78.1 4:40p 53.8 5:50a 2.8 3.8 0.00 5.2 24.0 6:50p WSW 9 66.4 78.7 5:00p 52.7 4:50a 3.2 4.7 0.00 3.5 19.0 5:15p ESE 10 62.2 72.2 2:25p 52.4 12:00m 3.8 1.0 0.03 4.4 27.0 2:50p N 11 60.6 76.1 3:40p 43.8 5:05a 7.1 2.7 0.00 5.9 26.0 1:35p E 12 68.0 79.4 3:05p 51.5 6:40a 2.0 5.0 0.00 4.0 23.0 12:30a E 13 69.8 83.9 4:15p 53.2 6:30a 1.6 6.3 0.00 3.3 19.0 1:30p SE 14 71.7 84.4 2:20p 59.1 5:05a 0.8 7.5 0.00 4.3 17.0 2:20p S 15 74.7 89.2 2:05p 57.1 4:00a 1.5 11.2 0.00 4.4 24.0 7:30p W 16 76.8 91.1 3:25p 58.2 4:25a 0.9 12.7 0.00 4.6 22.0 3:40p WSW 17 77.0 90.6 1:30p 58.1 6:25a 0.5 12.5 0.00 3.7 18.0 2:35p SE 18 75.0 87.2 3:40p 61.3 6:55a 0.3 10.4 0.00 5.8 26.0 4:50p WSW 19 72.5 85.4 4:50p 56.5 6:25a 1.3 8.8 0.00 6.0 27.0 6:25p WSW 20 73.2 86.3 2:05p 55.1 6:15a 1.3 9.6 0.00 6.5 32.0 3:55p WSW 21 70.4 85.7 4:45p 53.4 6:00a 2.3 7.8 0.00 3.8 18.0 12:20p N 22 76.9 91.2 3:40p 59.3 6:45a 0.3 12.2 0.00 4.2 19.0 1:00p SW 23 82.3 96.8 4:05p 67.0 7:00a 0.0 17.3 0.00 3.6 28.0 2:15p SSE 24 80.6 93.2 3:50p 63.7 6:25a 0.0 15.7 0.00 5.4 21.0 12:45a S 25 82.4 94.6 2:15p 68.1 7:05a 0.0 17.4 0.00 5.2 21.0 3:30p WSW 26 79.8 93.8 3:00p 64.1 6:25a 0.0 14.8 0.00 5.3 39.0 1:15p S 27 77.7 92.4 4:10p 60.5 6:10a 0.4 13.1 0.00 4.4 21.0 2:15p WSW 28 77.7 90.8 3:25p 57.6 6:30a 0.5 13.2 0.00 5.4 24.0 4:35p WSW 29 75.8 86.2 4:50p 61.1 6:25a 0.3 11.0 0.00 8.1 28.0 7:00p WSW 30 78.7 89.4 5:40p 61.1 6:00a 0.2 13.9 0.00 5.8 26.0 5:10p WSW 31 81.7 95.3 4:20p 64.7 5:35a 0.0 16.7 0.00 4.5 28.0 3:35p S ------------------------------------------------------------------------------------- 72.1 96.8 23 36.2 3 62.2 281.6 0.03 4.8 39.0 26 WSW Max >= 90.0: 10 Max <= 32.0: 0 Min <= 32.0: 0 Min <= 0.0: 0 Max Rain: 0.03 ON 05/10/13 Days of Rain: 1 (>.01 in) 0 (>.1 in) 0 (>1 in) Heat Base: 65.0 Cool Base: 65.0 Method: Integration