NOAA-style Climate Reports

- as reported from this site (LasCruces-Weather.com) beginning 04-03-07

2023: Jan | Feb | Mar | Apr | May | Jun | Jul | Aug | Sep | Oct | Nov | Dec 
2022: Jan | Feb | Mar | Apr | May | Jun | Jul | Aug | Sep | Oct | Nov | Dec 
2021: Jan | Feb | Mar | Apr | May | Jun | Jul | Aug | Sep | Oct | Nov | Dec 
2020: Jan | Feb | Mar | Apr | May | Jun | Jul | Aug | Sep | Oct | Nov | Dec 
2019: Jan | Feb | Mar | Apr | May | Jun | Jul | Aug | Sep | Oct | Nov | Dec 
2018: Jan | Feb | Mar | Apr | May | Jun | Jul | Aug | Sep | Oct | Nov | Dec 
2017: Jan | Feb | Mar | Apr | May | Jun | Jul | Aug | Sep | Oct | Nov | Dec 
2016: Jan | Feb | Mar | Apr | May | Jun | Jul | Aug | Sep | Oct | Nov | Dec 
2015: Jan | Feb | Mar | Apr | May | Jun | Jul | Aug | Sep | Oct | Nov | Dec 
2014: Jan | Feb | Mar | Apr | May | Jun | Jul | Aug | Sep | Oct | Nov | Dec 
2013: Jan | Feb | Mar | Apr | May | Jun | Jul | Aug | Sep | Oct | Nov | Dec 
2012: Jan | Feb | Mar | Apr | May | Jun | Jul | Aug | Sep | Oct | Nov | Dec 
2011: Jan | Feb | Mar | Apr | May | Jun | Jul | Aug | Sep | Oct | Nov | Dec 
2010: Jan | Feb | Mar | Apr | May | Jun | Jul | Aug | Sep | Oct | Nov | Dec 
2009: Jan | Feb | Mar | Apr | May | Jun | Jul | Aug | Sep | Oct | Nov | Dec 
2008: Jan | Feb | Mar | Apr | May | Jun | Jul | Aug | Sep | Oct | Nov | Dec 
2007: Jan | Feb | Mar | Apr | May | Jun | Jul | Aug | Sep | Oct | Nov | Dec 

Report for 2013 04
MONTHLY CLIMATOLOGICAL SUMMARY for APR. 2013 NAME: C32 CITY: Las Cruces|East Mesa STATE: NM ELEV: 4474 ft LAT: 32 24' 08" N LONG: 106 41' 01" W TEMPERATURE (F), RAIN (in), WIND SPEED (mph) HEAT COOL AVG MEAN DEG DEG WIND DOM DAY TEMP HIGH TIME LOW TIME DAYS DAYS RAIN SPEED HIGH TIME DIR ------------------------------------------------------------------------------------ 1 66.6 81.4 4:25p 51.2 7:00a 3.7 5.4 0.00 4.4 27.0 4:40p S 2 64.4 76.7 3:30p 52.7 7:20a 4.1 3.4 0.00 5.6 24.0 4:30p W 3 56.5 71.2 6:20p 40.9 6:20a 9.4 0.9 0.00 2.8 13.0 3:50p ESE 4 61.4 77.0 3:15p 41.7 6:00a 6.9 3.3 0.00 2.4 20.0 12:45p SE 5 68.0 83.6 3:30p 52.7 6:20a 3.1 6.1 0.00 4.7 22.0 12:30p SSW 6 67.4 80.4 3:45p 52.8 5:30a 2.3 4.7 0.00 5.3 24.0 2:55p WSW 7 67.8 80.7 4:05p 53.4 7:10a 2.6 5.4 0.00 6.1 24.0 3:10p WSW 8 68.1 80.9 2:40p 54.9 5:30a 2.3 5.4 0.00 9.0 38.0 9:35p SW 9 55.6 63.8 12:05a 47.7 6:25a 9.4 0.0 0.00 11.0 30.0 3:05p WSW 10 51.4 63.3 3:00p 39.0 4:35a 13.6 0.0 0.00 6.1 24.0 4:10p WSW 11 55.4 72.5 4:55p 33.8 5:05a 10.9 1.3 0.00 3.2 20.0 1:40p SW 12 61.6 74.4 5:15p 44.5 6:55a 5.6 2.2 0.00 1.9 12.0 1:05p E 13 66.7 80.9 2:30p 49.9 7:15a 3.1 4.8 0.00 4.8 22.0 5:50p WSW 14 67.3 79.1 3:45p 53.9 5:55a 2.4 4.8 0.00 8.6 30.0 12:20p WSW 15 68.0 80.7 3:55p 53.4 7:00a 2.5 5.5 0.00 7.4 28.0 4:10p WSW 16 68.6 84.0 4:25p 51.3 7:10a 2.9 6.6 0.00 6.4 30.0 1:35p SW 17 62.7 76.5 1:10p 44.6 12:00m 5.0 2.7 0.00 10.1 37.0 4:40p S 18 49.0 61.5 4:15p 34.4 6:10a 16.0 0.0 0.00 5.0 19.0 11:45a NE 19 49.5 65.9 5:25p 29.5 6:15a 15.5 0.0 0.00 4.5 17.0 1:15a N 20 62.0 78.7 4:10p 41.8 7:10a 6.9 3.9 0.00 4.7 26.0 6:10p SSE 21 65.0 81.4 4:50p 46.3 4:30a 5.3 5.3 0.00 4.4 41.0 1:40p NE 22 69.4 86.0 2:30p 49.6 7:10a 3.1 7.6 0.00 4.8 23.0 3:40p WSW 23 70.1 83.8 2:55p 56.7 4:35a 1.8 7.0 0.00 7.4 28.0 4:25p WSW 24 60.3 76.1 5:05p 43.2 6:55a 7.1 2.3 0.00 2.9 17.0 12:35a S 25 67.6 83.4 6:00p 53.2 6:10a 3.1 5.7 0.00 5.8 26.0 6:35p S 26 66.5 81.2 3:45p 49.6 4:30a 3.3 4.8 0.00 3.1 18.0 1:15p SW 27 68.4 82.5 3:00p 49.9 6:45a 2.9 6.3 0.00 2.6 16.0 2:20p E 28 69.7 84.7 2:10p 47.7 5:40a 2.8 7.4 0.00 2.8 15.0 3:45p SSW 29 73.5 88.9 4:20p 60.6 4:30a 0.7 9.3 0.00 3.8 18.0 3:40p S 30 75.0 90.4 2:55p 57.0 6:50a 1.1 11.1 0.00 4.8 26.0 4:15p WSW ------------------------------------------------------------------------------------- 64.1 90.4 30 29.5 19 159.4 133.2 0.00 5.2 41.0 21 WSW Max >= 90.0: 1 Max <= 32.0: 0 Min <= 32.0: 1 Min <= 0.0: 0 Max Rain: 0.00 ON 04/01/13 Days of Rain: 0 (>.01 in) 0 (>.1 in) 0 (>1 in) Heat Base: 65.0 Cool Base: 65.0 Method: Integration