NOAA-style Climate Reports

- as reported from this site (LasCruces-Weather.com) beginning 04-03-07

2023: Jan | Feb | Mar | Apr | May | Jun | Jul | Aug | Sep | Oct | Nov | Dec 
2022: Jan | Feb | Mar | Apr | May | Jun | Jul | Aug | Sep | Oct | Nov | Dec 
2021: Jan | Feb | Mar | Apr | May | Jun | Jul | Aug | Sep | Oct | Nov | Dec 
2020: Jan | Feb | Mar | Apr | May | Jun | Jul | Aug | Sep | Oct | Nov | Dec 
2019: Jan | Feb | Mar | Apr | May | Jun | Jul | Aug | Sep | Oct | Nov | Dec 
2018: Jan | Feb | Mar | Apr | May | Jun | Jul | Aug | Sep | Oct | Nov | Dec 
2017: Jan | Feb | Mar | Apr | May | Jun | Jul | Aug | Sep | Oct | Nov | Dec 
2016: Jan | Feb | Mar | Apr | May | Jun | Jul | Aug | Sep | Oct | Nov | Dec 
2015: Jan | Feb | Mar | Apr | May | Jun | Jul | Aug | Sep | Oct | Nov | Dec 
2014: Jan | Feb | Mar | Apr | May | Jun | Jul | Aug | Sep | Oct | Nov | Dec 
2013: Jan | Feb | Mar | Apr | May | Jun | Jul | Aug | Sep | Oct | Nov | Dec 
2012: Jan | Feb | Mar | Apr | May | Jun | Jul | Aug | Sep | Oct | Nov | Dec 
2011: Jan | Feb | Mar | Apr | May | Jun | Jul | Aug | Sep | Oct | Nov | Dec 
2010: Jan | Feb | Mar | Apr | May | Jun | Jul | Aug | Sep | Oct | Nov | Dec 
2009: Jan | Feb | Mar | Apr | May | Jun | Jul | Aug | Sep | Oct | Nov | Dec 
2008: Jan | Feb | Mar | Apr | May | Jun | Jul | Aug | Sep | Oct | Nov | Dec 
2007: Jan | Feb | Mar | Apr | May | Jun | Jul | Aug | Sep | Oct | Nov | Dec 

Report for 2013 03
MONTHLY CLIMATOLOGICAL SUMMARY for MAR. 2013 NAME: C32 CITY: Las Cruces|East Mesa STATE: NM ELEV: 4474 ft LAT: 32 24' 08" N LONG: 106 41' 01" W TEMPERATURE (F), RAIN (in), WIND SPEED (mph) HEAT COOL AVG MEAN DEG DEG WIND DOM DAY TEMP HIGH TIME LOW TIME DAYS DAYS RAIN SPEED HIGH TIME DIR ------------------------------------------------------------------------------------ 1 46.1 64.1 3:45p 26.7 6:40a 18.9 0.0 0.00 3.8 16.0 1:20p N 2 52.3 69.3 2:45p 30.6 6:10a 13.2 0.5 0.00 2.9 11.0 2:55p SSE 3 60.8 77.0 3:35p 42.8 7:05a 6.6 2.5 0.00 6.4 27.0 3:25p WSW 4 61.7 73.7 2:30p 46.4 12:00m 5.2 1.9 0.00 7.2 30.0 2:45p W 5 51.2 65.6 2:45p 36.4 6:15a 13.8 0.0 0.00 3.1 16.0 2:50p NNE 6 57.7 74.5 3:10p 42.6 3:15a 9.1 1.8 0.00 3.5 18.0 1:00p SSW 7 61.4 76.3 1:30p 44.2 5:35a 6.2 2.5 0.00 4.0 21.0 12:55p SW 8 58.5 64.8 9:35a 49.6 12:00m 6.5 0.0 0.00 8.1 32.0 4:30p S 9 44.5 52.4 12:20p 33.9 12:00m 20.5 0.0 0.00 7.3 31.0 11:00a W 10 41.5 54.7 4:25p 26.9 7:45a 22.5 0.0 0.00 2.3 14.0 4:35p SE 11 48.8 65.6 5:00p 30.7 6:55a 16.2 0.0 0.00 3.0 12.0 3:30p SSE 12 54.8 72.0 5:20p 31.5 7:30a 11.4 1.2 0.00 3.4 18.0 1:55p NNE 13 56.6 75.2 4:50p 36.2 6:45a 10.5 2.1 0.00 3.0 16.0 2:20p SSW 14 59.7 79.8 4:15p 38.8 5:40a 9.0 3.7 0.00 2.4 10.0 4:30p SE 15 64.2 83.7 3:50p 43.3 7:15a 6.2 5.4 0.00 3.5 16.0 5:45p SE 16 66.0 81.6 3:10p 42.4 7:15a 4.0 5.0 0.00 5.1 24.0 3:15p W 17 62.4 76.0 2:50p 42.8 7:45a 5.6 3.1 0.00 6.9 32.0 3:05p W 18 61.5 74.8 3:40p 45.1 7:00a 5.8 2.2 0.00 5.6 23.0 6:20p WSW 19 61.4 74.9 4:30p 47.6 3:30a 6.0 2.4 0.00 5.2 20.0 2:35p WSW 20 58.6 70.3 5:20p 41.8 7:30a 7.2 0.8 0.00 3.5 18.0 2:35p S 21 63.4 73.9 4:45p 53.2 7:50a 3.9 2.3 0.00 6.7 26.0 2:10p WSW 22 63.7 74.2 4:05p 54.9 5:15a 3.6 2.3 0.00 6.2 29.0 3:05p W 23 58.0 70.0 2:55p 41.1 12:00m 7.8 0.8 0.00 8.3 37.0 2:35p W 24 45.6 61.0 5:35p 27.6 7:20a 19.4 0.0 0.00 3.5 15.0 3:00p N 25 47.7 61.8 4:10p 33.1 7:30a 17.3 0.0 0.00 3.6 13.0 8:15a N 26 52.3 69.1 4:30p 31.2 6:20a 13.1 0.4 0.00 3.2 21.0 3:45p S 27 60.8 75.2 4:40p 43.9 6:45a 6.4 2.1 0.00 3.1 16.0 4:35p WSW 28 65.6 78.8 4:25p 50.5 7:30a 3.5 4.1 0.00 3.3 19.0 2:30p SE 29 66.1 80.0 3:40p 48.8 5:35a 3.8 4.9 0.00 4.1 23.0 12:45p SE 30 64.9 78.9 3:00p 48.5 5:50a 4.5 4.4 0.00 3.1 22.0 6:00p E 31 65.9 79.1 4:30p 50.3 5:25a 3.3 4.2 0.00 3.0 23.0 1:40p ENE ------------------------------------------------------------------------------------- 57.5 83.7 15 26.7 1 291.0 60.6 0.00 4.5 37.0 23 WSW Max >= 90.0: 0 Max <= 32.0: 0 Min <= 32.0: 7 Min <= 0.0: 0 Max Rain: 0.00 ON 03/01/13 Days of Rain: 0 (>.01 in) 0 (>.1 in) 0 (>1 in) Heat Base: 65.0 Cool Base: 65.0 Method: Integration